CRAN Package Check Results for Package tmaptools

Last updated on 2018-06-19 02:47:44 CEST.

Flavor Version Tinstall Tcheck Ttotal Status Flags
r-devel-linux-x86_64-debian-clang 1.2-4 11.57 142.35 153.92 OK
r-devel-linux-x86_64-debian-gcc 1.2-4 10.45 129.69 140.14 OK
r-devel-linux-x86_64-fedora-clang 1.2-4 205.64 OK
r-devel-linux-x86_64-fedora-gcc 1.2-4 197.42 OK
r-devel-windows-ix86+x86_64 1.2-4 33.00 145.00 178.00 ERROR
r-patched-linux-x86_64 1.2-4 11.31 134.38 145.69 OK
r-patched-solaris-x86 1.2-4 294.00 OK
r-release-linux-x86_64 1.2-4 10.28 132.42 142.70 OK
r-release-windows-ix86+x86_64 1.2-4 20.00 187.00 207.00 ERROR
r-release-osx-x86_64 1.2-4 OK
r-oldrel-windows-ix86+x86_64 1.2-4 15.00 197.00 212.00 ERROR
r-oldrel-osx-x86_64 1.2-4 OK

Check Details

Version: 1.2-4
Check: examples
Result: ERROR
    Running examples in 'tmaptools-Ex.R' failed
    The error most likely occurred in:
    
    > ### Name: bb
    > ### Title: Bounding box generator
    > ### Aliases: bb
    >
    > ### ** Examples
    >
    > if (require(tmap)) {
    +
    + ## load shapes
    + data(NLD_muni)
    + data(World)
    +
    + ## get bounding box (similar to sp's function bbox)
    + bb(NLD_muni)
    +
    + ## extent it by factor 1.10
    + bb(NLD_muni, ext=1.10)
    +
    + ## convert to longlat
    + bb(NLD_muni, projection="longlat")
    +
    + ## change existing bounding box
    + bb(NLD_muni, ext=1.5)
    + bb(NLD_muni, width=2, relative = TRUE)
    + bb(NLD_muni, xlim=c(.25, .75), ylim=c(.25, .75), relative = TRUE)
    +
    + bb("Limburg", projection = "rd")
    + bb_italy <- bb("Italy", projection = "eck4")
    +
    + tm_shape(World, bbox=bb_italy) + tm_polygons()
    + # shorter alternative: tm_shape(World, bbox="Italy") + tm_polygons()
    + }
    Loading required package: tmap
    Error in download.file(addr[k], destfile = tmpfile, mode = "wb", quiet = TRUE) :
     cannot open URL 'http://nominatim.openstreetmap.org/search?q=Limburg&format=xml&polygon=0&addressdetails=0'
    Calls: bb -> get_bb -> geocode_OSM -> lapply -> FUN
    Execution halted
Flavors: r-devel-windows-ix86+x86_64, r-release-windows-ix86+x86_64, r-oldrel-windows-ix86+x86_64