CRAN Package Check Results for Package subspaceMOA

Last updated on 2018-10-21 02:46:56 CEST.

Flavor Version Tinstall Tcheck Ttotal Status Flags
r-devel-linux-x86_64-debian-clang 0.6.0 8.89 119.67 128.56 OK
r-devel-linux-x86_64-debian-gcc 0.6.0 7.67 94.80 102.47 OK
r-devel-linux-x86_64-fedora-clang 0.6.0 152.74 NOTE
r-devel-linux-x86_64-fedora-gcc 0.6.0 148.79 NOTE
r-devel-windows-ix86+x86_64 0.6.0 29.00 182.00 211.00 OK
r-patched-linux-x86_64 0.6.0 5.58 97.02 102.60 OK
r-patched-solaris-x86 0.6.0 186.60 ERROR
r-release-linux-x86_64 0.6.0 7.82 97.84 105.66 OK
r-release-windows-ix86+x86_64 0.6.0 25.00 158.00 183.00 OK
r-release-osx-x86_64 0.6.0 NOTE
r-oldrel-windows-ix86+x86_64 0.6.0 18.00 155.00 173.00 OK
r-oldrel-osx-x86_64 0.6.0 NOTE

Check Details

Version: 0.6.0
Check: dependencies in R code
Result: NOTE
    Namespace in Imports field not imported from: ‘fields’
     All declared Imports should be used.
Flavors: r-devel-linux-x86_64-fedora-clang, r-devel-linux-x86_64-fedora-gcc, r-patched-solaris-x86, r-release-osx-x86_64, r-oldrel-osx-x86_64

Version: 0.6.0
Check: examples
Result: ERROR
    Running examples in ‘subspaceMOA-Ex.R’ failed
    The error most likely occurred in:
    
    > ### Name: DSC_HDDStream
    > ### Title: Density-based Projected Clustering over High-Dimensional Data
    > ### Aliases: DSC_HDDStream
    >
    > ### ** Examples
    >
    > dsc <- DSC_HDDStream()
    Error in rJava::.jcall("moa/r_interface/OneStageClusterer", returnSig = "Lmoa/r_interface/RCompatibleDataStreamClusterer;", :
     RcallMethod: cannot determine object class
    Calls: DSC_HDDStream -> <Anonymous>
    Execution halted
Flavor: r-patched-solaris-x86