CRAN Package Check Results for Package subspaceMOA

Last updated on 2018-05-22 02:47:02 CEST.

Flavor Version Tinstall Tcheck Ttotal Status Flags
r-devel-linux-x86_64-debian-clang 0.6.0 8.99 94.80 103.79 OK
r-devel-linux-x86_64-debian-gcc 0.6.0 7.50 84.42 91.92 OK
r-devel-linux-x86_64-fedora-clang 0.6.0 137.09 NOTE
r-devel-linux-x86_64-fedora-gcc 0.6.0 131.63 NOTE
r-devel-windows-ix86+x86_64 0.6.0 15.00 172.00 187.00 OK
r-patched-linux-x86_64 0.6.0 7.65 91.13 98.78 OK
r-patched-solaris-x86 0.6.0 166.00 ERROR
r-release-linux-x86_64 0.6.0 8.17 88.79 96.96 OK
r-release-windows-ix86+x86_64 0.6.0 25.00 156.00 181.00 OK
r-release-osx-x86_64 0.6.0 NOTE
r-oldrel-windows-ix86+x86_64 0.6.0 28.00 111.00 139.00 OK
r-oldrel-osx-x86_64 0.6.0 NOTE

Check Details

Version: 0.6.0
Check: dependencies in R code
Result: NOTE
    Namespace in Imports field not imported from: ‘fields’
     All declared Imports should be used.
Flavors: r-devel-linux-x86_64-fedora-clang, r-devel-linux-x86_64-fedora-gcc, r-patched-solaris-x86, r-release-osx-x86_64, r-oldrel-osx-x86_64

Version: 0.6.0
Check: examples
Result: ERROR
    Running examples in ‘subspaceMOA-Ex.R’ failed
    The error most likely occurred in:
    
    > ### Name: DSC_HDDStream
    > ### Title: Density-based Projected Clustering over High-Dimensional Data
    > ### Aliases: DSC_HDDStream
    >
    > ### ** Examples
    >
    > dsc <- DSC_HDDStream()
    Error in rJava::.jcall("moa/r_interface/OneStageClusterer", returnSig = "Lmoa/r_interface/RCompatibleDataStreamClusterer;", :
     RcallMethod: cannot determine object class
    Calls: DSC_HDDStream -> <Anonymous>
    Execution halted
Flavor: r-patched-solaris-x86