CRAN Package Check Results for Package subspaceMOA

Last updated on 2018-02-19 02:47:50 CET.

Flavor Version Tinstall Tcheck Ttotal Status Flags
r-devel-linux-x86_64-debian-clang 0.6.0 6.20 76.58 82.78 OK
r-devel-linux-x86_64-debian-gcc 0.6.0 5.75 69.77 75.52 OK
r-devel-linux-x86_64-fedora-clang 0.6.0 112.22 NOTE
r-devel-linux-x86_64-fedora-gcc 0.6.0 109.32 NOTE
r-devel-windows-ix86+x86_64 0.6.0 16.00 99.00 115.00 OK
r-patched-linux-x86_64 0.6.0 8.10 96.00 104.10 OK
r-patched-solaris-x86 0.6.0 146.50 ERROR
r-release-linux-x86_64 0.6.0 6.10 96.73 102.83 OK
r-release-windows-ix86+x86_64 0.6.0 23.00 109.00 132.00 OK
r-release-osx-x86_64 0.6.0 NOTE
r-oldrel-windows-ix86+x86_64 0.6.0 14.00 131.00 145.00 OK
r-oldrel-osx-x86_64 0.6.0 ERROR

Check Details

Version: 0.6.0
Check: dependencies in R code
Result: NOTE
    Namespace in Imports field not imported from: ‘fields’
     All declared Imports should be used.
Flavors: r-devel-linux-x86_64-fedora-clang, r-devel-linux-x86_64-fedora-gcc, r-patched-solaris-x86, r-release-osx-x86_64, r-oldrel-osx-x86_64

Version: 0.6.0
Check: examples
Result: ERROR
    Running examples in ‘subspaceMOA-Ex.R’ failed
    The error most likely occurred in:
    
    > ### Name: DSC_HDDStream
    > ### Title: Density-based Projected Clustering over High-Dimensional Data
    > ### Aliases: DSC_HDDStream
    >
    > ### ** Examples
    >
    > dsc <- DSC_HDDStream()
    Error in rJava::.jcall("moa/r_interface/OneStageClusterer", returnSig = "Lmoa/r_interface/RCompatibleDataStreamClusterer;", :
     RcallMethod: cannot determine object class
    Calls: DSC_HDDStream -> <Anonymous>
    Execution halted
Flavor: r-patched-solaris-x86

Version: 0.6.0
Check: examples
Result: ERROR
    Running examples in ‘subspaceMOA-Ex.R’ failed
    The error most likely occurred in:
    
    > ### Name: DSC_HDDStream
    > ### Title: Density-based Projected Clustering over High-Dimensional Data
    > ### Aliases: DSC_HDDStream
    >
    > ### ** Examples
    >
    > dsc <- DSC_HDDStream()
    Error in rJava::.jcall("moa/r_interface/OneStageClusterer", returnSig = "Lmoa/r_interface/RCompatibleDataStreamClusterer;", :
     RcallMethod: cannot determine object class
    Calls: DSC_HDDStream -> <Anonymous> -> .External
    Execution halted
Flavor: r-oldrel-osx-x86_64