CRAN Package Check Results for Package subspaceMOA

Last updated on 2018-08-14 02:49:39 CEST.

Flavor Version Tinstall Tcheck Ttotal Status Flags
r-devel-linux-x86_64-debian-clang 0.6.0 8.34 122.62 130.96 OK
r-devel-linux-x86_64-debian-gcc 0.6.0 7.84 95.85 103.69 OK
r-devel-linux-x86_64-fedora-clang 0.6.0 150.65 NOTE
r-devel-linux-x86_64-fedora-gcc 0.6.0 147.75 NOTE
r-devel-windows-ix86+x86_64 0.6.0 26.00 167.00 193.00 OK
r-patched-linux-x86_64 0.6.0 8.90 100.15 109.05 OK
r-patched-solaris-x86 0.6.0 192.10 ERROR
r-release-linux-x86_64 0.6.0 8.81 100.77 109.58 OK
r-release-windows-ix86+x86_64 0.6.0 15.00 153.00 168.00 OK
r-release-osx-x86_64 0.6.0 NOTE
r-oldrel-windows-ix86+x86_64 0.6.0 29.00 114.00 143.00 OK
r-oldrel-osx-x86_64 0.6.0 NOTE

Check Details

Version: 0.6.0
Check: dependencies in R code
Result: NOTE
    Namespace in Imports field not imported from: ‘fields’
     All declared Imports should be used.
Flavors: r-devel-linux-x86_64-fedora-clang, r-devel-linux-x86_64-fedora-gcc, r-patched-solaris-x86, r-release-osx-x86_64, r-oldrel-osx-x86_64

Version: 0.6.0
Check: examples
Result: ERROR
    Running examples in ‘subspaceMOA-Ex.R’ failed
    The error most likely occurred in:
    
    > ### Name: DSC_HDDStream
    > ### Title: Density-based Projected Clustering over High-Dimensional Data
    > ### Aliases: DSC_HDDStream
    >
    > ### ** Examples
    >
    > dsc <- DSC_HDDStream()
    Error in rJava::.jcall("moa/r_interface/OneStageClusterer", returnSig = "Lmoa/r_interface/RCompatibleDataStreamClusterer;", :
     RcallMethod: cannot determine object class
    Calls: DSC_HDDStream -> <Anonymous>
    Execution halted
Flavor: r-patched-solaris-x86