CRAN Package Check Results for Package rptR

Last updated on 2018-05-22 02:46:55 CEST.

Flavor Version Tinstall Tcheck Ttotal Status Flags
r-devel-linux-x86_64-debian-clang 0.9.21 3.41 158.57 161.98 OK
r-devel-linux-x86_64-debian-gcc 0.9.21 1.66 128.96 130.62 OK
r-devel-linux-x86_64-fedora-clang 0.9.21 212.31 NOTE
r-devel-linux-x86_64-fedora-gcc 0.9.21 209.41 NOTE
r-devel-windows-ix86+x86_64 0.9.21 5.00 229.00 234.00 OK
r-patched-linux-x86_64 0.9.21 3.27 164.15 167.42 OK
r-patched-solaris-x86 0.9.21 266.90 NOTE
r-release-linux-x86_64 0.9.21 2.75 164.71 167.46 OK
r-release-windows-ix86+x86_64 0.9.21 9.00 219.00 228.00 OK
r-release-osx-x86_64 0.9.21 NOTE
r-oldrel-windows-ix86+x86_64 0.9.21 6.00 190.00 196.00 OK
r-oldrel-osx-x86_64 0.9.21 NOTE

Check Details

Version: 0.9.21
Check: dependencies in R code
Result: NOTE
    Namespace in Imports field not imported from: ‘methods’
     All declared Imports should be used.
Flavors: r-devel-linux-x86_64-fedora-clang, r-devel-linux-x86_64-fedora-gcc, r-patched-solaris-x86, r-release-osx-x86_64, r-oldrel-osx-x86_64