CRAN Package Check Results for Package rptR

Last updated on 2018-02-19 02:47:46 CET.

Flavor Version Tinstall Tcheck Ttotal Status Flags
r-devel-linux-x86_64-debian-clang 0.9.21 3.31 143.93 147.24 OK
r-devel-linux-x86_64-debian-gcc 0.9.21 1.94 125.12 127.06 OK
r-devel-linux-x86_64-fedora-clang 0.9.21 205.90 NOTE
r-devel-linux-x86_64-fedora-gcc 0.9.21 200.96 NOTE
r-devel-windows-ix86+x86_64 0.9.21 6.00 175.00 181.00 OK
r-patched-linux-x86_64 0.9.21 1.35 173.94 175.29 OK
r-patched-solaris-x86 0.9.21 256.80 NOTE
r-release-linux-x86_64 0.9.21 1.27 178.48 179.75 OK
r-release-windows-ix86+x86_64 0.9.21 4.00 186.00 190.00 OK
r-release-osx-x86_64 0.9.21 NOTE
r-oldrel-windows-ix86+x86_64 0.9.21 3.00 216.00 219.00 OK
r-oldrel-osx-x86_64 0.9.21 NOTE

Check Details

Version: 0.9.21
Check: dependencies in R code
Result: NOTE
    Namespace in Imports field not imported from: ‘methods’
     All declared Imports should be used.
Flavors: r-devel-linux-x86_64-fedora-clang, r-devel-linux-x86_64-fedora-gcc, r-patched-solaris-x86, r-release-osx-x86_64, r-oldrel-osx-x86_64