CRAN Package Check Results for Package rptR

Last updated on 2018-10-21 02:46:44 CEST.

Flavor Version Tinstall Tcheck Ttotal Status Flags
r-devel-linux-x86_64-debian-clang 0.9.21 3.46 173.15 176.61 OK
r-devel-linux-x86_64-debian-gcc 0.9.21 2.86 132.08 134.94 OK
r-devel-linux-x86_64-fedora-clang 0.9.21 214.91 NOTE
r-devel-linux-x86_64-fedora-gcc 0.9.21 208.39 NOTE
r-devel-windows-ix86+x86_64 0.9.21 7.00 233.00 240.00 OK
r-patched-linux-x86_64 0.9.21 3.13 161.26 164.39 OK
r-patched-solaris-x86 0.9.21 263.80 NOTE
r-release-linux-x86_64 0.9.21 3.38 160.54 163.92 OK
r-release-windows-ix86+x86_64 0.9.21 7.00 225.00 232.00 OK
r-release-osx-x86_64 0.9.21 NOTE
r-oldrel-windows-ix86+x86_64 0.9.21 3.00 235.00 238.00 OK
r-oldrel-osx-x86_64 0.9.21 NOTE

Check Details

Version: 0.9.21
Check: dependencies in R code
Result: NOTE
    Namespace in Imports field not imported from: ‘methods’
     All declared Imports should be used.
Flavors: r-devel-linux-x86_64-fedora-clang, r-devel-linux-x86_64-fedora-gcc, r-patched-solaris-x86, r-release-osx-x86_64, r-oldrel-osx-x86_64