CRAN Package Check Results for Package rptR

Last updated on 2018-08-14 02:49:36 CEST.

Flavor Version Tinstall Tcheck Ttotal Status Flags
r-devel-linux-x86_64-debian-clang 0.9.21 2.73 169.65 172.38 OK
r-devel-linux-x86_64-debian-gcc 0.9.21 2.79 130.88 133.67 OK
r-devel-linux-x86_64-fedora-clang 0.9.21 209.13 NOTE
r-devel-linux-x86_64-fedora-gcc 0.9.21 206.56 NOTE
r-devel-windows-ix86+x86_64 0.9.21 6.00 230.00 236.00 OK
r-patched-linux-x86_64 0.9.21 3.62 161.58 165.20 OK
r-patched-solaris-x86 0.9.21 267.90 NOTE
r-release-linux-x86_64 0.9.21 3.26 165.79 169.05 OK
r-release-windows-ix86+x86_64 0.9.21 6.00 220.00 226.00 OK
r-release-osx-x86_64 0.9.21 NOTE
r-oldrel-windows-ix86+x86_64 0.9.21 4.00 201.00 205.00 OK
r-oldrel-osx-x86_64 0.9.21 NOTE

Check Details

Version: 0.9.21
Check: dependencies in R code
Result: NOTE
    Namespace in Imports field not imported from: ‘methods’
     All declared Imports should be used.
Flavors: r-devel-linux-x86_64-fedora-clang, r-devel-linux-x86_64-fedora-gcc, r-patched-solaris-x86, r-release-osx-x86_64, r-oldrel-osx-x86_64