CRAN Package Check Results for Package pmc

Last updated on 2018-06-19 02:47:30 CEST.

Flavor Version Tinstall Tcheck Ttotal Status Flags
r-devel-linux-x86_64-debian-clang 1.0.3 3.39 138.25 141.64 OK --no-vignettes
r-devel-linux-x86_64-debian-gcc 1.0.3 2.40 123.47 125.87 OK --no-vignettes
r-devel-linux-x86_64-fedora-clang 1.0.3 1215.61 OK
r-devel-linux-x86_64-fedora-gcc 1.0.3 1144.84 OK
r-devel-windows-ix86+x86_64 1.0.3 11.00 165.00 176.00 OK --no-vignettes
r-patched-linux-x86_64 1.0.3 2.28 161.69 163.97 OK --no-vignettes
r-patched-solaris-x86 1.0.3 1387.10 OK
r-release-linux-x86_64 1.0.3 2.35 147.77 150.12 OK --no-vignettes
r-release-windows-ix86+x86_64 1.0.3 6.00 257.00 263.00 OK --no-vignettes
r-release-osx-x86_64 1.0.3 OK
r-oldrel-windows-ix86+x86_64 1.0.3 7.00 228.00 235.00 OK --no-vignettes
r-oldrel-osx-x86_64 1.0.3 FAIL

Check Details

Version: 1.0.3
Check: re-building of vignette outputs
Result: WARN
    Error in re-building vignettes:
     ...
    Warning in fitContinuous(phy = att$cache$phy, model = att$model, ..., ncores = 1) :
     Parameter estimates appear at bounds:
     lambda
    Warning in fitContinuous(phy = att$cache$phy, model = att$model, ..., ncores = 1) :
     Parameter estimates appear at bounds:
     lambda
    Warning in fitContinuous(phy = att$cache$phy, model = att$model, ..., ncores = 1) :
     Parameter estimates appear at bounds:
     lambda
    Warning in fitContinuous(phy = att$cache$phy, model = att$model, ..., ncores = 1) :
     Parameter estimates appear at bounds:
     lambda
    Warning in fitContinuous(phy = att$cache$phy, model = att$model, ..., ncores = 1) :
     Parameter estimates appear at bounds:
     lambda
    Warning in fitContinuous(phy = att$cache$phy, model = att$model, ..., ncores = 1) :
     Parameter estimates appear at bounds:
     lambda
    Warning in fitContinuous(phy = att$cache$phy, model = att$model, ..., ncores = 1) :
     Parameter estimates appear at bounds:
     lambda
    `stat_bin()` using `bins = 30`. Pick better value with `binwidth`.
    `stat_bin()` using `bins = 30`. Pick better value with `binwidth`.
    
    Execution halted
Flavor: r-oldrel-osx-x86_64

Version: 1.0.3
Check: PDF version of manual
Result: FAIL
    
Flavor: r-oldrel-osx-x86_64