CRAN Package Check Results for Package pmc

Last updated on 2018-01-18 02:52:10 CET.

Flavor Version Tinstall Tcheck Ttotal Status Flags
r-devel-linux-x86_64-debian-clang 1.0.2 2.38 135.86 138.24 OK --no-vignettes
r-devel-linux-x86_64-debian-gcc 1.0.2 2.04 122.45 124.49 OK --no-vignettes
r-devel-linux-x86_64-fedora-clang 1.0.2 1136.36 OK
r-devel-linux-x86_64-fedora-gcc 1.0.2 1113.42 OK
r-devel-windows-ix86+x86_64 1.0.2 8.00 207.00 215.00 OK --no-vignettes
r-patched-linux-x86_64 1.0.2 2.92 148.78 151.70 OK --no-vignettes
r-patched-solaris-x86 1.0.2 1421.00 OK
r-release-linux-x86_64 1.0.2 2.93 161.02 163.95 OK --no-vignettes
r-release-windows-ix86+x86_64 1.0.2 6.00 212.00 218.00 OK --no-vignettes
r-release-osx-x86_64 1.0.2 FAIL
r-oldrel-windows-ix86+x86_64 1.0.2 9.00 201.00 210.00 OK --no-vignettes
r-oldrel-osx-x86_64 1.0.2 OK

Check Details

Version: 1.0.2
Check: re-building of vignette outputs
Result: WARN
    Error in re-building vignettes:
     ...
    
    
    Attaching package: 'gridExtra'
    
    The following object is masked from 'package:dplyr':
    
     combine
    
    Warning in fitContinuous(phy = att$cache$phy, model = att$model, ..., ncores = 1) :
     Parameter estimates appear at bounds:
     lambda
    Warning in fitContinuous(phy = att$cache$phy, model = att$model, ..., ncores = 1) :
     Parameter estimates appear at bounds:
     lambda
    Warning in fitContinuous(phy = att$cache$phy, model = att$model, ..., ncores = 1) :
     Parameter estimates appear at bounds:
     lambda
    Warning in fitContinuous(phy = att$cache$phy, model = att$model, ..., ncores = 1) :
     Parameter estimates appear at bounds:
     lambda
    Warning in fitContinuous(phy = att$cache$phy, model = att$model, ..., ncores = 1) :
     Parameter estimates appear at bounds:
     lambda
    
    Execution halted
Flavor: r-release-osx-x86_64

Version: 1.0.2
Check: PDF version of manual
Result: FAIL
    
Flavor: r-release-osx-x86_64