CRAN Package Check Results for Package patPRO

Last updated on 2018-04-24 02:47:55 CEST.

Flavor Version Tinstall Tcheck Ttotal Status Flags
r-devel-linux-x86_64-debian-clang 1.1.0 2.09 29.48 31.57 NOTE
r-devel-linux-x86_64-debian-gcc 1.1.0 1.83 26.35 28.18 NOTE
r-devel-linux-x86_64-fedora-clang 1.1.0 43.43 NOTE
r-devel-linux-x86_64-fedora-gcc 1.1.0 41.28 NOTE
r-devel-windows-ix86+x86_64 1.1.0 7.00 47.00 54.00 NOTE
r-devel-osx-x86_64 1.1.0 NOTE
r-patched-linux-x86_64 1.1.0 2.14 32.32 34.46 NOTE
r-patched-solaris-x86 1.1.0 64.70 NOTE
r-release-linux-x86_64 1.1.0 2.77 32.72 35.49 NOTE
r-release-windows-ix86+x86_64 1.1.0 4.00 67.00 71.00 NOTE
r-release-osx-x86_64 1.1.0 NOTE
r-oldrel-windows-ix86+x86_64 1.1.0 4.00 61.00 65.00 NOTE

Check Details

Version: 1.1.0
Check: DESCRIPTION meta-information
Result: NOTE
    Checking should be performed on sources prepared by ‘R CMD build’.
Flavors: r-devel-linux-x86_64-debian-clang, r-devel-linux-x86_64-debian-gcc, r-devel-linux-x86_64-fedora-clang, r-devel-linux-x86_64-fedora-gcc, r-devel-windows-ix86+x86_64, r-devel-osx-x86_64, r-patched-linux-x86_64, r-patched-solaris-x86, r-release-linux-x86_64, r-release-windows-ix86+x86_64, r-release-osx-x86_64, r-oldrel-windows-ix86+x86_64