CRAN Package Check Results for Package patPRO

Last updated on 2017-11-23 02:47:39 CET.

Flavor Version Tinstall Tcheck Ttotal Status Flags
r-devel-linux-x86_64-debian-clang 1.1.0 1.43 37.91 39.35 NOTE
r-devel-linux-x86_64-debian-gcc 1.1.0 1.55 53.16 54.71 NOTE
r-devel-linux-x86_64-fedora-clang 1.1.0 44.18 NOTE
r-devel-linux-x86_64-fedora-gcc 1.1.0 83.25 NOTE
r-devel-windows-ix86+x86_64 1.1.0 4.00 52.00 56.00 NOTE
r-patched-linux-x86_64 1.1.0 1.43 24.72 26.16 NOTE
r-patched-solaris-x86 1.1.0 62.80 NOTE
r-release-linux-x86_64 1.1.0 1.28 25.46 26.75 NOTE
r-release-windows-ix86+x86_64 1.1.0 5.00 51.00 56.00 NOTE
r-release-osx-x86_64 1.1.0 NOTE
r-oldrel-windows-ix86+x86_64 1.1.0 5.00 44.00 49.00 NOTE
r-oldrel-osx-x86_64 1.1.0 NOTE

Check Details

Version: 1.1.0
Check: DESCRIPTION meta-information
Result: NOTE
    Checking should be performed on sources prepared by ‘R CMD build’.
Flavors: r-devel-linux-x86_64-debian-clang, r-devel-linux-x86_64-debian-gcc, r-devel-linux-x86_64-fedora-clang, r-devel-linux-x86_64-fedora-gcc, r-devel-windows-ix86+x86_64, r-patched-linux-x86_64, r-patched-solaris-x86, r-release-linux-x86_64, r-release-windows-ix86+x86_64, r-release-osx-x86_64, r-oldrel-windows-ix86+x86_64, r-oldrel-osx-x86_64