CRAN Package Check Results for Package patPRO

Last updated on 2017-09-20 02:47:08.

Flavor Version Tinstall Tcheck Ttotal Status Flags
r-devel-linux-x86_64-debian-clang 1.1.0 1.24 25.20 26.45 NOTE
r-devel-linux-x86_64-debian-gcc 1.1.0 1.31 23.98 25.29 NOTE
r-devel-linux-x86_64-fedora-clang 1.1.0 48.09 NOTE
r-devel-linux-x86_64-fedora-gcc 1.1.0 46.72 NOTE
r-devel-windows-ix86+x86_64 1.1.0 5.00 75.00 80.00 NOTE
r-patched-linux-x86_64 1.1.0 1.32 23.71 25.04 NOTE
r-patched-solaris-x86 1.1.0 63.90 NOTE
r-release-linux-x86_64 1.1.0 1.45 24.78 26.23 NOTE
r-release-windows-ix86+x86_64 1.1.0 4.00 52.00 56.00 NOTE
r-release-osx-x86_64 1.1.0 NOTE
r-oldrel-windows-ix86+x86_64 1.1.0 3.00 44.00 47.00 NOTE
r-oldrel-osx-x86_64 1.1.0 NOTE

Check Details

Version: 1.1.0
Check: DESCRIPTION meta-information
Result: NOTE
    Checking should be performed on sources prepared by ‘R CMD build’.
Flavors: r-devel-linux-x86_64-debian-clang, r-devel-linux-x86_64-debian-gcc, r-devel-linux-x86_64-fedora-clang, r-devel-linux-x86_64-fedora-gcc, r-devel-windows-ix86+x86_64, r-patched-linux-x86_64, r-patched-solaris-x86, r-release-linux-x86_64, r-release-windows-ix86+x86_64, r-release-osx-x86_64, r-oldrel-windows-ix86+x86_64, r-oldrel-osx-x86_64