CRAN Package Check Results for Package patPRO

Last updated on 2017-07-21 02:48:02.

Flavor Version Tinstall Tcheck Ttotal Status Flags
r-devel-linux-x86_64-debian-clang 1.1.0 1.18 31.46 32.64 NOTE
r-devel-linux-x86_64-debian-gcc 1.1.0 1.44 30.46 31.90 NOTE
r-devel-linux-x86_64-fedora-clang 1.1.0 45.75 NOTE
r-devel-linux-x86_64-fedora-gcc 1.1.0 46.50 NOTE
r-devel-windows-ix86+x86_64 1.1.0 8.00 69.00 77.00 NOTE
r-patched-linux-x86_64 1.1.0 1.38 31.42 32.80 NOTE
r-patched-solaris-x86 1.1.0 62.70 NOTE
r-release-linux-x86_64 1.1.0 1.34 31.73 33.07 NOTE
r-release-windows-ix86+x86_64 1.1.0 5.00 62.00 67.00 NOTE
r-release-osx-x86_64 1.1.0 NOTE
r-oldrel-windows-ix86+x86_64 1.1.0 4.00 44.00 48.00 NOTE
r-oldrel-osx-x86_64 1.1.0 NOTE

Check Details

Version: 1.1.0
Check: DESCRIPTION meta-information
Result: NOTE
    Checking should be performed on sources prepared by ‘R CMD build’.
Flavors: r-devel-linux-x86_64-debian-clang, r-devel-linux-x86_64-debian-gcc, r-devel-linux-x86_64-fedora-clang, r-devel-linux-x86_64-fedora-gcc, r-devel-windows-ix86+x86_64, r-patched-linux-x86_64, r-patched-solaris-x86, r-release-linux-x86_64, r-release-windows-ix86+x86_64, r-release-osx-x86_64, r-oldrel-windows-ix86+x86_64, r-oldrel-osx-x86_64