CRAN Package Check Results for Package ontologySimilarity

Last updated on 2018-06-22 02:49:30 CEST.

Flavor Version Tinstall Tcheck Ttotal Status Flags
r-devel-linux-x86_64-debian-clang 2.2 39.31 131.65 170.96 NOTE
r-devel-linux-x86_64-debian-gcc 2.2 35.26 121.84 157.10 NOTE
r-devel-linux-x86_64-fedora-clang 2.2 234.61 NOTE
r-devel-linux-x86_64-fedora-gcc 2.2 219.11 NOTE
r-devel-windows-ix86+x86_64 2.2 106.00 159.00 265.00 OK
r-patched-linux-x86_64 2.2 41.91 135.19 177.10 NOTE
r-patched-solaris-x86 2.2 229.90 OK
r-release-linux-x86_64 2.2 44.54 132.09 176.63 NOTE
r-release-windows-ix86+x86_64 2.2 74.00 165.00 239.00 OK
r-release-osx-x86_64 2.2 OK
r-oldrel-windows-ix86+x86_64 2.2 108.00 169.00 277.00 OK
r-oldrel-osx-x86_64 2.2 OK

Check Details

Version: 2.2
Check: compiled code
Result: NOTE
    File ‘ontologySimilarity/libs/ontologySimilarity.so’:
     Found no calls to: ‘R_registerRoutines’, ‘R_useDynamicSymbols’
    
    It is good practice to register native routines and to disable symbol
    search.
    
    See ‘Writing portable packages’ in the ‘Writing R Extensions’ manual.
Flavors: r-devel-linux-x86_64-debian-clang, r-devel-linux-x86_64-debian-gcc, r-devel-linux-x86_64-fedora-clang, r-devel-linux-x86_64-fedora-gcc, r-patched-linux-x86_64, r-release-linux-x86_64