CRAN Package Check Results for Package ontologySimilarity

Last updated on 2018-09-20 02:46:35 CEST.

Flavor Version Tinstall Tcheck Ttotal Status Flags
r-devel-linux-x86_64-debian-clang 2.2 44.72 141.83 186.55 NOTE
r-devel-linux-x86_64-debian-gcc 2.2 37.29 117.34 154.63 NOTE
r-devel-linux-x86_64-fedora-clang 2.2 244.34 NOTE
r-devel-linux-x86_64-fedora-gcc 2.2 224.04 NOTE
r-devel-windows-ix86+x86_64 2.2 85.00 202.00 287.00 OK
r-patched-linux-x86_64 2.2 47.34 128.86 176.20 NOTE
r-patched-solaris-x86 2.2 225.60 OK
r-release-linux-x86_64 2.2 48.28 130.10 178.38 NOTE
r-release-windows-ix86+x86_64 2.2 106.00 182.00 288.00 OK
r-release-osx-x86_64 2.2 OK
r-oldrel-windows-ix86+x86_64 2.2 74.00 202.00 276.00 OK
r-oldrel-osx-x86_64 2.2 OK

Check Details

Version: 2.2
Check: compiled code
Result: NOTE
    File ‘ontologySimilarity/libs/ontologySimilarity.so’:
     Found no calls to: ‘R_registerRoutines’, ‘R_useDynamicSymbols’
    
    It is good practice to register native routines and to disable symbol
    search.
    
    See ‘Writing portable packages’ in the ‘Writing R Extensions’ manual.
Flavors: r-devel-linux-x86_64-debian-clang, r-devel-linux-x86_64-debian-gcc, r-devel-linux-x86_64-fedora-clang, r-devel-linux-x86_64-fedora-gcc, r-patched-linux-x86_64, r-release-linux-x86_64