CRAN Package Check Results for Package modelwordcloud

Last updated on 2018-08-16 02:47:39 CEST.

Flavor Version Tinstall Tcheck Ttotal Status Flags
r-devel-linux-x86_64-debian-clang 0.1 1.07 19.78 20.85 OK
r-devel-linux-x86_64-debian-gcc 0.1 0.87 16.02 16.89 OK
r-devel-linux-x86_64-fedora-clang 0.1 24.46 NOTE
r-devel-linux-x86_64-fedora-gcc 0.1 24.23 NOTE
r-devel-windows-ix86+x86_64 0.1 3.00 28.00 31.00 OK
r-patched-linux-x86_64 0.1 0.94 18.10 19.04 OK
r-patched-solaris-x86 0.1 42.80 NOTE
r-release-linux-x86_64 0.1 0.89 18.16 19.05 OK
r-release-windows-ix86+x86_64 0.1 3.00 42.00 45.00 OK
r-release-osx-x86_64 0.1 NOTE
r-oldrel-windows-ix86+x86_64 0.1 4.00 28.00 32.00 OK
r-oldrel-osx-x86_64 0.1 NOTE

Check Details

Version: 0.1
Check: dependencies in R code
Result: NOTE
    Namespace in Imports field not imported from: ‘methods’
     All declared Imports should be used.
Flavors: r-devel-linux-x86_64-fedora-clang, r-devel-linux-x86_64-fedora-gcc, r-patched-solaris-x86, r-release-osx-x86_64, r-oldrel-osx-x86_64