CRAN Package Check Results for Package modelwordcloud

Last updated on 2018-02-23 02:48:16 CET.

Flavor Version Tinstall Tcheck Ttotal Status Flags
r-devel-linux-x86_64-debian-clang 0.1 0.99 16.13 17.12 OK
r-devel-linux-x86_64-debian-gcc 0.1 0.77 14.19 14.96 OK
r-devel-linux-x86_64-fedora-clang 0.1 22.77 NOTE
r-devel-linux-x86_64-fedora-gcc 0.1 22.43 NOTE
r-devel-windows-ix86+x86_64 0.1 3.00 29.00 32.00 OK
r-patched-linux-x86_64 0.1 0.71 18.49 19.20 OK
r-patched-solaris-x86 0.1 36.30 NOTE
r-release-linux-x86_64 0.1 0.62 18.50 19.12 OK
r-release-windows-ix86+x86_64 0.1 4.00 31.00 35.00 OK
r-release-osx-x86_64 0.1 NOTE
r-oldrel-windows-ix86+x86_64 0.1 2.00 28.00 30.00 OK
r-oldrel-osx-x86_64 0.1 NOTE

Check Details

Version: 0.1
Check: dependencies in R code
Result: NOTE
    Namespace in Imports field not imported from: ‘methods’
     All declared Imports should be used.
Flavors: r-devel-linux-x86_64-fedora-clang, r-devel-linux-x86_64-fedora-gcc, r-patched-solaris-x86, r-release-osx-x86_64, r-oldrel-osx-x86_64