CRAN Package Check Results for Package modelwordcloud

Last updated on 2018-05-24 02:48:31 CEST.

Flavor Version Tinstall Tcheck Ttotal Status Flags
r-devel-linux-x86_64-debian-clang 0.1 0.96 18.19 19.15 OK
r-devel-linux-x86_64-debian-gcc 0.1 0.66 15.22 15.88 OK
r-devel-linux-x86_64-fedora-clang 0.1 24.36 NOTE
r-devel-linux-x86_64-fedora-gcc 0.1 22.84 NOTE
r-devel-windows-ix86+x86_64 0.1 3.00 44.00 47.00 OK
r-patched-linux-x86_64 0.1 0.89 18.40 19.29 OK
r-patched-solaris-x86 0.1 40.90 NOTE
r-release-linux-x86_64 0.1 0.69 17.85 18.54 OK
r-release-windows-ix86+x86_64 0.1 3.00 30.00 33.00 OK
r-release-osx-x86_64 0.1 NOTE
r-oldrel-windows-ix86+x86_64 0.1 4.00 31.00 35.00 OK
r-oldrel-osx-x86_64 0.1 NOTE

Check Details

Version: 0.1
Check: dependencies in R code
Result: NOTE
    Namespace in Imports field not imported from: ‘methods’
     All declared Imports should be used.
Flavors: r-devel-linux-x86_64-fedora-clang, r-devel-linux-x86_64-fedora-gcc, r-patched-solaris-x86, r-release-osx-x86_64, r-oldrel-osx-x86_64