CRAN Package Check Results for Package libstableR

Last updated on 2018-02-19 02:47:33 CET.

Flavor Version Tinstall Tcheck Ttotal Status Flags
r-devel-linux-x86_64-debian-clang 1.0 15.28 21.72 37.00 OK
r-devel-linux-x86_64-debian-gcc 1.0 11.27 18.39 29.66 OK
r-devel-linux-x86_64-fedora-clang 1.0 50.42 OK
r-devel-linux-x86_64-fedora-gcc 1.0 45.81 OK
r-devel-windows-ix86+x86_64 1.0 44.00 55.00 99.00 OK
r-patched-linux-x86_64 1.0 14.18 22.47 36.65 OK
r-patched-solaris-x86 1.0 60.50 OK
r-release-linux-x86_64 1.0 13.77 22.39 36.16 OK
r-release-windows-ix86+x86_64 1.0 55.00 72.00 127.00 OK
r-release-osx-x86_64 1.0 ERROR
r-oldrel-windows-ix86+x86_64 1.0 41.00 61.00 102.00 OK
r-oldrel-osx-x86_64 1.0 ERROR

Check Details

Version: 1.0
Check: whether package can be installed
Result: ERROR
    Installation failed.
Flavors: r-release-osx-x86_64, r-oldrel-osx-x86_64