CRAN Package Check Results for Package libstableR

Last updated on 2018-05-22 02:46:44 CEST.

Flavor Version Tinstall Tcheck Ttotal Status Flags
r-devel-linux-x86_64-debian-clang 1.0 16.09 21.91 38.00 OK
r-devel-linux-x86_64-debian-gcc 1.0 12.86 19.74 32.60 OK
r-devel-linux-x86_64-fedora-clang 1.0 53.59 OK
r-devel-linux-x86_64-fedora-gcc 1.0 48.85 OK
r-devel-windows-ix86+x86_64 1.0 59.00 61.00 120.00 OK
r-patched-linux-x86_64 1.0 15.83 22.80 38.63 OK
r-patched-solaris-x86 1.0 64.60 OK
r-release-linux-x86_64 1.0 17.29 22.71 40.00 OK
r-release-windows-ix86+x86_64 1.0 57.00 72.00 129.00 OK
r-release-osx-x86_64 1.0 ERROR
r-oldrel-windows-ix86+x86_64 1.0 55.00 71.00 126.00 OK
r-oldrel-osx-x86_64 1.0 ERROR

Check Details

Version: 1.0
Check: whether package can be installed
Result: ERROR
    Installation failed.
Flavors: r-release-osx-x86_64, r-oldrel-osx-x86_64