CRAN Package Check Results for Package libcoin

Last updated on 2018-02-19 02:47:33 CET.

Flavor Version Tinstall Tcheck Ttotal Status Flags
r-devel-linux-x86_64-debian-clang 1.0-1 6.00 54.18 60.18 OK
r-devel-linux-x86_64-debian-gcc 1.0-1 4.57 47.34 51.91 OK
r-devel-linux-x86_64-fedora-clang 1.0-1 85.06 OK
r-devel-linux-x86_64-fedora-gcc 1.0-1 83.20 OK
r-devel-windows-ix86+x86_64 1.0-1 13.00 86.00 99.00 OK
r-patched-linux-x86_64 1.0-1 6.49 61.60 68.09 OK
r-patched-solaris-x86 1.0-1 102.80 OK
r-release-linux-x86_64 1.0-1 5.57 62.10 67.67 OK
r-release-windows-ix86+x86_64 1.0-1 18.00 127.00 145.00 OK
r-release-osx-x86_64 1.0-1 OK
r-oldrel-windows-ix86+x86_64 0.9-2 28.00 44.00 72.00 OK
r-oldrel-osx-x86_64 1.0-1 ERROR

Check Details

Version: 1.0-1
Check: whether package can be installed
Result: ERROR
    Installation failed.
Flavor: r-oldrel-osx-x86_64