CRAN Package Check Results for Package lctools

Last updated on 2018-01-16 02:49:01 CET.

Flavor Version Tinstall Tcheck Ttotal Status Flags
r-devel-linux-x86_64-debian-clang 0.2-6 6.71 173.24 179.95 OK
r-devel-linux-x86_64-debian-gcc 0.2-6 5.30 140.73 146.03 OK
r-devel-linux-x86_64-fedora-clang 0.2-6 217.74 OK
r-devel-linux-x86_64-fedora-gcc 0.2-6 230.30 OK
r-devel-windows-ix86+x86_64 0.2-6 11.00 266.00 277.00 OK
r-patched-linux-x86_64 0.2-6 5.99 208.95 214.94 OK
r-patched-solaris-x86 0.2-6 315.90 OK
r-release-linux-x86_64 0.2-6 6.92 209.61 216.53 OK
r-release-windows-ix86+x86_64 0.2-6 21.00 212.00 233.00 OK
r-release-osx-x86_64 0.2-6 OK
r-oldrel-windows-ix86+x86_64 0.2-5 22.00 329.00 351.00 OK
r-oldrel-osx-x86_64 0.2-6 ERROR

Check Details

Version: 0.2-6
Check: whether package can be installed
Result: ERROR
    Installation failed.
Flavor: r-oldrel-osx-x86_64