CRAN Package Check Results for Package humarray

Last updated on 2018-01-16 02:48:57 CET.

Flavor Version Tinstall Tcheck Ttotal Status Flags
r-devel-linux-x86_64-debian-clang 1.2 22.51 335.55 358.06 WARN
r-devel-linux-x86_64-debian-gcc 1.2 19.23 294.93 314.16 WARN
r-devel-windows-ix86+x86_64 1.2 40.00 325.00 365.00 WARN
r-patched-linux-x86_64 1.2 28.25 373.45 401.70 OK
r-patched-solaris-x86 1.2 707.00 NOTE
r-release-linux-x86_64 1.2 26.50 368.34 394.84 OK
r-release-windows-ix86+x86_64 1.2 60.00 470.00 530.00 NOTE
r-release-osx-x86_64 1.2 ERROR
r-oldrel-windows-ix86+x86_64 1.2 52.00 431.00 483.00 NOTE
r-oldrel-osx-x86_64 1.2 WARN

Check Details

Version: 1.2
Check: examples
Result: WARN
    Found the following significant warnings:
     Warning: working directory was changed to ‘/tmp/Rtmpz3usrs’, resetting
     Warning: working directory was changed to ‘/tmp/Rtmpz3usrs’, resetting
     Warning: working directory was changed to ‘/tmp/Rtmpz3usrs’, resetting
     Warning: working directory was changed to ‘/tmp/Rtmpz3usrs’, resetting
     Warning: working directory was changed to ‘/tmp/Rtmpz3usrs’, resetting
     Warning: working directory was changed to ‘/tmp/Rtmpz3usrs’, resetting
    Examples with CPU or elapsed time > 5s
     user system elapsed
    chip.support 53.965 0.201 54.177
    nearest.snp 16.436 0.032 16.473
Flavor: r-devel-linux-x86_64-debian-clang

Version: 1.2
Check: examples
Result: WARN
    Found the following significant warnings:
     Warning: working directory was changed to ‘/tmp/Rtmpvwo4BT’, resetting
     Warning: working directory was changed to ‘/tmp/Rtmpvwo4BT’, resetting
     Warning: working directory was changed to ‘/tmp/Rtmpvwo4BT’, resetting
     Warning: working directory was changed to ‘/tmp/Rtmpvwo4BT’, resetting
     Warning: working directory was changed to ‘/tmp/Rtmpvwo4BT’, resetting
     Warning: working directory was changed to ‘/tmp/Rtmpvwo4BT’, resetting
    Examples with CPU or elapsed time > 5s
     user system elapsed
    chip.support 46.291 0.150 66.100
    nearest.snp 13.980 0.028 20.730
    get.GO.for.genes 1.118 0.007 6.181
Flavor: r-devel-linux-x86_64-debian-gcc

Version: 1.2
Check: installed package size
Result: NOTE
     installed size is 5.5Mb
     sub-directories of 1Mb or more:
     data 4.7Mb
Flavors: r-devel-windows-ix86+x86_64, r-patched-solaris-x86, r-release-windows-ix86+x86_64, r-oldrel-windows-ix86+x86_64, r-oldrel-osx-x86_64

Version: 1.2
Check: examples
Result: WARN
    Found the following significant warnings:
     Warning: working directory was changed to 'D:/temp/RtmpqC43fp', resetting
     Warning: working directory was changed to 'D:/temp/RtmpqC43fp', resetting
     Warning: working directory was changed to 'D:/temp/RtmpqC43fp', resetting
     Warning: working directory was changed to 'D:/temp/RtmpqC43fp', resetting
     Warning: working directory was changed to 'D:/temp/RtmpqC43fp', resetting
     Warning: working directory was changed to 'D:/temp/RtmpqC43fp', resetting
Flavor: r-devel-windows-ix86+x86_64

Version: 1.2
Check: package dependencies
Result: ERROR
    Packages required but not available:
     ‘GenomicRanges’ ‘GenomicFeatures’ ‘GenomeInfoDb’ ‘rtracklayer’
     ‘biomaRt’ ‘genoset’
    
    See section ‘The DESCRIPTION file’ in the ‘Writing R Extensions’
    manual.
Flavor: r-release-osx-x86_64

Version: 1.2
Check: whether package can be installed
Result: WARN
    Found the following significant warnings:
     Warning: multiple methods tables found for ‘colMeans’
     Warning: multiple methods tables found for ‘colSums’
     Warning: multiple methods tables found for ‘rowMeans’
     Warning: multiple methods tables found for ‘rowSums’
Flavor: r-oldrel-osx-x86_64