CRAN Package Check Results for Package ggsn

Last updated on 2018-06-19 02:47:19 CEST.

Flavor Version Tinstall Tcheck Ttotal Status Flags
r-devel-linux-x86_64-debian-clang 0.4.0 3.03 46.76 49.79 OK
r-devel-linux-x86_64-debian-gcc 0.4.0 2.44 41.59 44.03 OK
r-devel-linux-x86_64-fedora-clang 0.4.0 63.87 OK
r-devel-linux-x86_64-fedora-gcc 0.4.0 60.36 OK
r-devel-windows-ix86+x86_64 0.4.0 13.00 80.00 93.00 OK
r-patched-linux-x86_64 0.4.0 2.61 48.49 51.10 NOTE
r-patched-solaris-x86 0.4.0 97.00 OK
r-release-linux-x86_64 0.4.0 2.53 47.53 50.06 NOTE
r-release-windows-ix86+x86_64 0.4.0 9.00 97.00 106.00 OK
r-release-osx-x86_64 0.4.0 OK
r-oldrel-windows-ix86+x86_64 0.4.0 8.00 84.00 92.00 OK
r-oldrel-osx-x86_64 0.4.0 ERROR

Check Details

Version: 0.4.0
Check: DESCRIPTION meta-information
Result: NOTE
    Dependence on R version ‘3.3.1’ not with patchlevel 0
Flavors: r-patched-linux-x86_64, r-release-linux-x86_64

Version: 0.4.0
Check: package dependencies
Result: NOTE
    Package suggested but not available for checking: ‘rgdal’
Flavor: r-oldrel-osx-x86_64

Version: 0.4.0
Check: examples
Result: ERROR
    Running examples in ‘ggsn-Ex.R’ failed
    The error most likely occurred in:
    
    > ### Name: blank
    > ### Title: Blank theme
    > ### Aliases: blank
    >
    > ### ** Examples
    >
    > library(rgdal)
    Error in library(rgdal) : there is no package called ‘rgdal’
    Execution halted
Flavor: r-oldrel-osx-x86_64