CRAN Package Check Results for Package ggsn

Last updated on 2018-09-23 02:47:44 CEST.

Flavor Version Tinstall Tcheck Ttotal Status Flags
r-devel-linux-x86_64-debian-clang 0.4.0 2.68 59.50 62.18 OK
r-devel-linux-x86_64-debian-gcc 0.4.0 2.73 47.28 50.01 OK
r-devel-linux-x86_64-fedora-clang 0.4.0 73.38 OK
r-devel-linux-x86_64-fedora-gcc 0.4.0 69.30 OK
r-devel-windows-ix86+x86_64 0.4.0 14.00 113.00 127.00 OK
r-patched-linux-x86_64 0.4.0 2.19 52.82 55.01 NOTE
r-patched-solaris-x86 0.4.0 106.20 OK
r-release-linux-x86_64 0.4.0 2.71 52.57 55.28 NOTE
r-release-windows-ix86+x86_64 0.4.0 9.00 112.00 121.00 OK
r-release-osx-x86_64 0.4.0 OK
r-oldrel-windows-ix86+x86_64 0.4.0 8.00 88.00 96.00 OK
r-oldrel-osx-x86_64 0.4.0 ERROR

Check Details

Version: 0.4.0
Check: DESCRIPTION meta-information
Result: NOTE
    Dependence on R version ‘3.3.1’ not with patchlevel 0
Flavors: r-patched-linux-x86_64, r-release-linux-x86_64

Version: 0.4.0
Check: package dependencies
Result: NOTE
    Package suggested but not available for checking: ‘rgdal’
Flavor: r-oldrel-osx-x86_64

Version: 0.4.0
Check: examples
Result: ERROR
    Running examples in ‘ggsn-Ex.R’ failed
    The error most likely occurred in:
    
    > ### Name: blank
    > ### Title: Blank theme
    > ### Aliases: blank
    >
    > ### ** Examples
    >
    > library(rgdal)
    Error in library(rgdal) : there is no package called ‘rgdal’
    Execution halted
Flavor: r-oldrel-osx-x86_64