CRAN Package Check Results for Package ggsn

Last updated on 2018-01-17 02:52:53 CET.

Flavor Version Tinstall Tcheck Ttotal Status Flags
r-devel-linux-x86_64-debian-clang 0.4.0 1.87 54.23 56.10 NOTE
r-devel-linux-x86_64-debian-gcc 0.4.0 1.85 42.68 44.53 NOTE
r-devel-linux-x86_64-fedora-clang 0.4.0 64.13 NOTE
r-devel-linux-x86_64-fedora-gcc 0.4.0 62.87 NOTE
r-devel-windows-ix86+x86_64 0.4.0 11.00 72.00 83.00 OK
r-patched-linux-x86_64 0.4.0 2.61 53.95 56.56 OK
r-patched-solaris-x86 0.4.0 102.10 OK
r-release-linux-x86_64 0.4.0 2.31 53.44 55.75 OK
r-release-windows-ix86+x86_64 0.4.0 12.00 70.00 82.00 OK
r-release-osx-x86_64 0.4.0 ERROR
r-oldrel-windows-ix86+x86_64 0.4.0 10.00 63.00 73.00 OK
r-oldrel-osx-x86_64 0.4.0 OK

Check Details

Version: 0.4.0
Check: DESCRIPTION meta-information
Result: NOTE
    Dependence on R version ‘3.3.1’ not with patchlevel 0
Flavors: r-devel-linux-x86_64-debian-clang, r-devel-linux-x86_64-debian-gcc, r-devel-linux-x86_64-fedora-clang, r-devel-linux-x86_64-fedora-gcc

Version: 0.4.0
Check: package dependencies
Result: NOTE
    Package suggested but not available for checking: ‘rgdal’
Flavor: r-release-osx-x86_64

Version: 0.4.0
Check: examples
Result: ERROR
    Running examples in ‘ggsn-Ex.R’ failed
    The error most likely occurred in:
    
    > ### Name: blank
    > ### Title: Blank theme
    > ### Aliases: blank
    >
    > ### ** Examples
    >
    > library(rgdal)
    Error in library(rgdal) : there is no package called ‘rgdal’
    Execution halted
Flavor: r-release-osx-x86_64