CRAN Package Check Results for Package gRain

Last updated on 2018-04-27 02:54:43 CEST.

Flavor Version Tinstall Tcheck Ttotal Status Flags
r-devel-linux-x86_64-debian-clang 1.3-0 40.36 83.08 123.44 NOTE
r-devel-linux-x86_64-debian-gcc 1.3-0 32.54 71.61 104.15 NOTE
r-devel-linux-x86_64-fedora-clang 1.3-0 166.94 NOTE
r-devel-linux-x86_64-fedora-gcc 1.3-0 165.53 NOTE
r-devel-windows-ix86+x86_64 1.3-0 117.00 182.00 299.00 OK
r-patched-linux-x86_64 1.3-0 40.47 89.14 129.61 NOTE
r-patched-solaris-x86 1.3-0 224.70 OK
r-release-linux-x86_64 1.3-0 42.65 89.67 132.32 NOTE
r-release-windows-ix86+x86_64 1.3-0 117.00 182.00 299.00 OK
r-release-osx-x86_64 1.3-0 OK
r-oldrel-windows-ix86+x86_64 1.3-0 89.00 136.00 225.00 OK
r-oldrel-osx-x86_64 1.3-0 OK

Check Details

Version: 1.3-0
Check: compiled code
Result: NOTE
    File ‘gRain/libs/gRain.so’:
     Found no calls to: ‘R_registerRoutines’, ‘R_useDynamicSymbols’
    
    It is good practice to register native routines and to disable symbol
    search.
    
    See ‘Writing portable packages’ in the ‘Writing R Extensions’ manual.
Flavors: r-devel-linux-x86_64-debian-clang, r-devel-linux-x86_64-debian-gcc, r-devel-linux-x86_64-fedora-clang, r-devel-linux-x86_64-fedora-gcc, r-patched-linux-x86_64, r-release-linux-x86_64