CRAN Package Check Results for Package fourierin

Last updated on 2018-04-27 02:54:41 CEST.

Flavor Version Tinstall Tcheck Ttotal Status Flags
r-devel-linux-x86_64-debian-clang 0.2.2 71.27 94.64 165.91 WARN
r-devel-linux-x86_64-debian-gcc 0.2.2 58.30 68.55 126.85 OK
r-devel-linux-x86_64-fedora-clang 0.2.2 219.30 OK
r-devel-linux-x86_64-fedora-gcc 0.2.2 199.23 NOTE
r-devel-windows-ix86+x86_64 0.2.2 173.00 176.00 349.00 OK
r-patched-linux-x86_64 0.2.2 79.94 88.35 168.29 OK
r-patched-solaris-x86 0.2.2 284.80 OK
r-release-linux-x86_64 0.2.2 75.41 89.52 164.93 OK
r-release-windows-ix86+x86_64 0.2.2 173.00 176.00 349.00 OK
r-release-osx-x86_64 0.2.2 OK
r-oldrel-windows-ix86+x86_64 0.2.2 136.00 162.00 298.00 OK
r-oldrel-osx-x86_64 0.2.2 OK

Check Details

Version: 0.2.2
Check: whether package can be installed
Result: WARN
    Found the following significant warnings:
     fourierin_1d.cpp:55:13: warning: using integer absolute value function 'abs' when argument is of floating point type [-Wabsolute-value]
     fourierin_1d.cpp:77:17: warning: using integer absolute value function 'abs' when argument is of floating point type [-Wabsolute-value]
     fourierin_2d.cpp:107:9: warning: using integer absolute value function 'abs' when argument is of floating point type [-Wabsolute-value]
     fourierin_2d.cpp:146:12: warning: using integer absolute value function 'abs' when argument is of floating point type [-Wabsolute-value]
     fourierin_cx_1d.cpp:55:13: warning: using integer absolute value function 'abs' when argument is of floating point type [-Wabsolute-value]
     fourierin_cx_1d.cpp:77:17: warning: using integer absolute value function 'abs' when argument is of floating point type [-Wabsolute-value]
     fourierin_cx_2d.cpp:104:9: warning: using integer absolute value function 'abs' when argument is of floating point type [-Wabsolute-value]
     fourierin_cx_2d.cpp:143:12: warning: using integer absolute value function 'abs' when argument is of floating point type [-Wabsolute-value]
Flavor: r-devel-linux-x86_64-debian-clang

Version: 0.2.2
Check: installed package size
Result: NOTE
     installed size is 5.1Mb
     sub-directories of 1Mb or more:
     libs 4.6Mb
Flavor: r-devel-linux-x86_64-fedora-gcc