CRAN Package Check Results for Package fourierin

Last updated on 2018-10-23 02:47:03 CEST.

Flavor Version Tinstall Tcheck Ttotal Status Flags
r-devel-linux-x86_64-debian-clang 0.2.2 69.34 104.11 173.45 WARN
r-devel-linux-x86_64-debian-gcc 0.2.2 68.37 73.42 141.79 OK
r-devel-linux-x86_64-fedora-clang 0.2.2 238.46 OK
r-devel-linux-x86_64-fedora-gcc 0.2.2 222.94 OK
r-devel-windows-ix86+x86_64 0.2.2 181.00 180.00 361.00 OK
r-patched-linux-x86_64 0.2.2 85.69 92.35 178.04 OK
r-patched-solaris-x86 0.2.2 286.80 OK
r-release-linux-x86_64 0.2.2 79.86 94.84 174.70 OK
r-release-windows-ix86+x86_64 0.2.2 193.00 173.00 366.00 OK
r-release-osx-x86_64 0.2.2 OK
r-oldrel-windows-ix86+x86_64 0.2.2 143.00 188.00 331.00 OK
r-oldrel-osx-x86_64 0.2.2 OK

Check Details

Version: 0.2.2
Check: whether package can be installed
Result: WARN
    Found the following significant warnings:
     fourierin_1d.cpp:55:13: warning: using integer absolute value function 'abs' when argument is of floating point type [-Wabsolute-value]
     fourierin_1d.cpp:77:17: warning: using integer absolute value function 'abs' when argument is of floating point type [-Wabsolute-value]
     fourierin_2d.cpp:107:9: warning: using integer absolute value function 'abs' when argument is of floating point type [-Wabsolute-value]
     fourierin_2d.cpp:146:12: warning: using integer absolute value function 'abs' when argument is of floating point type [-Wabsolute-value]
     fourierin_cx_1d.cpp:55:13: warning: using integer absolute value function 'abs' when argument is of floating point type [-Wabsolute-value]
     fourierin_cx_1d.cpp:77:17: warning: using integer absolute value function 'abs' when argument is of floating point type [-Wabsolute-value]
     fourierin_cx_2d.cpp:104:9: warning: using integer absolute value function 'abs' when argument is of floating point type [-Wabsolute-value]
     fourierin_cx_2d.cpp:143:12: warning: using integer absolute value function 'abs' when argument is of floating point type [-Wabsolute-value]
Flavor: r-devel-linux-x86_64-debian-clang