CRAN Package Check Results for Package fourierin

Last updated on 2018-01-21 02:47:07 CET.

Flavor Version Tinstall Tcheck Ttotal Status Flags
r-devel-linux-x86_64-debian-clang 0.2.2 57.28 112.31 169.59 WARN
r-devel-linux-x86_64-debian-gcc 0.2.2 53.42 76.55 129.97 OK
r-devel-linux-x86_64-fedora-clang 0.2.2 231.70 OK
r-devel-linux-x86_64-fedora-gcc 0.2.2 216.76 NOTE
r-devel-windows-ix86+x86_64 0.2.2 187.00 152.00 339.00 OK
r-patched-linux-x86_64 0.2.2 65.54 101.77 167.31 OK
r-patched-solaris-x86 0.2.2 299.40 OK
r-release-linux-x86_64 0.2.2 65.73 101.08 166.81 OK
r-release-windows-ix86+x86_64 0.2.2 179.00 163.00 342.00 OK
r-release-osx-x86_64 0.2.2 OK
r-oldrel-windows-ix86+x86_64 0.2.2 159.00 150.00 309.00 OK
r-oldrel-osx-x86_64 0.2.2 OK

Check Details

Version: 0.2.2
Check: whether package can be installed
Result: WARN
    Found the following significant warnings:
     fourierin_1d.cpp:55:13: warning: using integer absolute value function 'abs' when argument is of floating point type [-Wabsolute-value]
     fourierin_1d.cpp:77:17: warning: using integer absolute value function 'abs' when argument is of floating point type [-Wabsolute-value]
     fourierin_2d.cpp:107:9: warning: using integer absolute value function 'abs' when argument is of floating point type [-Wabsolute-value]
     fourierin_2d.cpp:146:12: warning: using integer absolute value function 'abs' when argument is of floating point type [-Wabsolute-value]
     fourierin_cx_1d.cpp:55:13: warning: using integer absolute value function 'abs' when argument is of floating point type [-Wabsolute-value]
     fourierin_cx_1d.cpp:77:17: warning: using integer absolute value function 'abs' when argument is of floating point type [-Wabsolute-value]
     fourierin_cx_2d.cpp:104:9: warning: using integer absolute value function 'abs' when argument is of floating point type [-Wabsolute-value]
     fourierin_cx_2d.cpp:143:12: warning: using integer absolute value function 'abs' when argument is of floating point type [-Wabsolute-value]
Flavor: r-devel-linux-x86_64-debian-clang

Version: 0.2.2
Check: installed package size
Result: NOTE
     installed size is 5.1Mb
     sub-directories of 1Mb or more:
     libs 4.6Mb
Flavor: r-devel-linux-x86_64-fedora-gcc