CRAN Package Check Results for Package emuR

Last updated on 2018-08-16 02:47:29 CEST.

Flavor Version Tinstall Tcheck Ttotal Status Flags
r-devel-linux-x86_64-debian-clang 1.0.0 18.55 311.01 329.56 OK
r-devel-linux-x86_64-debian-gcc 1.0.0 13.42 240.65 254.07 OK
r-devel-linux-x86_64-fedora-clang 1.0.0 373.37 OK
r-devel-linux-x86_64-fedora-gcc 1.0.0 374.31 OK
r-devel-windows-ix86+x86_64 1.0.0 26.00 294.00 320.00 OK
r-patched-linux-x86_64 1.0.0 14.26 278.08 292.34 OK
r-patched-solaris-x86 1.0.0 414.10 NOTE
r-release-linux-x86_64 1.0.0 15.39 277.44 292.83 OK
r-release-windows-ix86+x86_64 1.0.0 28.00 344.00 372.00 OK
r-release-osx-x86_64 1.0.0 OK
r-oldrel-windows-ix86+x86_64 1.0.0 18.00 299.00 317.00 OK
r-oldrel-osx-x86_64 1.0.0 OK

Check Details

Version: 1.0.0
Check: installed package size
Result: NOTE
     installed size is 5.3Mb
     sub-directories of 1Mb or more:
     doc 1.4Mb
     extdata 1.5Mb
Flavor: r-patched-solaris-x86