CRAN Package Check Results for Package emuR

Last updated on 2018-10-21 02:46:25 CEST.

Flavor Version Tinstall Tcheck Ttotal Status Flags
r-devel-linux-x86_64-debian-clang 1.0.0 16.97 308.94 325.91 OK
r-devel-linux-x86_64-debian-gcc 1.0.0 12.09 238.52 250.61 OK
r-devel-linux-x86_64-fedora-clang 1.0.0 378.09 OK
r-devel-linux-x86_64-fedora-gcc 1.0.0 373.92 OK
r-devel-windows-ix86+x86_64 1.0.0 35.00 435.00 470.00 OK
r-patched-linux-x86_64 1.0.0 14.77 275.92 290.69 OK
r-patched-solaris-x86 1.0.0 419.90 NOTE
r-release-linux-x86_64 1.0.0 12.83 279.46 292.29 OK
r-release-windows-ix86+x86_64 1.0.0 31.00 375.00 406.00 OK
r-release-osx-x86_64 1.0.0 OK
r-oldrel-windows-ix86+x86_64 1.0.0 12.00 393.00 405.00 OK
r-oldrel-osx-x86_64 1.0.0 OK

Check Details

Version: 1.0.0
Check: installed package size
Result: NOTE
     installed size is 5.3Mb
     sub-directories of 1Mb or more:
     doc 1.4Mb
     extdata 1.5Mb
Flavor: r-patched-solaris-x86