CRAN Package Check Results for Package emuR

Last updated on 2018-05-24 02:48:20 CEST.

Flavor Version Tinstall Tcheck Ttotal Status Flags
r-devel-linux-x86_64-debian-clang 1.0.0 15.98 289.94 305.92 OK
r-devel-linux-x86_64-debian-gcc 1.0.0 13.52 237.38 250.90 OK
r-devel-linux-x86_64-fedora-clang 1.0.0 386.30 OK
r-devel-linux-x86_64-fedora-gcc 1.0.0 375.10 OK
r-devel-windows-ix86+x86_64 1.0.0 26.00 307.00 333.00 OK
r-patched-linux-x86_64 1.0.0 17.09 232.29 249.38 OK
r-patched-solaris-x86 1.0.0 420.10 NOTE
r-release-linux-x86_64 1.0.0 18.40 293.43 311.83 OK
r-release-windows-ix86+x86_64 1.0.0 38.00 388.00 426.00 OK
r-release-osx-x86_64 1.0.0 OK
r-oldrel-windows-ix86+x86_64 1.0.0 17.00 415.00 432.00 OK
r-oldrel-osx-x86_64 1.0.0 OK

Check Details

Version: 1.0.0
Check: installed package size
Result: NOTE
     installed size is 5.3Mb
     sub-directories of 1Mb or more:
     doc 1.4Mb
     extdata 1.5Mb
Flavor: r-patched-solaris-x86