CRAN Package Check Results for Package dwapi

Last updated on 2018-10-21 02:46:25 CEST.

Flavor Version Tinstall Tcheck Ttotal Status Flags
r-devel-linux-x86_64-debian-clang 0.1.3.1 3.09 36.50 39.59 OK
r-devel-linux-x86_64-debian-gcc 0.1.3.1 1.80 29.00 30.80 OK
r-devel-linux-x86_64-fedora-clang 0.1.3.1 46.44 NOTE
r-devel-linux-x86_64-fedora-gcc 0.1.3.1 45.46 NOTE
r-devel-windows-ix86+x86_64 0.1.3.1 8.00 83.00 91.00 OK
r-patched-linux-x86_64 0.1.3.1 2.13 39.17 41.30 OK
r-patched-solaris-x86 0.1.3.1 61.20 NOTE
r-release-linux-x86_64 0.1.3.1 2.92 39.50 42.42 OK
r-release-windows-ix86+x86_64 0.1.3.1 8.00 77.00 85.00 OK
r-release-osx-x86_64 0.1.3.1 NOTE
r-oldrel-windows-ix86+x86_64 0.1.3.1 5.00 74.00 79.00 OK
r-oldrel-osx-x86_64 0.1.3.1 NOTE

Check Details

Version: 0.1.3.1
Check: dependencies in R code
Result: NOTE
    Namespace in Imports field not imported from: ‘xml2’
     All declared Imports should be used.
Flavors: r-devel-linux-x86_64-fedora-clang, r-devel-linux-x86_64-fedora-gcc, r-patched-solaris-x86, r-release-osx-x86_64, r-oldrel-osx-x86_64