CRAN Package Check Results for Package dwapi

Last updated on 2018-02-19 02:47:25 CET.

Flavor Version Tinstall Tcheck Ttotal Status Flags
r-devel-linux-x86_64-debian-clang 0.1.2 2.50 29.33 31.83 OK
r-devel-linux-x86_64-debian-gcc 0.1.2 1.17 26.33 27.50 OK
r-devel-linux-x86_64-fedora-clang 0.1.2 41.70 NOTE
r-devel-linux-x86_64-fedora-gcc 0.1.2 40.74 NOTE
r-devel-windows-ix86+x86_64 0.1.2 4.00 45.00 49.00 OK
r-patched-linux-x86_64 0.1.2 1.15 34.72 35.87 OK
r-patched-solaris-x86 0.1.2 50.00 NOTE
r-release-linux-x86_64 0.1.2 1.49 34.47 35.96 OK
r-release-windows-ix86+x86_64 0.1.2 5.00 60.00 65.00 OK
r-release-osx-x86_64 0.1.2 NOTE
r-oldrel-windows-ix86+x86_64 0.1.2 3.00 67.00 70.00 OK
r-oldrel-osx-x86_64 0.1.1 NOTE

Check Details

Version: 0.1.2
Check: dependencies in R code
Result: NOTE
    Namespace in Imports field not imported from: ‘xml2’
     All declared Imports should be used.
Flavors: r-devel-linux-x86_64-fedora-clang, r-devel-linux-x86_64-fedora-gcc, r-patched-solaris-x86, r-release-osx-x86_64

Version: 0.1.1
Check: dependencies in R code
Result: NOTE
    Namespace in Imports field not imported from: ‘xml2’
     All declared Imports should be used.
Flavor: r-oldrel-osx-x86_64