CRAN Package Check Results for Package crul

Last updated on 2018-02-23 02:48:02 CET.

Flavor Version Tinstall Tcheck Ttotal Status Flags
r-devel-linux-x86_64-debian-clang 0.5.0 6.33 24.81 31.14 OK
r-devel-linux-x86_64-debian-gcc 0.5.0 3.75 21.28 25.03 OK
r-devel-linux-x86_64-fedora-clang 0.5.0 36.84 NOTE
r-devel-linux-x86_64-fedora-gcc 0.5.0 35.57 NOTE
r-devel-windows-ix86+x86_64 0.5.0 11.00 58.00 69.00 OK
r-patched-linux-x86_64 0.5.0 1.18 30.31 31.49 OK
r-patched-solaris-x86 0.5.0 44.40 NOTE
r-release-linux-x86_64 0.5.0 1.12 30.50 31.62 OK
r-release-windows-ix86+x86_64 0.5.0 5.00 87.00 92.00 OK
r-release-osx-x86_64 0.5.0 NOTE
r-oldrel-windows-ix86+x86_64 0.5.0 4.00 46.00 50.00 OK
r-oldrel-osx-x86_64 0.4.0 NOTE

Check Details

Version: 0.5.0
Check: dependencies in R code
Result: NOTE
    Namespace in Imports field not imported from: ‘httpcode’
     All declared Imports should be used.
Flavors: r-devel-linux-x86_64-fedora-clang, r-devel-linux-x86_64-fedora-gcc, r-patched-solaris-x86, r-release-osx-x86_64

Version: 0.4.0
Check: dependencies in R code
Result: NOTE
    Namespace in Imports field not imported from: ‘httpcode’
     All declared Imports should be used.
Flavor: r-oldrel-osx-x86_64