CRAN Package Check Results for Package crs

Last updated on 2018-01-16 02:48:44 CET.

Flavor Version Tinstall Tcheck Ttotal Status Flags
r-devel-linux-x86_64-debian-clang 0.15-30 159.34 137.78 297.12 OK
r-devel-linux-x86_64-debian-gcc 0.15-30 163.28 120.50 283.78 OK
r-devel-linux-x86_64-fedora-clang 0.15-30 464.67 NOTE
r-devel-linux-x86_64-fedora-gcc 0.15-30 445.85 NOTE
r-devel-windows-ix86+x86_64 0.15-30 332.00 191.00 523.00 NOTE --no-vignettes
r-patched-linux-x86_64 0.15-30 182.08 161.13 343.21 OK
r-patched-solaris-x86 0.15-30 607.30 OK
r-release-linux-x86_64 0.15-30 175.73 160.43 336.16 OK
r-release-windows-ix86+x86_64 0.15-30 470.00 218.00 688.00 NOTE --no-vignettes
r-release-osx-x86_64 0.15-29 NOTE
r-oldrel-windows-ix86+x86_64 0.15-30 463.00 198.00 661.00 NOTE --no-vignettes
r-oldrel-osx-x86_64 0.15-30 NOTE

Check Details

Version: 0.15-30
Check: installed package size
Result: NOTE
     installed size is 22.7Mb
     sub-directories of 1Mb or more:
     libs 21.3Mb
Flavors: r-devel-linux-x86_64-fedora-clang, r-devel-linux-x86_64-fedora-gcc, r-oldrel-osx-x86_64

Version: 0.15-30
Flags: --no-vignettes
Check: installed package size
Result: NOTE
     installed size is 7.2Mb
     sub-directories of 1Mb or more:
     libs 5.9Mb
Flavors: r-devel-windows-ix86+x86_64, r-release-windows-ix86+x86_64, r-oldrel-windows-ix86+x86_64

Version: 0.15-29
Check: installed package size
Result: NOTE
     installed size is 19.9Mb
     sub-directories of 1Mb or more:
     libs 18.6Mb
Flavor: r-release-osx-x86_64