CRAN Package Check Results for Package btergm

Last updated on 2018-02-18 02:46:50 CET.

Flavor Version Tinstall Tcheck Ttotal Status Flags
r-devel-linux-x86_64-debian-clang 1.9.1 11.82 101.14 112.96 OK
r-devel-linux-x86_64-debian-gcc 1.9.1 10.16 78.78 88.94 OK
r-devel-linux-x86_64-fedora-clang 1.9.1 137.38 OK
r-devel-linux-x86_64-fedora-gcc 1.9.1 83.95 OK
r-devel-windows-ix86+x86_64 1.9.1 27.00 159.00 186.00 OK
r-patched-linux-x86_64 1.9.1 7.21 107.76 114.97 OK
r-patched-solaris-x86 1.9.1 3.70 ERROR
r-release-linux-x86_64 1.9.1 6.63 107.06 113.69 OK
r-release-windows-ix86+x86_64 1.9.1 13.00 107.00 120.00 OK
r-release-osx-x86_64 1.9.1 OK
r-oldrel-windows-ix86+x86_64 1.9.0 12.00 134.00 146.00 OK
r-oldrel-osx-x86_64 1.9.0 OK

Check Details

Version: 1.9.1
Check: package dependencies
Result: ERROR
    Package required but not available: ‘RSiena’
    
    See section ‘The DESCRIPTION file’ in the ‘Writing R Extensions’
    manual.
Flavor: r-patched-solaris-x86