CRAN Package Check Results for Package anomalyDetection

Last updated on 2018-05-24 02:48:05 CEST.

Flavor Version Tinstall Tcheck Ttotal Status Flags
r-devel-linux-x86_64-debian-clang 0.2.5 24.90 40.83 65.73 OK
r-devel-linux-x86_64-debian-gcc 0.2.5 19.22 46.78 66.00 OK
r-devel-linux-x86_64-fedora-clang 0.2.5 88.19 NOTE
r-devel-linux-x86_64-fedora-gcc 0.2.5 84.10 NOTE
r-devel-windows-ix86+x86_64 0.2.5 48.00 76.00 124.00 OK
r-patched-linux-x86_64 0.2.5 26.51 64.33 90.84 OK
r-patched-solaris-x86 0.2.5 103.20 NOTE
r-release-linux-x86_64 0.2.5 28.70 57.25 85.95 OK
r-release-windows-ix86+x86_64 0.2.5 79.00 100.00 179.00 OK
r-release-osx-x86_64 0.2.5 NOTE
r-oldrel-windows-ix86+x86_64 0.2.5 66.00 104.00 170.00 OK
r-oldrel-osx-x86_64 0.2.5 NOTE

Check Details

Version: 0.2.5
Check: dependencies in R code
Result: NOTE
    Namespace in Imports field not imported from: ‘caret’
     All declared Imports should be used.
Flavors: r-devel-linux-x86_64-fedora-clang, r-devel-linux-x86_64-fedora-gcc, r-patched-solaris-x86, r-release-osx-x86_64, r-oldrel-osx-x86_64