CRAN Package Check Results for Package anomalyDetection

Last updated on 2018-10-21 02:46:18 CEST.

Flavor Version Tinstall Tcheck Ttotal Status Flags
r-devel-linux-x86_64-debian-clang 0.2.5 27.68 46.25 73.93 NOTE
r-devel-linux-x86_64-debian-gcc 0.2.5 21.89 84.05 105.94 NOTE
r-devel-linux-x86_64-fedora-clang 0.2.5 95.98 NOTE
r-devel-linux-x86_64-fedora-gcc 0.2.5 90.52 NOTE
r-devel-windows-ix86+x86_64 0.2.5 69.00 106.00 175.00 OK
r-patched-linux-x86_64 0.2.5 29.63 95.05 124.68 OK
r-patched-solaris-x86 0.2.5 102.50 NOTE
r-release-linux-x86_64 0.2.5 25.20 73.57 98.77 OK
r-release-windows-ix86+x86_64 0.2.5 69.00 96.00 165.00 OK
r-release-osx-x86_64 0.2.5 NOTE
r-oldrel-windows-ix86+x86_64 0.2.5 53.00 114.00 167.00 OK
r-oldrel-osx-x86_64 0.2.5 NOTE

Check Details

Version: 0.2.5
Check: use of SHLIB_OPENMP_*FLAGS in Makefiles
Result: NOTE
     src/Makevars: SHLIB_OPENMP_CXXFLAGS is included in PKG_CXXFLAGS but not in PKG_LIBS
     src/Makevars: SHLIB_OPENMP_CFLAGS is included in PKG_LIBS but not in PKG_CFLAGS
     src/Makevars.win: SHLIB_OPENMP_CXXFLAGS is included in PKG_CXXFLAGS but not in PKG_LIBS
     src/Makevars.win: SHLIB_OPENMP_CFLAGS is included in PKG_LIBS but not in PKG_CFLAGS
    Use of these macros is discussed in sect 1.2.1.1 of ‘Writing R
    Extensions’. The macros for different languages may differ so the
    matching macro must be used in PKG_CXXFLAGS (etc) and match that used
    in PKG_LIBS (except for F77: see the manual).
Flavors: r-devel-linux-x86_64-debian-clang, r-devel-linux-x86_64-debian-gcc, r-devel-linux-x86_64-fedora-clang, r-devel-linux-x86_64-fedora-gcc

Version: 0.2.5
Check: dependencies in R code
Result: NOTE
    Namespace in Imports field not imported from: ‘caret’
     All declared Imports should be used.
Flavors: r-devel-linux-x86_64-fedora-clang, r-devel-linux-x86_64-fedora-gcc, r-patched-solaris-x86, r-release-osx-x86_64, r-oldrel-osx-x86_64