CRAN Package Check Results for Package anomalyDetection

Last updated on 2018-02-21 02:46:41 CET.

Flavor Version Tinstall Tcheck Ttotal Status Flags
r-devel-linux-x86_64-debian-clang 0.2.4 20.08 45.76 65.84 OK
r-devel-linux-x86_64-debian-gcc 0.2.4 17.93 33.11 51.04 OK
r-devel-linux-x86_64-fedora-clang 0.2.4 88.43 NOTE
r-devel-linux-x86_64-fedora-gcc 0.2.4 82.23 NOTE
r-devel-windows-ix86+x86_64 0.2.4 47.00 72.00 119.00 OK
r-patched-linux-x86_64 0.2.4 20.78 51.05 71.83 OK
r-patched-solaris-x86 0.2.4 107.60 NOTE
r-release-linux-x86_64 0.2.4 23.96 53.83 77.79 OK
r-release-windows-ix86+x86_64 0.2.4 70.00 112.00 182.00 OK
r-release-osx-x86_64 0.2.4 NOTE
r-oldrel-windows-ix86+x86_64 0.2.4 74.00 92.00 166.00 OK
r-oldrel-osx-x86_64 0.2.4 NOTE

Additional issues

ATLAS

Check Details

Version: 0.2.4
Check: dependencies in R code
Result: NOTE
    Namespace in Imports field not imported from: ‘caret’
     All declared Imports should be used.
Flavors: r-devel-linux-x86_64-fedora-clang, r-devel-linux-x86_64-fedora-gcc, r-patched-solaris-x86, r-release-osx-x86_64, r-oldrel-osx-x86_64