CRAN Package Check Results for Package airGR

Last updated on 2018-01-16 02:48:38 CET.

Flavor Version Tinstall Tcheck Ttotal Status Flags
r-devel-linux-x86_64-debian-clang 1.0.9.64 3.06 564.10 567.16 OK
r-devel-linux-x86_64-debian-gcc 1.0.9.64 2.43 420.05 422.48 OK
r-devel-linux-x86_64-fedora-clang 1.0.9.64 705.58 OK
r-devel-linux-x86_64-fedora-gcc 1.0.9.64 643.10 OK
r-devel-windows-ix86+x86_64 1.0.9.64 16.00 740.00 756.00 OK
r-patched-linux-x86_64 1.0.9.64 2.85 650.09 652.94 WARN
r-patched-solaris-x86 1.0.9.64 1664.30 OK
r-release-linux-x86_64 1.0.9.64 2.84 651.32 654.16 WARN
r-release-windows-ix86+x86_64 1.0.9.64 21.00 892.00 913.00 OK
r-release-osx-x86_64 1.0.9.64 OK
r-oldrel-windows-ix86+x86_64 1.0.9.64 19.00 893.00 912.00 OK
r-oldrel-osx-x86_64 1.0.9.64 OK

Check Details

Version: 1.0.9.64
Check: re-building of vignette outputs
Result: WARN
    Error in re-building vignettes:
     ...
    Warning in CreateRunOptions(FUN_MOD = RunModel_GR4J, InputsModel = InputsModel, :
     Model warm up period not defined -> default configuration used
     The year preceding the run period is used
    
    Grid-Screening in progress (0% 20% 40% 60% 80% 100%)
     Screening completed (81 runs)
     Param = 247.151 , -0.020 , 83.096 , 2.384
     Crit NSE[Q] = 0.7685
    Steepest-descent local search in progress
     Calibration completed (20 iterations, 226 runs)
     Param = 257.238 , 1.012 , 88.235 , 2.208
     Crit NSE[Q] = 0.7985
    Crit. NSE[Q] = 0.7985
    Crit. KGE[Q] = 0.7855
     SubCrit. KGE[Q] cor(sim, obs, "pearson") = 0.8983
     SubCrit. KGE[Q] sd(sim)/sd(obs) = 0.8163
     SubCrit. KGE[Q] mean(sim)/mean(obs) = 1.0439
    
    Warning in airGR::RunModel_GR4J(InputsModel = InputsModel, RunOptions = RunOptions, :
     Param[1] (X1: production store capacity [mm]) < 0.01
     X1 set to 0.01
    Warning in airGR::RunModel_GR4J(InputsModel = InputsModel, RunOptions = RunOptions, :
     Param[1] (X1: production store capacity [mm]) < 0.01
     X1 set to 0.01
    Warning in airGR::RunModel_GR4J(InputsModel = InputsModel, RunOptions = RunOptions, :
     Param[1] (X1: production store capacity [mm]) < 0.01
     X1 set to 0.01
    Warning in airGR::RunModel_GR4J(InputsModel = InputsModel, RunOptions = RunOptions, :
     Param[1] (X1: production store capacity [mm]) < 0.01
     X1 set to 0.01
    Warning in airGR::RunModel_GR4J(InputsModel = InputsModel, RunOptions = RunOptions, :
     Param[1] (X1: production store capacity [mm]) < 0.01
     X1 set to 0.01
    Warning in airGR::RunModel_GR4J(InputsModel = InputsModel, RunOptions = RunOptions, :
     Param[1] (X1: production store capacity [mm]) < 0.01
     X1 set to 0.01
    Warning in airGR::RunModel_GR4J(InputsModel = InputsModel, RunOptions = RunOptions, :
     Param[1] (X1: production store capacity [mm]) < 0.01
     X1 set to 0.01
    Warning in airGR::RunModel_GR4J(InputsModel = InputsModel, RunOptions = RunOptions, :
     Param[1] (X1: production store capacity [mm]) < 0.01
     X1 set to 0.01
    Warning in airGR::RunModel_GR4J(InputsModel = InputsModel, RunOptions = RunOptions, :
     Param[1] (X1: production store capacity [mm]) < 0.01
     X1 set to 0.01
    Warning in airGR::RunModel_GR4J(InputsModel = InputsModel, RunOptions = RunOptions, :
     Param[1] (X1: production store capacity [mm]) < 0.01
     X1 set to 0.01
    Warning in airGR::RunModel_GR4J(InputsModel = InputsModel, RunOptions = RunOptions, :
     Param[1] (X1: production store capacity [mm]) < 0.01
     X1 set to 0.01
    Warning in airGR::RunModel_GR4J(InputsModel = InputsModel, RunOptions = RunOptions, :
     Param[1] (X1: production store capacity [mm]) < 0.01
     X1 set to 0.01
    Warning in airGR::RunModel_GR4J(InputsModel = InputsModel, RunOptions = RunOptions, :
     Param[1] (X1: production store capacity [mm]) < 0.01
     X1 set to 0.01
    Warning in airGR::RunModel_GR4J(InputsModel = InputsModel, RunOptions = RunOptions, :
     Param[1] (X1: production store capacity [mm]) < 0.01
     X1 set to 0.01
    Warning in airGR::RunModel_GR4J(InputsModel = InputsModel, RunOptions = RunOptions, :
     Param[1] (X1: production store capacity [mm]) < 0.01
     X1 set to 0.01
    Warning in airGR::RunModel_GR4J(InputsModel = InputsModel, RunOptions = RunOptions, :
     Param[1] (X1: production store capacity [mm]) < 0.01
     X1 set to 0.01
    Warning in airGR::RunModel_GR4J(InputsModel = InputsModel, RunOptions = RunOptions, :
     Param[1] (X1: production store capacity [mm]) < 0.01
     X1 set to 0.01
    Warning in airGR::RunModel_GR4J(InputsModel = InputsModel, RunOptions = RunOptions, :
     Param[1] (X1: production store capacity [mm]) < 0.01
     X1 set to 0.01
    Warning in airGR::RunModel_GR4J(InputsModel = InputsModel, RunOptions = RunOptions, :
     Param[1] (X1: production store capacity [mm]) < 0.01
     X1 set to 0.01
    Warning in airGR::RunModel_GR4J(InputsModel = InputsModel, RunOptions = RunOptions, :
     Param[1] (X1: production store capacity [mm]) < 0.01
     X1 set to 0.01
    Warning in airGR::RunModel_GR4J(InputsModel = InputsModel, RunOptions = RunOptions, :
     Param[1] (X1: production store capacity [mm]) < 0.01
     X1 set to 0.01
    Warning in airGR::RunModel_GR4J(InputsModel = InputsModel, RunOptions = RunOptions, :
     Param[1] (X1: production store capacity [mm]) < 0.01
     X1 set to 0.01
    Warning in airGR::RunModel_GR4J(InputsModel = InputsModel, RunOptions = RunOptions, :
     Param[1] (X1: production store capacity [mm]) < 0.01
     X1 set to 0.01
    Warning in airGR::RunModel_GR4J(InputsModel = InputsModel, RunOptions = RunOptions, :
     Param[1] (X1: production store capacity [mm]) < 0.01
     X1 set to 0.01
    Warning in airGR::RunModel_GR4J(InputsModel = InputsModel, RunOptions = RunOptions, :
     Param[1] (X1: production store capacity [mm]) < 0.01
     X1 set to 0.01
    Warning in airGR::RunModel_GR4J(InputsModel = InputsModel, RunOptions = RunOptions, :
     Param[1] (X1: production store capacity [mm]) < 0.01
     X1 set to 0.01
    Warning in airGR::RunModel_GR4J(InputsModel = InputsModel, RunOptions = RunOptions, :
     Param[1] (X1: production store capacity [mm]) < 0.01
     X1 set to 0.01
    Warning in airGR::RunModel_GR4J(InputsModel = InputsModel, RunOptions = RunOptions, :
     Param[1] (X1: production store capacity [mm]) < 0.01
     X1 set to 0.01
    Warning in airGR::RunModel_GR4J(InputsModel = InputsModel, RunOptions = RunOptions, :
     Param[1] (X1: production store capacity [mm]) < 0.01
     X1 set to 0.01
    Warning in airGR::RunModel_GR4J(InputsModel = InputsModel, RunOptions = RunOptions, :
     Param[1] (X1: production store capacity [mm]) < 0.01
     X1 set to 0.01
    Warning in airGR::RunModel_GR4J(InputsModel = InputsModel, RunOptions = RunOptions, :
     Param[1] (X1: production store capacity [mm]) < 0.01
     X1 set to 0.01
    Warning in airGR::RunModel_GR4J(InputsModel = InputsModel, RunOptions = RunOptions, :
     Param[1] (X1: production store capacity [mm]) < 0.01
     X1 set to 0.01
    Warning in airGR::RunModel_GR4J(InputsModel = InputsModel, RunOptions = RunOptions, :
     Param[1] (X1: production store capacity [mm]) < 0.01
     X1 set to 0.01
    Warning in airGR::RunModel_GR4J(InputsModel = InputsModel, RunOptions = RunOptions, :
     Param[1] (X1: production store capacity [mm]) < 0.01
     X1 set to 0.01
    Warning in airGR::RunModel_GR4J(InputsModel = InputsModel, RunOptions = RunOptions, :
     Param[1] (X1: production store capacity [mm]) < 0.01
     X1 set to 0.01
    Warning in airGR::RunModel_GR4J(InputsModel = InputsModel, RunOptions = RunOptions, :
     Param[1] (X1: production store capacity [mm]) < 0.01
     X1 set to 0.01
    Warning in airGR::RunModel_GR4J(InputsModel = InputsModel, RunOptions = RunOptions, :
     Param[1] (X1: production store capacity [mm]) < 0.01
     X1 set to 0.01
    Warning in airGR::RunModel_GR4J(InputsModel = InputsModel, RunOptions = RunOptions, :
     Param[1] (X1: production store capacity [mm]) < 0.01
     X1 set to 0.01
    Warning in airGR::RunModel_GR4J(InputsModel = InputsModel, RunOptions = RunOptions, :
     Param[1] (X1: production store capacity [mm]) < 0.01
     X1 set to 0.01
    Warning in airGR::RunModel_GR4J(InputsModel = InputsModel, RunOptions = RunOptions, :
     Param[1] (X1: production store capacity [mm]) < 0.01
     X1 set to 0.01
    Warning in airGR::RunModel_GR4J(InputsModel = InputsModel, RunOptions = RunOptions, :
     Param[1] (X1: production store capacity [mm]) < 0.01
     X1 set to 0.01
    Warning in airGR::RunModel_GR4J(InputsModel = InputsModel, RunOptions = RunOptions, :
     Param[1] (X1: production store capacity [mm]) < 0.01
     X1 set to 0.01
    Warning in airGR::RunModel_GR4J(InputsModel = InputsModel, RunOptions = RunOptions, :
     Param[1] (X1: production store capacity [mm]) < 0.01
     X1 set to 0.01
    Warning in airGR::RunModel_GR4J(InputsModel = InputsModel, RunOptions = RunOptions, :
     Param[1] (X1: production store capacity [mm]) < 0.01
     X1 set to 0.01
    Warning in airGR::RunModel_GR4J(InputsModel = InputsModel, RunOptions = RunOptions, :
     Param[1] (X1: production store capacity [mm]) < 0.01
     X1 set to 0.01
    Warning in airGR::RunModel_GR4J(InputsModel = InputsModel, RunOptions = RunOptions, :
     Param[1] (X1: production store capacity [mm]) < 0.01
     X1 set to 0.01
    Warning in airGR::RunModel_GR4J(InputsModel = InputsModel, RunOptions = RunOptions, :
     Param[1] (X1: production store capacity [mm]) < 0.01
     X1 set to 0.01
    Warning in airGR::RunModel_GR4J(InputsModel = InputsModel, RunOptions = RunOptions, :
     Param[1] (X1: production store capacity [mm]) < 0.01
     X1 set to 0.01
    Warning in airGR::RunModel_GR4J(InputsModel = InputsModel, RunOptions = RunOptions, :
     Param[1] (X1: production store capacity [mm]) < 0.01
     X1 set to 0.01
    Warning in airGR::RunModel_GR4J(InputsModel = InputsModel, RunOptions = RunOptions, :
     Param[1] (X1: production store capacity [mm]) < 0.01
     X1 set to 0.01
    Warning in airGR::RunModel_GR4J(InputsModel = InputsModel, RunOptions = RunOptions, :
     Param[1] (X1: production store capacity [mm]) < 0.01
     X1 set to 0.01
    Warning in airGR::RunModel_GR4J(InputsModel = InputsModel, RunOptions = RunOptions, :
     Param[1] (X1: production store capacity [mm]) < 0.01
     X1 set to 0.01
    Warning in airGR::RunModel_GR4J(InputsModel = InputsModel, RunOptions = RunOptions, :
     Param[1] (X1: production store capacity [mm]) < 0.01
     X1 set to 0.01
    Warning in airGR::RunModel_GR4J(InputsModel = InputsModel, RunOptions = RunOptions, :
     Param[1] (X1: production store capacity [mm]) < 0.01
     X1 set to 0.01
    Warning in airGR::RunModel_GR4J(InputsModel = InputsModel, RunOptions = RunOptions, :
     Param[1] (X1: production store capacity [mm]) < 0.01
     X1 set to 0.01
    Warning in airGR::RunModel_GR4J(InputsModel = InputsModel, RunOptions = RunOptions, :
     Param[1] (X1: production store capacity [mm]) < 0.01
     X1 set to 0.01
    Warning in airGR::RunModel_GR4J(InputsModel = InputsModel, RunOptions = RunOptions, :
     Param[1] (X1: production store capacity [mm]) < 0.01
     X1 set to 0.01
    Warning in airGR::RunModel_GR4J(InputsModel = InputsModel, RunOptions = RunOptions, :
     Param[1] (X1: production store capacity [mm]) < 0.01
     X1 set to 0.01
    Warning in airGR::RunModel_GR4J(InputsModel = InputsModel, RunOptions = RunOptions, :
     Param[1] (X1: production store capacity [mm]) < 0.01
     X1 set to 0.01
    Warning in airGR::RunModel_GR4J(InputsModel = InputsModel, RunOptions = RunOptions, :
     Param[1] (X1: production store capacity [mm]) < 0.01
     X1 set to 0.01
    Warning in airGR::RunModel_GR4J(InputsModel = InputsModel, RunOptions = RunOptions, :
     Param[1] (X1: production store capacity [mm]) < 0.01
     X1 set to 0.01
    Warning in airGR::RunModel_GR4J(InputsModel = InputsModel, RunOptions = RunOptions, :
     Param[1] (X1: production store capacity [mm]) < 0.01
     X1 set to 0.01
    Warning in airGR::RunModel_GR4J(InputsModel = InputsModel, RunOptions = RunOptions, :
     Param[1] (X1: production store capacity [mm]) < 0.01
     X1 set to 0.01
    Warning in airGR::RunModel_GR4J(InputsModel = InputsModel, RunOptions = RunOptions, :
     Param[1] (X1: production store capacity [mm]) < 0.01
     X1 set to 0.01
    Warning in airGR::RunModel_GR4J(InputsModel = InputsModel, RunOptions = RunOptions, :
     Param[1] (X1: production store capacity [mm]) < 0.01
     X1 set to 0.01
    Warning in airGR::RunModel_GR4J(InputsModel = InputsModel, RunOptions = RunOptions, :
     Param[1] (X1: production store capacity [mm]) < 0.01
     X1 set to 0.01
    Warning in airGR::RunModel_GR4J(InputsModel = InputsModel, RunOptions = RunOptions, :
     Param[1] (X1: production store capacity [mm]) < 0.01
     X1 set to 0.01
    Warning in airGR::RunModel_GR4J(InputsModel = InputsModel, RunOptions = RunOptions, :
     Param[1] (X1: production store capacity [mm]) < 0.01
     X1 set to 0.01
    Warning in airGR::RunModel_GR4J(InputsModel = InputsModel, RunOptions = RunOptions, :
     Param[1] (X1: production store capacity [mm]) < 0.01
     X1 set to 0.01
    Warning in airGR::RunModel_GR4J(InputsModel = InputsModel, RunOptions = RunOptions, :
     Param[1] (X1: production store capacity [mm]) < 0.01
     X1 set to 0.01
    Warning in airGR::RunModel_GR4J(InputsModel = InputsModel, RunOptions = RunOptions, :
     Param[1] (X1: production store capacity [mm]) < 0.01
     X1 set to 0.01
    Warning in airGR::RunModel_GR4J(InputsModel = InputsModel, RunOptions = RunOptions, :
     Param[1] (X1: production store capacity [mm]) < 0.01
     X1 set to 0.01
    Warning in airGR::RunModel_GR4J(InputsModel = InputsModel, RunOptions = RunOptions, :
     Param[1] (X1: production store capacity [mm]) < 0.01
     X1 set to 0.01
    Warning in airGR::RunModel_GR4J(InputsModel = InputsModel, RunOptions = RunOptions, :
     Param[1] (X1: production store capacity [mm]) < 0.01
     X1 set to 0.01
    Warning in airGR::RunModel_GR4J(InputsModel = InputsModel, RunOptions = RunOptions, :
     Param[1] (X1: production store capacity [mm]) < 0.01
     X1 set to 0.01
    Warning in airGR::RunModel_GR4J(InputsModel = InputsModel, RunOptions = RunOptions, :
     Param[1] (X1: production store capacity [mm]) < 0.01
     X1 set to 0.01
    Warning in airGR::RunModel_GR4J(InputsModel = InputsModel, RunOptions = RunOptions, :
     Param[1] (X1: production store capacity [mm]) < 0.01
     X1 set to 0.01
    Warning in airGR::RunModel_GR4J(InputsModel = InputsModel, RunOptions = RunOptions, :
     Param[1] (X1: production store capacity [mm]) < 0.01
     X1 set to 0.01
    Warning in airGR::RunModel_GR4J(InputsModel = InputsModel, RunOptions = RunOptions, :
     Param[1] (X1: production store capacity [mm]) < 0.01
     X1 set to 0.01
    Warning in airGR::RunModel_GR4J(InputsModel = InputsModel, RunOptions = RunOptions, :
     Param[1] (X1: production store capacity [mm]) < 0.01
     X1 set to 0.01
    Warning in airGR::RunModel_GR4J(InputsModel = InputsModel, RunOptions = RunOptions, :
     Param[1] (X1: production store capacity [mm]) < 0.01
     X1 set to 0.01
    Warning in airGR::RunModel_GR4J(InputsModel = InputsModel, RunOptions = RunOptions, :
     Param[3] (X3: routing store capacity [mm]) < 0.01
     X3 set to 0.01
    Warning in airGR::RunModel_GR4J(InputsModel = InputsModel, RunOptions = RunOptions, :
     Param[3] (X3: routing store capacity [mm]) < 0.01
     X3 set to 0.01
    Warning in airGR::RunModel_GR4J(InputsModel = InputsModel, RunOptions = RunOptions, :
     Param[1] (X1: production store capacity [mm]) < 0.01
     X1 set to 0.01
    Warning in airGR::RunModel_GR4J(InputsModel = InputsModel, RunOptions = RunOptions, :
     Param[3] (X3: routing store capacity [mm]) < 0.01
     X3 set to 0.01
    Warning in airGR::RunModel_GR4J(InputsModel = InputsModel, RunOptions = RunOptions, :
     Param[3] (X3: routing store capacity [mm]) < 0.01
     X3 set to 0.01
    Warning in airGR::RunModel_GR4J(InputsModel = InputsModel, RunOptions = RunOptions, :
     Param[3] (X3: routing store capacity [mm]) < 0.01
     X3 set to 0.01
    Warning in airGR::RunModel_GR4J(InputsModel = InputsModel, RunOptions = RunOptions, :
     Param[3] (X3: routing store capacity [mm]) < 0.01
     X3 set to 0.01
    Warning in airGR::RunModel_GR4J(InputsModel = InputsModel, RunOptions = RunOptions, :
     Param[1] (X1: production store capacity [mm]) < 0.01
     X1 set to 0.01
    Warning in airGR::RunModel_GR4J(InputsModel = InputsModel, RunOptions = RunOptions, :
     Param[3] (X3: routing store capacity [mm]) < 0.01
     X3 set to 0.01
    Warning in airGR::RunModel_GR4J(InputsModel = InputsModel, RunOptions = RunOptions, :
     Param[3] (X3: routing store capacity [mm]) < 0.01
     X3 set to 0.01
    Warning in airGR::RunModel_GR4J(InputsModel = InputsModel, RunOptions = RunOptions, :
     Param[1] (X1: production store capacity [mm]) < 0.01
     X1 set to 0.01
    Warning in airGR::RunModel_GR4J(InputsModel = InputsModel, RunOptions = RunOptions, :
     Param[1] (X1: production store capacity [mm]) < 0.01
     X1 set to 0.01
    Warning in airGR::RunModel_GR4J(InputsModel = InputsModel, RunOptions = RunOptions, :
     Param[1] (X1: production store capacity [mm]) < 0.01
     X1 set to 0.01
    Warning in airGR::RunModel_GR4J(InputsModel = InputsModel, RunOptions = RunOptions, :
     Param[1] (X1: production store capacity [mm]) < 0.01
     X1 set to 0.01
    Warning in airGR::RunModel_GR4J(InputsModel = InputsModel, RunOptions = RunOptions, :
     Param[3] (X3: routing store capacity [mm]) < 0.01
     X3 set to 0.01
    Warning in airGR::RunModel_GR4J(InputsModel = InputsModel, RunOptions = RunOptions, :
     Param[3] (X3: routing store capacity [mm]) < 0.01
     X3 set to 0.01
    Warning in airGR::RunModel_GR4J(InputsModel = InputsModel, RunOptions = RunOptions, :
     Param[1] (X1: production store capacity [mm]) < 0.01
     X1 set to 0.01
    Warning in airGR::RunModel_GR4J(InputsModel = InputsModel, RunOptions = RunOptions, :
     Param[1] (X1: production store capacity [mm]) < 0.01
     X1 set to 0.01
    Warning in airGR::RunModel_GR4J(InputsModel = InputsModel, RunOptions = RunOptions, :
     Param[1] (X1: production store capacity [mm]) < 0.01
     X1 set to 0.01
    Warning in airGR::RunModel_GR4J(InputsModel = InputsModel, RunOptions = RunOptions, :
     Param[1] (X1: production store capacity [mm]) < 0.01
     X1 set to 0.01
    Warning in airGR::RunModel_GR4J(InputsModel = InputsModel, RunOptions = RunOptions, :
     Param[3] (X3: routing store capacity [mm]) < 0.01
     X3 set to 0.01
    Warning in airGR::RunModel_GR4J(InputsModel = InputsModel, RunOptions = RunOptions, :
     Param[1] (X1: production store capacity [mm]) < 0.01
     X1 set to 0.01
    Warning in airGR::RunModel_GR4J(InputsModel = InputsModel, RunOptions = RunOptions, :
     Param[3] (X3: routing store capacity [mm]) < 0.01
     X3 set to 0.01
    Warning in airGR::RunModel_GR4J(InputsModel = InputsModel, RunOptions = RunOptions, :
     Param[3] (X3: routing store capacity [mm]) < 0.01
     X3 set to 0.01
    Warning in airGR::RunModel_GR4J(InputsModel = InputsModel, RunOptions = RunOptions, :
     Param[3] (X3: routing store capacity [mm]) < 0.01
     X3 set to 0.01
    Warning in airGR::RunModel_GR4J(InputsModel = InputsModel, RunOptions = RunOptions, :
     Param[1] (X1: production store capacity [mm]) < 0.01
     X1 set to 0.01
    Warning in airGR::RunModel_GR4J(InputsModel = InputsModel, RunOptions = RunOptions, :
     Param[1] (X1: production store capacity [mm]) < 0.01
     X1 set to 0.01
    Warning in airGR::RunModel_GR4J(InputsModel = InputsModel, RunOptions = RunOptions, :
     Param[3] (X3: routing store capacity [mm]) < 0.01
     X3 set to 0.01
    Warning in airGR::RunModel_GR4J(InputsModel = InputsModel, RunOptions = RunOptions, :
     Param[1] (X1: production store capacity [mm]) < 0.01
     X1 set to 0.01
    Warning in airGR::RunModel_GR4J(InputsModel = InputsModel, RunOptions = RunOptions, :
     Param[1] (X1: production store capacity [mm]) < 0.01
     X1 set to 0.01
    Warning in airGR::RunModel_GR4J(InputsModel = InputsModel, RunOptions = RunOptions, :
     Param[1] (X1: production store capacity [mm]) < 0.01
     X1 set to 0.01
    Warning in airGR::RunModel_GR4J(InputsModel = InputsModel, RunOptions = RunOptions, :
     Param[1] (X1: production store capacity [mm]) < 0.01
     X1 set to 0.01
    Warning in airGR::RunModel_GR4J(InputsModel = InputsModel, RunOptions = RunOptions, :
     Param[3] (X3: routing store capacity [mm]) < 0.01
     X3 set to 0.01
    Warning in airGR::RunModel_GR4J(InputsModel = InputsModel, RunOptions = RunOptions, :
     Param[1] (X1: production store capacity [mm]) < 0.01
     X1 set to 0.01
    Warning in airGR::RunModel_GR4J(InputsModel = InputsModel, RunOptions = RunOptions, :
     Param[1] (X1: production store capacity [mm]) < 0.01
     X1 set to 0.01
    Warning in airGR::RunModel_GR4J(InputsModel = InputsModel, RunOptions = RunOptions, :
     Param[1] (X1: production store capacity [mm]) < 0.01
     X1 set to 0.01
    Warning in airGR::RunModel_GR4J(InputsModel = InputsModel, RunOptions = RunOptions, :
     Param[3] (X3: routing store capacity [mm]) < 0.01
     X3 set to 0.01
    Warning in airGR::RunModel_GR4J(InputsModel = InputsModel, RunOptions = RunOptions, :
     Param[3] (X3: routing store capacity [mm]) < 0.01
     X3 set to 0.01
    Warning in airGR::RunModel_GR4J(InputsModel = InputsModel, RunOptions = RunOptions, :
     Param[3] (X3: routing store capacity [mm]) < 0.01
     X3 set to 0.01
    Warning in airGR::RunModel_GR4J(InputsModel = InputsModel, RunOptions = RunOptions, :
     Param[1] (X1: production store capacity [mm]) < 0.01
     X1 set to 0.01
    Warning in airGR::RunModel_GR4J(InputsModel = InputsModel, RunOptions = RunOptions, :
     Param[1] (X1: production store capacity [mm]) < 0.01
     X1 set to 0.01
    Warning in airGR::RunModel_GR4J(InputsModel = InputsModel, RunOptions = RunOptions, :
     Param[3] (X3: routing store capacity [mm]) < 0.01
     X3 set to 0.01
    Warning in airGR::RunModel_GR4J(InputsModel = InputsModel, RunOptions = RunOptions, :
     Param[1] (X1: production store capacity [mm]) < 0.01
     X1 set to 0.01
    Warning in airGR::RunModel_GR4J(InputsModel = InputsModel, RunOptions = RunOptions, :
     Param[1] (X1: production store capacity [mm]) < 0.01
     X1 set to 0.01
    Warning in airGR::RunModel_GR4J(InputsModel = InputsModel, RunOptions = RunOptions, :
     Param[3] (X3: routing store capacity [mm]) < 0.01
     X3 set to 0.01
    Warning in airGR::RunModel_GR4J(InputsModel = InputsModel, RunOptions = RunOptions, :
     Param[1] (X1: production store capacity [mm]) < 0.01
     X1 set to 0.01
    Warning in airGR::RunModel_GR4J(InputsModel = InputsModel, RunOptions = RunOptions, :
     Param[1] (X1: production store capacity [mm]) < 0.01
     X1 set to 0.01
    Warning in airGR::RunModel_GR4J(InputsModel = InputsModel, RunOptions = RunOptions, :
     Param[1] (X1: production store capacity [mm]) < 0.01
     X1 set to 0.01
    Warning in airGR::RunModel_GR4J(InputsModel = InputsModel, RunOptions = RunOptions, :
     Param[1] (X1: production store capacity [mm]) < 0.01
     X1 set to 0.01
    Warning in airGR::RunModel_GR4J(InputsModel = InputsModel, RunOptions = RunOptions, :
     Param[3] (X3: routing store capacity [mm]) < 0.01
     X3 set to 0.01
    Warning in airGR::RunModel_GR4J(InputsModel = InputsModel, RunOptions = RunOptions, :
     Param[1] (X1: production store capacity [mm]) < 0.01
     X1 set to 0.01
    Warning in airGR::RunModel_GR4J(InputsModel = InputsModel, RunOptions = RunOptions, :
     Param[1] (X1: production store capacity [mm]) < 0.01
     X1 set to 0.01
    Warning in airGR::RunModel_GR4J(InputsModel = InputsModel, RunOptions = RunOptions, :
     Param[1] (X1: production store capacity [mm]) < 0.01
     X1 set to 0.01
    Warning in airGR::RunModel_GR4J(InputsModel = InputsModel, RunOptions = RunOptions, :
     Param[1] (X1: production store capacity [mm]) < 0.01
     X1 set to 0.01
    Warning in airGR::RunModel_GR4J(InputsModel = InputsModel, RunOptions = RunOptions, :
     Param[1] (X1: production store capacity [mm]) < 0.01
     X1 set to 0.01
    Warning in airGR::RunModel_GR4J(InputsModel = InputsModel, RunOptions = RunOptions, :
     Param[3] (X3: routing store capacity [mm]) < 0.01
     X3 set to 0.01
    Warning in airGR::RunModel_GR4J(InputsModel = InputsModel, RunOptions = RunOptions, :
     Param[1] (X1: production store capacity [mm]) < 0.01
     X1 set to 0.01
    Warning in airGR::RunModel_GR4J(InputsModel = InputsModel, RunOptions = RunOptions, :
     Param[1] (X1: production store capacity [mm]) < 0.01
     X1 set to 0.01
    Warning in airGR::RunModel_GR4J(InputsModel = InputsModel, RunOptions = RunOptions, :
     Param[1] (X1: production store capacity [mm]) < 0.01
     X1 set to 0.01
    Warning in airGR::RunModel_GR4J(InputsModel = InputsModel, RunOptions = RunOptions, :
     Param[1] (X1: production store capacity [mm]) < 0.01
     X1 set to 0.01
    Warning in airGR::RunModel_GR4J(InputsModel = InputsModel, RunOptions = RunOptions, :
     Param[1] (X1: production store capacity [mm]) < 0.01
     X1 set to 0.01
    Warning in airGR::RunModel_GR4J(InputsModel = InputsModel, RunOptions = RunOptions, :
     Param[1] (X1: production store capacity [mm]) < 0.01
     X1 set to 0.01
    Warning in airGR::RunModel_GR4J(InputsModel = InputsModel, RunOptions = RunOptions, :
     Param[1] (X1: production store capacity [mm]) < 0.01
     X1 set to 0.01
    Warning in airGR::RunModel_GR4J(InputsModel = InputsModel, RunOptions = RunOptions, :
     Param[3] (X3: routing store capacity [mm]) < 0.01
     X3 set to 0.01
    Warning in airGR::RunModel_GR4J(InputsModel = InputsModel, RunOptions = RunOptions, :
     Param[1] (X1: production store capacity [mm]) < 0.01
     X1 set to 0.01
    Warning in airGR::RunModel_GR4J(InputsModel = InputsModel, RunOptions = RunOptions, :
     Param[1] (X1: production store capacity [mm]) < 0.01
     X1 set to 0.01
    Warning in airGR::RunModel_GR4J(InputsModel = InputsModel, RunOptions = RunOptions, :
     Param[1] (X1: production store capacity [mm]) < 0.01
     X1 set to 0.01
    Warning in airGR::RunModel_GR4J(InputsModel = InputsModel, RunOptions = RunOptions, :
     Param[1] (X1: production store capacity [mm]) < 0.01
     X1 set to 0.01
    Warning in airGR::RunModel_GR4J(InputsModel = InputsModel, RunOptions = RunOptions, :
     Param[1] (X1: production store capacity [mm]) < 0.01
     X1 set to 0.01
    Warning in airGR::RunModel_GR4J(InputsModel = InputsModel, RunOptions = RunOptions, :
     Param[1] (X1: production store capacity [mm]) < 0.01
     X1 set to 0.01
    Warning in airGR::RunModel_GR4J(InputsModel = InputsModel, RunOptions = RunOptions, :
     Param[1] (X1: production store capacity [mm]) < 0.01
     X1 set to 0.01
    Warning in airGR::RunModel_GR4J(InputsModel = InputsModel, RunOptions = RunOptions, :
     Param[1] (X1: production store capacity [mm]) < 0.01
     X1 set to 0.01
    Warning in airGR::RunModel_GR4J(InputsModel = InputsModel, RunOptions = RunOptions, :
     Param[3] (X3: routing store capacity [mm]) < 0.01
     X3 set to 0.01
    Warning in airGR::RunModel_GR4J(InputsModel = InputsModel, RunOptions = RunOptions, :
     Param[1] (X1: production store capacity [mm]) < 0.01
     X1 set to 0.01
    Warning in airGR::RunModel_GR4J(InputsModel = InputsModel, RunOptions = RunOptions, :
     Param[1] (X1: production store capacity [mm]) < 0.01
     X1 set to 0.01
    Warning in airGR::RunModel_GR4J(InputsModel = InputsModel, RunOptions = RunOptions, :
     Param[1] (X1: production store capacity [mm]) < 0.01
     X1 set to 0.01
    Warning in airGR::RunModel_GR4J(InputsModel = InputsModel, RunOptions = RunOptions, :
     Param[3] (X3: routing store capacity [mm]) < 0.01
     X3 set to 0.01
    Warning in airGR::RunModel_GR4J(InputsModel = InputsModel, RunOptions = RunOptions, :
     Param[1] (X1: production store capacity [mm]) < 0.01
     X1 set to 0.01
    Warning in airGR::RunModel_GR4J(InputsModel = InputsModel, RunOptions = RunOptions, :
     Param[1] (X1: production store capacity [mm]) < 0.01
     X1 set to 0.01
    Warning in airGR::RunModel_GR4J(InputsModel = InputsModel, RunOptions = RunOptions, :
     Param[3] (X3: routing store capacity [mm]) < 0.01
     X3 set to 0.01
    Warning in airGR::RunModel_GR4J(InputsModel = InputsModel, RunOptions = RunOptions, :
     Param[3] (X3: routing store capacity [mm]) < 0.01
     X3 set to 0.01
    Warning in airGR::RunModel_GR4J(InputsModel = InputsModel, RunOptions = RunOptions, :
     Param[3] (X3: routing store capacity [mm]) < 0.01
     X3 set to 0.01
    Warning in airGR::RunModel_GR4J(InputsModel = InputsModel, RunOptions = RunOptions, :
     Param[1] (X1: production store capacity [mm]) < 0.01
     X1 set to 0.01
    Warning in airGR::RunModel_GR4J(InputsModel = InputsModel, RunOptions = RunOptions, :
     Param[3] (X3: routing store capacity [mm]) < 0.01
     X3 set to 0.01
    Warning in airGR::RunModel_GR4J(InputsModel = InputsModel, RunOptions = RunOptions, :
     Param[1] (X1: production store capacity [mm]) < 0.01
     X1 set to 0.01
    Warning in airGR::RunModel_GR4J(InputsModel = InputsModel, RunOptions = RunOptions, :
     Param[1] (X1: production store capacity [mm]) < 0.01
     X1 set to 0.01
    Warning in airGR::RunModel_GR4J(InputsModel = InputsModel, RunOptions = RunOptions, :
     Param[1] (X1: production store capacity [mm]) < 0.01
     X1 set to 0.01
    Warning in airGR::RunModel_GR4J(InputsModel = InputsModel, RunOptions = RunOptions, :
     Param[3] (X3: routing store capacity [mm]) < 0.01
     X3 set to 0.01
    Warning in airGR::RunModel_GR4J(InputsModel = InputsModel, RunOptions = RunOptions, :
     Param[1] (X1: production store capacity [mm]) < 0.01
     X1 set to 0.01
    Warning in airGR::RunModel_GR4J(InputsModel = InputsModel, RunOptions = RunOptions, :
     Param[1] (X1: production store capacity [mm]) < 0.01
     X1 set to 0.01
    Warning in airGR::RunModel_GR4J(InputsModel = InputsModel, RunOptions = RunOptions, :
     Param[1] (X1: production store capacity [mm]) < 0.01
     X1 set to 0.01
    Warning in airGR::RunModel_GR4J(InputsModel = InputsModel, RunOptions = RunOptions, :
     Param[3] (X3: routing store capacity [mm]) < 0.01
     X3 set to 0.01
    Warning in airGR::RunModel_GR4J(InputsModel = InputsModel, RunOptions = RunOptions, :
     Param[1] (X1: production store capacity [mm]) < 0.01
     X1 set to 0.01
    Warning in airGR::RunModel_GR4J(InputsModel = InputsModel, RunOptions = RunOptions, :
     Param[1] (X1: production store capacity [mm]) < 0.01
     X1 set to 0.01
    Warning in airGR::RunModel_GR4J(InputsModel = InputsModel, RunOptions = RunOptions, :
     Param[1] (X1: production store capacity [mm]) < 0.01
     X1 set to 0.01
    Warning in airGR::RunModel_GR4J(InputsModel = InputsModel, RunOptions = RunOptions, :
     Param[3] (X3: routing store capacity [mm]) < 0.01
     X3 set to 0.01
    Warning in airGR::RunModel_GR4J(InputsModel = InputsModel, RunOptions = RunOptions, :
     Param[3] (X3: routing store capacity [mm]) < 0.01
     X3 set to 0.01
    Warning in airGR::RunModel_GR4J(InputsModel = InputsModel, RunOptions = RunOptions, :
     Param[1] (X1: production store capacity [mm]) < 0.01
     X1 set to 0.01
    Warning in airGR::RunModel_GR4J(InputsModel = InputsModel, RunOptions = RunOptions, :
     Param[1] (X1: production store capacity [mm]) < 0.01
     X1 set to 0.01
    Warning in airGR::RunModel_GR4J(InputsModel = InputsModel, RunOptions = RunOptions, :
     Param[1] (X1: production store capacity [mm]) < 0.01
     X1 set to 0.01
    Warning in airGR::RunModel_GR4J(InputsModel = InputsModel, RunOptions = RunOptions, :
     Param[1] (X1: production store capacity [mm]) < 0.01
     X1 set to 0.01
    Warning in airGR::RunModel_GR4J(InputsModel = InputsModel, RunOptions = RunOptions, :
     Param[1] (X1: production store capacity [mm]) < 0.01
     X1 set to 0.01
    Warning in airGR::RunModel_GR4J(InputsModel = InputsModel, RunOptions = RunOptions, :
     Param[1] (X1: production store capacity [mm]) < 0.01
     X1 set to 0.01
    Warning in airGR::RunModel_GR4J(InputsModel = InputsModel, RunOptions = RunOptions, :
     Param[1] (X1: production store capacity [mm]) < 0.01
     X1 set to 0.01
    Warning in airGR::RunModel_GR4J(InputsModel = InputsModel, RunOptions = RunOptions, :
     Param[3] (X3: routing store capacity [mm]) < 0.01
     X3 set to 0.01
    Warning in airGR::RunModel_GR4J(InputsModel = InputsModel, RunOptions = RunOptions, :
     Param[1] (X1: production store capacity [mm]) < 0.01
     X1 set to 0.01
    Warning in airGR::RunModel_GR4J(InputsModel = InputsModel, RunOptions = RunOptions, :
     Param[1] (X1: production store capacity [mm]) < 0.01
     X1 set to 0.01
    Warning in airGR::RunModel_GR4J(InputsModel = InputsModel, RunOptions = RunOptions, :
     Param[1] (X1: production store capacity [mm]) < 0.01
     X1 set to 0.01
    Warning in airGR::RunModel_GR4J(InputsModel = InputsModel, RunOptions = RunOptions, :
     Param[3] (X3: routing store capacity [mm]) < 0.01
     X3 set to 0.01
    Warning in airGR::RunModel_GR4J(InputsModel = InputsModel, RunOptions = RunOptions, :
     Param[1] (X1: production store capacity [mm]) < 0.01
     X1 set to 0.01
    Warning in airGR::RunModel_GR4J(InputsModel = InputsModel, RunOptions = RunOptions, :
     Param[1] (X1: production store capacity [mm]) < 0.01
     X1 set to 0.01
    Warning in airGR::RunModel_GR4J(InputsModel = InputsModel, RunOptions = RunOptions, :
     Param[1] (X1: production store capacity [mm]) < 0.01
     X1 set to 0.01
    Warning in airGR::RunModel_GR4J(InputsModel = InputsModel, RunOptions = RunOptions, :
     Param[1] (X1: production store capacity [mm]) < 0.01
     X1 set to 0.01
    Warning in airGR::RunModel_GR4J(InputsModel = InputsModel, RunOptions = RunOptions, :
     Param[1] (X1: production store capacity [mm]) < 0.01
     X1 set to 0.01
    Warning in airGR::RunModel_GR4J(InputsModel = InputsModel, RunOptions = RunOptions, :
     Param[1] (X1: production store capacity [mm]) < 0.01
     X1 set to 0.01
    Warning in airGR::RunModel_GR4J(InputsModel = InputsModel, RunOptions = RunOptions, :
     Param[3] (X3: routing store capacity [mm]) < 0.01
     X3 set to 0.01
    Warning in airGR::RunModel_GR4J(InputsModel = InputsModel, RunOptions = RunOptions, :
     Param[3] (X3: routing store capacity [mm]) < 0.01
     X3 set to 0.01
    Warning in airGR::RunModel_GR4J(InputsModel = InputsModel, RunOptions = RunOptions, :
     Param[1] (X1: production store capacity [mm]) < 0.01
     X1 set to 0.01
    Warning in airGR::RunModel_GR4J(InputsModel = InputsModel, RunOptions = RunOptions, :
     Param[1] (X1: production store capacity [mm]) < 0.01
     X1 set to 0.01
    Warning in airGR::RunModel_GR4J(InputsModel = InputsModel, RunOptions = RunOptions, :
     Param[1] (X1: production store capacity [mm]) < 0.01
     X1 set to 0.01
    Warning in airGR::RunModel_GR4J(InputsModel = InputsModel, RunOptions = RunOptions, :
     Param[1] (X1: production store capacity [mm]) < 0.01
     X1 set to 0.01
    Warning in airGR::RunModel_GR4J(InputsModel = InputsModel, RunOptions = RunOptions, :
     Param[1] (X1: production store capacity [mm]) < 0.01
     X1 set to 0.01
    Warning in airGR::RunModel_GR4J(InputsModel = InputsModel, RunOptions = RunOptions, :
     Param[1] (X1: production store capacity [mm]) < 0.01
     X1 set to 0.01
    Warning in airGR::RunModel_GR4J(InputsModel = InputsModel, RunOptions = RunOptions, :
     Param[1] (X1: production store capacity [mm]) < 0.01
     X1 set to 0.01
    Warning in airGR::RunModel_GR4J(InputsModel = InputsModel, RunOptions = RunOptions, :
     Param[3] (X3: routing store capacity [mm]) < 0.01
     X3 set to 0.01
    Warning in airGR::RunModel_GR4J(InputsModel = InputsModel, RunOptions = RunOptions, :
     Param[1] (X1: production store capacity [mm]) < 0.01
     X1 set to 0.01
    Warning in airGR::RunModel_GR4J(InputsModel = InputsModel, RunOptions = RunOptions, :
     Param[1] (X1: production store capacity [mm]) < 0.01
     X1 set to 0.01
    Warning in airGR::RunModel_GR4J(InputsModel = InputsModel, RunOptions = RunOptions, :
     Param[1] (X1: production store capacity [mm]) < 0.01
     X1 set to 0.01
    Warning in airGR::RunModel_GR4J(InputsModel = InputsModel, RunOptions = RunOptions, :
     Param[1] (X1: production store capacity [mm]) < 0.01
     X1 set to 0.01
    Warning in airGR::RunModel_GR4J(InputsModel = InputsModel, RunOptions = RunOptions, :
     Param[1] (X1: production store capacity [mm]) < 0.01
     X1 set to 0.01
    Warning in airGR::RunModel_GR4J(InputsModel = InputsModel, RunOptions = RunOptions, :
     Param[1] (X1: production store capacity [mm]) < 0.01
     X1 set to 0.01
    Warning in airGR::RunModel_GR4J(InputsModel = InputsModel, RunOptions = RunOptions, :
     Param[1] (X1: production store capacity [mm]) < 0.01
     X1 set to 0.01
    Warning in airGR::RunModel_GR4J(InputsModel = InputsModel, RunOptions = RunOptions, :
     Param[1] (X1: production store capacity [mm]) < 0.01
     X1 set to 0.01
    Warning in airGR::RunModel_GR4J(InputsModel = InputsModel, RunOptions = RunOptions, :
     Param[1] (X1: production store capacity [mm]) < 0.01
     X1 set to 0.01
    Warning in airGR::RunModel_GR4J(InputsModel = InputsModel, RunOptions = RunOptions, :
     Param[3] (X3: routing store capacity [mm]) < 0.01
     X3 set to 0.01
    Warning in airGR::RunModel_GR4J(InputsModel = InputsModel, RunOptions = RunOptions, :
     Param[1] (X1: production store capacity [mm]) < 0.01
     X1 set to 0.01
    Warning in airGR::RunModel_GR4J(InputsModel = InputsModel, RunOptions = RunOptions, :
     Param[3] (X3: routing store capacity [mm]) < 0.01
     X3 set to 0.01
    Warning in airGR::RunModel_GR4J(InputsModel = InputsModel, RunOptions = RunOptions, :
     Param[1] (X1: production store capacity [mm]) < 0.01
     X1 set to 0.01
    Warning in airGR::RunModel_GR4J(InputsModel = InputsModel, RunOptions = RunOptions, :
     Param[1] (X1: production store capacity [mm]) < 0.01
     X1 set to 0.01
    Warning in airGR::RunModel_GR4J(InputsModel = InputsModel, RunOptions = RunOptions, :
     Param[3] (X3: routing store capacity [mm]) < 0.01
     X3 set to 0.01
    Warning in airGR::RunModel_GR4J(InputsModel = InputsModel, RunOptions = RunOptions, :
     Param[1] (X1: production store capacity [mm]) < 0.01
     X1 set to 0.01
    Warning in airGR::RunModel_GR4J(InputsModel = InputsModel, RunOptions = RunOptions, :
     Param[1] (X1: production store capacity [mm]) < 0.01
     X1 set to 0.01
    Warning in airGR::RunModel_GR4J(InputsModel = InputsModel, RunOptions = RunOptions, :
     Param[1] (X1: production store capacity [mm]) < 0.01
     X1 set to 0.01
    Warning in airGR::RunModel_GR4J(InputsModel = InputsModel, RunOptions = RunOptions, :
     Param[1] (X1: production store capacity [mm]) < 0.01
     X1 set to 0.01
    Warning in airGR::RunModel_GR4J(InputsModel = InputsModel, RunOptions = RunOptions, :
     Param[3] (X3: routing store capacity [mm]) < 0.01
     X3 set to 0.01
    Warning in airGR::RunModel_GR4J(InputsModel = InputsModel, RunOptions = RunOptions, :
     Param[1] (X1: production store capacity [mm]) < 0.01
     X1 set to 0.01
    Warning in airGR::RunModel_GR4J(InputsModel = InputsModel, RunOptions = RunOptions, :
     Param[3] (X3: routing store capacity [mm]) < 0.01
     X3 set to 0.01
    Warning in airGR::RunModel_GR4J(InputsModel = InputsModel, RunOptions = RunOptions, :
     Param[1] (X1: production store capacity [mm]) < 0.01
     X1 set to 0.01
    Warning in airGR::RunModel_GR4J(InputsModel = InputsModel, RunOptions = RunOptions, :
     Param[3] (X3: routing store capacity [mm]) < 0.01
     X3 set to 0.01
    Warning in airGR::RunModel_GR4J(InputsModel = InputsModel, RunOptions = RunOptions, :
     Param[1] (X1: production store capacity [mm]) < 0.01
     X1 set to 0.01
    Warning in airGR::RunModel_GR4J(InputsModel = InputsModel, RunOptions = RunOptions, :
     Param[1] (X1: production store capacity [mm]) < 0.01
     X1 set to 0.01
    Warning in airGR::RunModel_GR4J(InputsModel = InputsModel, RunOptions = RunOptions, :
     Param[1] (X1: production store capacity [mm]) < 0.01
     X1 set to 0.01
    Warning in airGR::RunModel_GR4J(InputsModel = InputsModel, RunOptions = RunOptions, :
     Param[1] (X1: production store capacity [mm]) < 0.01
     X1 set to 0.01
    Warning in airGR::RunModel_GR4J(InputsModel = InputsModel, RunOptions = RunOptions, :
     Param[1] (X1: production store capacity [mm]) < 0.01
     X1 set to 0.01
    Warning in airGR::RunModel_GR4J(InputsModel = InputsModel, RunOptions = RunOptions, :
     Param[3] (X3: routing store capacity [mm]) < 0.01
     X3 set to 0.01
    Warning in airGR::RunModel_GR4J(InputsModel = InputsModel, RunOptions = RunOptions, :
     Param[1] (X1: production store capacity [mm]) < 0.01
     X1 set to 0.01
    Warning in airGR::RunModel_GR4J(InputsModel = InputsModel, RunOptions = RunOptions, :
     Param[1] (X1: production store capacity [mm]) < 0.01
     X1 set to 0.01
    Warning in airGR::RunModel_GR4J(InputsModel = InputsModel, RunOptions = RunOptions, :
     Param[1] (X1: production store capacity [mm]) < 0.01
     X1 set to 0.01
    Warning in airGR::RunModel_GR4J(InputsModel = InputsModel, RunOptions = RunOptions, :
     Param[1] (X1: production store capacity [mm]) < 0.01
     X1 set to 0.01
    Warning in airGR::RunModel_GR4J(InputsModel = InputsModel, RunOptions = RunOptions, :
     Param[1] (X1: production store capacity [mm]) < 0.01
     X1 set to 0.01
    Warning in airGR::RunModel_GR4J(InputsModel = InputsModel, RunOptions = RunOptions, :
     Param[3] (X3: routing store capacity [mm]) < 0.01
     X3 set to 0.01
    Warning in airGR::RunModel_GR4J(InputsModel = InputsModel, RunOptions = RunOptions, :
     Param[1] (X1: production store capacity [mm]) < 0.01
     X1 set to 0.01
    Warning in airGR::RunModel_GR4J(InputsModel = InputsModel, RunOptions = RunOptions, :
     Param[1] (X1: production store capacity [mm]) < 0.01
     X1 set to 0.01
    Warning in airGR::RunModel_GR4J(InputsModel = InputsModel, RunOptions = RunOptions, :
     Param[1] (X1: production store capacity [mm]) < 0.01
     X1 set to 0.01
    Warning in airGR::RunModel_GR4J(InputsModel = InputsModel, RunOptions = RunOptions, :
     Param[1] (X1: production store capacity [mm]) < 0.01
     X1 set to 0.01
    Warning in airGR::RunModel_GR4J(InputsModel = InputsModel, RunOptions = RunOptions, :
     Param[1] (X1: production store capacity [mm]) < 0.01
     X1 set to 0.01
    Warning in airGR::RunModel_GR4J(InputsModel = InputsModel, RunOptions = RunOptions, :
     Param[1] (X1: production store capacity [mm]) < 0.01
     X1 set to 0.01
    Warning in airGR::RunModel_GR4J(InputsModel = InputsModel, RunOptions = RunOptions, :
     Param[1] (X1: production store capacity [mm]) < 0.01
     X1 set to 0.01
    Warning in airGR::RunModel_GR4J(InputsModel = InputsModel, RunOptions = RunOptions, :
     Param[3] (X3: routing store capacity [mm]) < 0.01
     X3 set to 0.01
    Warning in airGR::RunModel_GR4J(InputsModel = InputsModel, RunOptions = RunOptions, :
     Param[1] (X1: production store capacity [mm]) < 0.01
     X1 set to 0.01
    Warning in airGR::RunModel_GR4J(InputsModel = InputsModel, RunOptions = RunOptions, :
     Param[1] (X1: production store capacity [mm]) < 0.01
     X1 set to 0.01
    Warning in airGR::RunModel_GR4J(InputsModel = InputsModel, RunOptions = RunOptions, :
     Param[1] (X1: production store capacity [mm]) < 0.01
     X1 set to 0.01
    Warning in airGR::RunModel_GR4J(InputsModel = InputsModel, RunOptions = RunOptions, :
     Param[1] (X1: production store capacity [mm]) < 0.01
     X1 set to 0.01
    Warning in airGR::RunModel_GR4J(InputsModel = InputsModel, RunOptions = RunOptions, :
     Param[1] (X1: production store capacity [mm]) < 0.01
     X1 set to 0.01
    Warning in airGR::RunModel_GR4J(InputsModel = InputsModel, RunOptions = RunOptions, :
     Param[1] (X1: production store capacity [mm]) < 0.01
     X1 set to 0.01
    Warning in airGR::RunModel_GR4J(InputsModel = InputsModel, RunOptions = RunOptions, :
     Param[3] (X3: routing store capacity [mm]) < 0.01
     X3 set to 0.01
    Warning in airGR::RunModel_GR4J(InputsModel = InputsModel, RunOptions = RunOptions, :
     Param[1] (X1: production store capacity [mm]) < 0.01
     X1 set to 0.01
    Warning in airGR::RunModel_GR4J(InputsModel = InputsModel, RunOptions = RunOptions, :
     Param[1] (X1: production store capacity [mm]) < 0.01
     X1 set to 0.01
    Warning in airGR::RunModel_GR4J(InputsModel = InputsModel, RunOptions = RunOptions, :
     Param[1] (X1: production store capacity [mm]) < 0.01
     X1 set to 0.01
    Warning in airGR::RunModel_GR4J(InputsModel = InputsModel, RunOptions = RunOptions, :
     Param[1] (X1: production store capacity [mm]) < 0.01
     X1 set to 0.01
    Warning in airGR::RunModel_GR4J(InputsModel = InputsModel, RunOptions = RunOptions, :
     Param[1] (X1: production store capacity [mm]) < 0.01
     X1 set to 0.01
    Warning in airGR::RunModel_GR4J(InputsModel = InputsModel, RunOptions = RunOptions, :
     Param[1] (X1: production store capacity [mm]) < 0.01
     X1 set to 0.01
    Warning in airGR::RunModel_GR4J(InputsModel = InputsModel, RunOptions = RunOptions, :
     Param[1] (X1: production store capacity [mm]) < 0.01
     X1 set to 0.01
    Warning in airGR::RunModel_GR4J(InputsModel = InputsModel, RunOptions = RunOptions, :
     Param[1] (X1: production store capacity [mm]) < 0.01
     X1 set to 0.01
    Warning in airGR::RunModel_GR4J(InputsModel = InputsModel, RunOptions = RunOptions, :
     Param[1] (X1: production store capacity [mm]) < 0.01
     X1 set to 0.01
    Warning in airGR::RunModel_GR4J(InputsModel = InputsModel, RunOptions = RunOptions, :
     Param[1] (X1: production store capacity [mm]) < 0.01
     X1 set to 0.01
    Warning in airGR::RunModel_GR4J(InputsModel = InputsModel, RunOptions = RunOptions, :
     Param[1] (X1: production store capacity [mm]) < 0.01
     X1 set to 0.01
    Warning in airGR::RunModel_GR4J(InputsModel = InputsModel, RunOptions = RunOptions, :
     Param[1] (X1: production store capacity [mm]) < 0.01
     X1 set to 0.01
    Warning in airGR::RunModel_GR4J(InputsModel = InputsModel, RunOptions = RunOptions, :
     Param[1] (X1: production store capacity [mm]) < 0.01
     X1 set to 0.01
    Warning in airGR::RunModel_GR4J(InputsModel = InputsModel, RunOptions = RunOptions, :
     Param[1] (X1: production store capacity [mm]) < 0.01
     X1 set to 0.01
    Warning in airGR::RunModel_GR4J(InputsModel = InputsModel, RunOptions = RunOptions, :
     Param[1] (X1: production store capacity [mm]) < 0.01
     X1 set to 0.01
    Warning in airGR::RunModel_GR4J(InputsModel = InputsModel, RunOptions = RunOptions, :
     Param[1] (X1: production store capacity [mm]) < 0.01
     X1 set to 0.01
    Warning in airGR::RunModel_GR4J(InputsModel = InputsModel, RunOptions = RunOptions, :
     Param[1] (X1: production store capacity [mm]) < 0.01
     X1 set to 0.01
    Warning in airGR::RunModel_GR4J(InputsModel = InputsModel, RunOptions = RunOptions, :
     Param[3] (X3: routing store capacity [mm]) < 0.01
     X3 set to 0.01
    Warning in airGR::RunModel_GR4J(InputsModel = InputsModel, RunOptions = RunOptions, :
     Param[1] (X1: production store capacity [mm]) < 0.01
     X1 set to 0.01
    Warning in airGR::RunModel_GR4J(InputsModel = InputsModel, RunOptions = RunOptions, :
     Param[1] (X1: production store capacity [mm]) < 0.01
     X1 set to 0.01
    Warning in airGR::RunModel_GR4J(InputsModel = InputsModel, RunOptions = RunOptions, :
     Param[1] (X1: production store capacity [mm]) < 0.01
     X1 set to 0.01
    Warning in airGR::RunModel_GR4J(InputsModel = InputsModel, RunOptions = RunOptions, :
     Param[1] (X1: production store capacity [mm]) < 0.01
     X1 set to 0.01
    Warning in airGR::RunModel_GR4J(InputsModel = InputsModel, RunOptions = RunOptions, :
     Param[1] (X1: production store capacity [mm]) < 0.01
     X1 set to 0.01
    Warning in airGR::RunModel_GR4J(InputsModel = InputsModel, RunOptions = RunOptions, :
     Param[1] (X1: production store capacity [mm]) < 0.01
     X1 set to 0.01
    Warning in airGR::RunModel_GR4J(InputsModel = InputsModel, RunOptions = RunOptions, :
     Param[1] (X1: production store capacity [mm]) < 0.01
     X1 set to 0.01
    Warning in airGR::RunModel_GR4J(InputsModel = InputsModel, RunOptions = RunOptions, :
     Param[1] (X1: production store capacity [mm]) < 0.01
     X1 set to 0.01
    Warning in airGR::RunModel_GR4J(InputsModel = InputsModel, RunOptions = RunOptions, :
     Param[1] (X1: production store capacity [mm]) < 0.01
     X1 set to 0.01
    Warning in airGR::RunModel_GR4J(InputsModel = InputsModel, RunOptions = RunOptions, :
     Param[1] (X1: production store capacity [mm]) < 0.01
     X1 set to 0.01
    Warning in airGR::RunModel_GR4J(InputsModel = InputsModel, RunOptions = RunOptions, :
     Param[1] (X1: production store capacity [mm]) < 0.01
     X1 set to 0.01
    Warning in airGR::RunModel_GR4J(InputsModel = InputsModel, RunOptions = RunOptions, :
     Param[1] (X1: production store capacity [mm]) < 0.01
     X1 set to 0.01
    Warning in airGR::RunModel_GR4J(InputsModel = InputsModel, RunOptions = RunOptions, :
     Param[1] (X1: production store capacity [mm]) < 0.01
     X1 set to 0.01
    Warning in airGR::RunModel_GR4J(InputsModel = InputsModel, RunOptions = RunOptions, :
     Param[1] (X1: production store capacity [mm]) < 0.01
     X1 set to 0.01
    Warning in airGR::RunModel_GR4J(InputsModel = InputsModel, RunOptions = RunOptions, :
     Param[1] (X1: production store capacity [mm]) < 0.01
     X1 set to 0.01
    Warning in airGR::RunModel_GR4J(InputsModel = InputsModel, RunOptions = RunOptions, :
     Param[1] (X1: production store capacity [mm]) < 0.01
     X1 set to 0.01
    Warning in airGR::RunModel_GR4J(InputsModel = InputsModel, RunOptions = RunOptions, :
     Param[1] (X1: production store capacity [mm]) < 0.01
     X1 set to 0.01
    Warning in airGR::RunModel_GR4J(InputsModel = InputsModel, RunOptions = RunOptions, :
     Param[1] (X1: production store capacity [mm]) < 0.01
     X1 set to 0.01
    Warning in airGR::RunModel_GR4J(InputsModel = InputsModel, RunOptions = RunOptions, :
     Param[1] (X1: production store capacity [mm]) < 0.01
     X1 set to 0.01
    Warning in airGR::RunModel_GR4J(InputsModel = InputsModel, RunOptions = RunOptions, :
     Param[1] (X1: production store capacity [mm]) < 0.01
     X1 set to 0.01
    Warning in airGR::RunModel_GR4J(InputsModel = InputsModel, RunOptions = RunOptions, :
     Param[1] (X1: production store capacity [mm]) < 0.01
     X1 set to 0.01
    Warning in airGR::RunModel_GR4J(InputsModel = InputsModel, RunOptions = RunOptions, :
     Param[1] (X1: production store capacity [mm]) < 0.01
     X1 set to 0.01
    Warning in airGR::RunModel_GR4J(InputsModel = InputsModel, RunOptions = RunOptions, :
     Param[1] (X1: production store capacity [mm]) < 0.01
     X1 set to 0.01
    Warning in airGR::RunModel_GR4J(InputsModel = InputsModel, RunOptions = RunOptions, :
     Param[1] (X1: production store capacity [mm]) < 0.01
     X1 set to 0.01
    Warning in airGR::RunModel_GR4J(InputsModel = InputsModel, RunOptions = RunOptions, :
     Param[1] (X1: production store capacity [mm]) < 0.01
     X1 set to 0.01
    Warning in airGR::RunModel_GR4J(InputsModel = InputsModel, RunOptions = RunOptions, :
     Param[1] (X1: production store capacity [mm]) < 0.01
     X1 set to 0.01
    Warning in airGR::RunModel_GR4J(InputsModel = InputsModel, RunOptions = RunOptions, :
     Param[1] (X1: production store capacity [mm]) < 0.01
     X1 set to 0.01
    Warning in airGR::RunModel_GR4J(InputsModel = InputsModel, RunOptions = RunOptions, :
     Param[1] (X1: production store capacity [mm]) < 0.01
     X1 set to 0.01
    Warning in airGR::RunModel_GR4J(InputsModel = InputsModel, RunOptions = RunOptions, :
     Param[1] (X1: production store capacity [mm]) < 0.01
     X1 set to 0.01
    Warning in airGR::RunModel_GR4J(InputsModel = InputsModel, RunOptions = RunOptions, :
     Param[1] (X1: production store capacity [mm]) < 0.01
     X1 set to 0.01
    Warning in airGR::RunModel_GR4J(InputsModel = InputsModel, RunOptions = RunOptions, :
     Param[1] (X1: production store capacity [mm]) < 0.01
     X1 set to 0.01
    Warning in airGR::RunModel_GR4J(InputsModel = InputsModel, RunOptions = RunOptions, :
     Param[1] (X1: production store capacity [mm]) < 0.01
     X1 set to 0.01
    Warning in airGR::RunModel_GR4J(InputsModel = InputsModel, RunOptions = RunOptions, :
     Param[1] (X1: production store capacity [mm]) < 0.01
     X1 set to 0.01
    Warning in airGR::RunModel_GR4J(InputsModel = InputsModel, RunOptions = RunOptions, :
     Param[1] (X1: production store capacity [mm]) < 0.01
     X1 set to 0.01
    Warning in airGR::RunModel_GR4J(InputsModel = InputsModel, RunOptions = RunOptions, :
     Param[1] (X1: production store capacity [mm]) < 0.01
     X1 set to 0.01
    Warning in airGR::RunModel_GR4J(InputsModel = InputsModel, RunOptions = RunOptions, :
     Param[1] (X1: production store capacity [mm]) < 0.01
     X1 set to 0.01
    Warning in airGR::RunModel_GR4J(InputsModel = InputsModel, RunOptions = RunOptions, :
     Param[1] (X1: production store capacity [mm]) < 0.01
     X1 set to 0.01
    Warning in airGR::RunModel_GR4J(InputsModel = InputsModel, RunOptions = RunOptions, :
     Param[1] (X1: production store capacity [mm]) < 0.01
     X1 set to 0.01
    Warning in airGR::RunModel_GR4J(InputsModel = InputsModel, RunOptions = RunOptions, :
     Param[1] (X1: production store capacity [mm]) < 0.01
     X1 set to 0.01
    Warning in airGR::RunModel_GR4J(InputsModel = InputsModel, RunOptions = RunOptions, :
     Param[1] (X1: production store capacity [mm]) < 0.01
     X1 set to 0.01
    Warning in airGR::RunModel_GR4J(InputsModel = InputsModel, RunOptions = RunOptions, :
     Param[1] (X1: production store capacity [mm]) < 0.01
     X1 set to 0.01
    Warning in airGR::RunModel_GR4J(InputsModel = InputsModel, RunOptions = RunOptions, :
     Param[1] (X1: production store capacity [mm]) < 0.01
     X1 set to 0.01
    Warning in airGR::RunModel_GR4J(InputsModel = InputsModel, RunOptions = RunOptions, :
     Param[1] (X1: production store capacity [mm]) < 0.01
     X1 set to 0.01
    [npart=40 ; maxit=1000 ; method=spso2011 ; topology=random ; boundary.wall=absorbing2011]
    
    [ user-definitions in control: write2disk=FALSE ; verbose=FALSE ]
    
    Warning in airGR::RunModel_GR4J(InputsModel = InputsModel, RunOptions = RunOptions, :
     Param[1] (X1: production store capacity [mm]) < 0.01
     X1 set to 0.01
    Warning in airGR::RunModel_GR4J(InputsModel = InputsModel, RunOptions = RunOptions, :
     Param[1] (X1: production store capacity [mm]) < 0.01
     X1 set to 0.01
    Warning in airGR::RunModel_GR4J(InputsModel = InputsModel, RunOptions = RunOptions, :
     Param[1] (X1: production store capacity [mm]) < 0.01
     X1 set to 0.01
    Warning in airGR::RunModel_GR4J(InputsModel = InputsModel, RunOptions = RunOptions, :
     Param[3] (X3: routing store capacity [mm]) < 0.01
     X3 set to 0.01
    Warning in airGR::RunModel_GR4J(InputsModel = InputsModel, RunOptions = RunOptions, :
     Param[3] (X3: routing store capacity [mm]) < 0.01
     X3 set to 0.01
    Warning in airGR::RunModel_GR4J(InputsModel = InputsModel, RunOptions = RunOptions, :
     Param[3] (X3: routing store capacity [mm]) < 0.01
     X3 set to 0.01
    Warning in airGR::RunModel_GR4J(InputsModel = InputsModel, RunOptions = RunOptions, :
     Param[3] (X3: routing store capacity [mm]) < 0.01
     X3 set to 0.01
    Warning in airGR::RunModel_GR4J(InputsModel = InputsModel, RunOptions = RunOptions, :
     Param[3] (X3: routing store capacity [mm]) < 0.01
     X3 set to 0.01
    Warning in airGR::RunModel_GR4J(InputsModel = InputsModel, RunOptions = RunOptions, :
     Param[1] (X1: production store capacity [mm]) < 0.01
     X1 set to 0.01
    Warning in airGR::RunModel_GR4J(InputsModel = InputsModel, RunOptions = RunOptions, :
     Param[1] (X1: production store capacity [mm]) < 0.01
     X1 set to 0.01
    Warning in airGR::RunModel_GR4J(InputsModel = InputsModel, RunOptions = RunOptions, :
     Param[3] (X3: routing store capacity [mm]) < 0.01
     X3 set to 0.01
    Warning in airGR::RunModel_GR4J(InputsModel = InputsModel, RunOptions = RunOptions, :
     Param[1] (X1: production store capacity [mm]) < 0.01
     X1 set to 0.01
    Warning in airGR::RunModel_GR4J(InputsModel = InputsModel, RunOptions = RunOptions, :
     Param[3] (X3: routing store capacity [mm]) < 0.01
     X3 set to 0.01
    Warning in airGR::RunModel_GR4J(InputsModel = InputsModel, RunOptions = RunOptions, :
     Param[1] (X1: production store capacity [mm]) < 0.01
     X1 set to 0.01
    Warning in airGR::RunModel_GR4J(InputsModel = InputsModel, RunOptions = RunOptions, :
     Param[1] (X1: production store capacity [mm]) < 0.01
     X1 set to 0.01
    Warning in airGR::RunModel_GR4J(InputsModel = InputsModel, RunOptions = RunOptions, :
     Param[1] (X1: production store capacity [mm]) < 0.01
     X1 set to 0.01
    Warning in airGR::RunModel_GR4J(InputsModel = InputsModel, RunOptions = RunOptions, :
     Param[3] (X3: routing store capacity [mm]) < 0.01
     X3 set to 0.01
    Warning in airGR::RunModel_GR4J(InputsModel = InputsModel, RunOptions = RunOptions, :
     Param[3] (X3: routing store capacity [mm]) < 0.01
     X3 set to 0.01
    Warning in airGR::RunModel_GR4J(InputsModel = InputsModel, RunOptions = RunOptions, :
     Param[3] (X3: routing store capacity [mm]) < 0.01
     X3 set to 0.01
    Warning in airGR::RunModel_GR4J(InputsModel = InputsModel, RunOptions = RunOptions, :
     Param[3] (X3: routing store capacity [mm]) < 0.01
     X3 set to 0.01
    Warning in airGR::RunModel_GR4J(InputsModel = InputsModel, RunOptions = RunOptions, :
     Param[3] (X3: routing store capacity [mm]) < 0.01
     X3 set to 0.01
    Warning in airGR::RunModel_GR4J(InputsModel = InputsModel, RunOptions = RunOptions, :
     Param[1] (X1: production store capacity [mm]) < 0.01
     X1 set to 0.01
    Warning in airGR::RunModel_GR4J(InputsModel = InputsModel, RunOptions = RunOptions, :
     Param[3] (X3: routing store capacity [mm]) < 0.01
     X3 set to 0.01
    Warning in airGR::RunModel_GR4J(InputsModel = InputsModel, RunOptions = RunOptions, :
     Param[1] (X1: production store capacity [mm]) < 0.01
     X1 set to 0.01
    Warning in airGR::RunModel_GR4J(InputsModel = InputsModel, RunOptions = RunOptions, :
     Param[3] (X3: routing store capacity [mm]) < 0.01
     X3 set to 0.01
    Warning in airGR::RunModel_GR4J(InputsModel = InputsModel, RunOptions = RunOptions, :
     Param[1] (X1: production store capacity [mm]) < 0.01
     X1 set to 0.01
    Warning in airGR::RunModel_GR4J(InputsModel = InputsModel, RunOptions = RunOptions, :
     Param[3] (X3: routing store capacity [mm]) < 0.01
     X3 set to 0.01
    Warning in airGR::RunModel_GR4J(InputsModel = InputsModel, RunOptions = RunOptions, :
     Param[1] (X1: production store capacity [mm]) < 0.01
     X1 set to 0.01
    Warning in airGR::RunModel_GR4J(InputsModel = InputsModel, RunOptions = RunOptions, :
     Param[3] (X3: routing store capacity [mm]) < 0.01
     X3 set to 0.01
    Warning in airGR::RunModel_GR4J(InputsModel = InputsModel, RunOptions = RunOptions, :
     Param[3] (X3: routing store capacity [mm]) < 0.01
     X3 set to 0.01
    Warning in airGR::RunModel_GR4J(InputsModel = InputsModel, RunOptions = RunOptions, :
     Param[1] (X1: production store capacity [mm]) < 0.01
     X1 set to 0.01
    Warning in airGR::RunModel_GR4J(InputsModel = InputsModel, RunOptions = RunOptions, :
     Param[1] (X1: production store capacity [mm]) < 0.01
     X1 set to 0.01
    Warning in airGR::RunModel_GR4J(InputsModel = InputsModel, RunOptions = RunOptions, :
     Param[1] (X1: production store capacity [mm]) < 0.01
     X1 set to 0.01
    Warning in airGR::RunModel_GR4J(InputsModel = InputsModel, RunOptions = RunOptions, :
     Param[1] (X1: production store capacity [mm]) < 0.01
     X1 set to 0.01
    Warning in airGR::RunModel_GR4J(InputsModel = InputsModel, RunOptions = RunOptions, :
     Param[3] (X3: routing store capacity [mm]) < 0.01
     X3 set to 0.01
    Warning in airGR::RunModel_GR4J(InputsModel = InputsModel, RunOptions = RunOptions, :
     Param[1] (X1: production store capacity [mm]) < 0.01
     X1 set to 0.01
    Warning in airGR::RunModel_GR4J(InputsModel = InputsModel, RunOptions = RunOptions, :
     Param[3] (X3: routing store capacity [mm]) < 0.01
     X3 set to 0.01
    Warning in airGR::RunModel_GR4J(InputsModel = InputsModel, RunOptions = RunOptions, :
     Param[3] (X3: routing store capacity [mm]) < 0.01
     X3 set to 0.01
    Warning in airGR::RunModel_GR4J(InputsModel = InputsModel, RunOptions = RunOptions, :
     Param[1] (X1: production store capacity [mm]) < 0.01
     X1 set to 0.01
    Warning in airGR::RunModel_GR4J(InputsModel = InputsModel, RunOptions = RunOptions, :
     Param[1] (X1: production store capacity [mm]) < 0.01
     X1 set to 0.01
    Warning in airGR::RunModel_GR4J(InputsModel = InputsModel, RunOptions = RunOptions, :
     Param[3] (X3: routing store capacity [mm]) < 0.01
     X3 set to 0.01
    Warning in airGR::RunModel_GR4J(InputsModel = InputsModel, RunOptions = RunOptions, :
     Param[3] (X3: routing store capacity [mm]) < 0.01
     X3 set to 0.01
    Warning in airGR::RunModel_GR4J(InputsModel = InputsModel, RunOptions = RunOptions, :
     Param[3] (X3: routing store capacity [mm]) < 0.01
     X3 set to 0.01
    Warning in airGR::RunModel_GR4J(InputsModel = InputsModel, RunOptions = RunOptions, :
     Param[3] (X3: routing store capacity [mm]) < 0.01
     X3 set to 0.01
    Warning in airGR::RunModel_GR4J(InputsModel = InputsModel, RunOptions = RunOptions, :
     Param[1] (X1: production store capacity [mm]) < 0.01
     X1 set to 0.01
    Warning in airGR::RunModel_GR4J(InputsModel = InputsModel, RunOptions = RunOptions, :
     Param[3] (X3: routing store capacity [mm]) < 0.01
     X3 set to 0.01
    Warning in airGR::RunModel_GR4J(InputsModel = InputsModel, RunOptions = RunOptions, :
     Param[1] (X1: production store capacity [mm]) < 0.01
     X1 set to 0.01
    Warning in airGR::RunModel_GR4J(InputsModel = InputsModel, RunOptions = RunOptions, :
     Param[1] (X1: production store capacity [mm]) < 0.01
     X1 set to 0.01
    Warning in airGR::RunModel_GR4J(InputsModel = InputsModel, RunOptions = RunOptions, :
     Param[3] (X3: routing store capacity [mm]) < 0.01
     X3 set to 0.01
    Warning in airGR::RunModel_GR4J(InputsModel = InputsModel, RunOptions = RunOptions, :
     Param[1] (X1: production store capacity [mm]) < 0.01
     X1 set to 0.01
    Warning in airGR::RunModel_GR4J(InputsModel = InputsModel, RunOptions = RunOptions, :
     Param[1] (X1: production store capacity [mm]) < 0.01
     X1 set to 0.01
    Warning in airGR::RunModel_GR4J(InputsModel = InputsModel, RunOptions = RunOptions, :
     Param[3] (X3: routing store capacity [mm]) < 0.01
     X3 set to 0.01
    Warning in airGR::RunModel_GR4J(InputsModel = InputsModel, RunOptions = RunOptions, :
     Param[1] (X1: production store capacity [mm]) < 0.01
     X1 set to 0.01
    Warning in airGR::RunModel_GR4J(InputsModel = InputsModel, RunOptions = RunOptions, :
     Param[1] (X1: production store capacity [mm]) < 0.01
     X1 set to 0.01
    Warning in airGR::RunModel_GR4J(InputsModel = InputsModel, RunOptions = RunOptions, :
     Param[3] (X3: routing store capacity [mm]) < 0.01
     X3 set to 0.01
    Warning in airGR::RunModel_GR4J(InputsModel = InputsModel, RunOptions = RunOptions, :
     Param[1] (X1: production store capacity [mm]) < 0.01
     X1 set to 0.01
    Warning in airGR::RunModel_GR4J(InputsModel = InputsModel, RunOptions = RunOptions, :
     Param[3] (X3: routing store capacity [mm]) < 0.01
     X3 set to 0.01
    Warning in airGR::RunModel_GR4J(InputsModel = InputsModel, RunOptions = RunOptions, :
     Param[1] (X1: production store capacity [mm]) < 0.01
     X1 set to 0.01
    Warning in airGR::RunModel_GR4J(InputsModel = InputsModel, RunOptions = RunOptions, :
     Param[3] (X3: routing store capacity [mm]) < 0.01
     X3 set to 0.01
    Warning in airGR::RunModel_GR4J(InputsModel = InputsModel, RunOptions = RunOptions, :
     Param[3] (X3: routing store capacity [mm]) < 0.01
     X3 set to 0.01
    Warning in airGR::RunModel_GR4J(InputsModel = InputsModel, RunOptions = RunOptions, :
     Param[1] (X1: production store capacity [mm]) < 0.01
     X1 set to 0.01
    Warning in airGR::RunModel_GR4J(InputsModel = InputsModel, RunOptions = RunOptions, :
     Param[3] (X3: routing store capacity [mm]) < 0.01
     X3 set to 0.01
    Warning in airGR::RunModel_GR4J(InputsModel = InputsModel, RunOptions = RunOptions, :
     Param[1] (X1: production store capacity [mm]) < 0.01
     X1 set to 0.01
    Warning in airGR::RunModel_GR4J(InputsModel = InputsModel, RunOptions = RunOptions, :
     Param[1] (X1: production store capacity [mm]) < 0.01
     X1 set to 0.01
    Warning in airGR::RunModel_GR4J(InputsModel = InputsModel, RunOptions = RunOptions, :
     Param[1] (X1: production store capacity [mm]) < 0.01
     X1 set to 0.01
    Warning in airGR::RunModel_GR4J(InputsModel = InputsModel, RunOptions = RunOptions, :
     Param[1] (X1: production store capacity [mm]) < 0.01
     X1 set to 0.01
    Warning in airGR::RunModel_GR4J(InputsModel = InputsModel, RunOptions = RunOptions, :
     Param[1] (X1: production store capacity [mm]) < 0.01
     X1 set to 0.01
    Warning in airGR::RunModel_GR4J(InputsModel = InputsModel, RunOptions = RunOptions, :
     Param[1] (X1: production store capacity [mm]) < 0.01
     X1 set to 0.01
    Warning in airGR::RunModel_GR4J(InputsModel = InputsModel, RunOptions = RunOptions, :
     Param[1] (X1: production store capacity [mm]) < 0.01
     X1 set to 0.01
    Warning in airGR::RunModel_GR4J(InputsModel = InputsModel, RunOptions = RunOptions, :
     Param[1] (X1: production store capacity [mm]) < 0.01
     X1 set to 0.01
    Warning in airGR::RunModel_GR4J(InputsModel = InputsModel, RunOptions = RunOptions, :
     Param[1] (X1: production store capacity [mm]) < 0.01
     X1 set to 0.01
    Warning in airGR::RunModel_GR4J(InputsModel = InputsModel, RunOptions = RunOptions, :
     Param[3] (X3: routing store capacity [mm]) < 0.01
     X3 set to 0.01
    Warning in airGR::RunModel_GR4J(InputsModel = InputsModel, RunOptions = RunOptions, :
     Param[3] (X3: routing store capacity [mm]) < 0.01
     X3 set to 0.01
    Warning in airGR::RunModel_GR4J(InputsModel = InputsModel, RunOptions = RunOptions, :
     Param[3] (X3: routing store capacity [mm]) < 0.01
     X3 set to 0.01
    Warning in airGR::RunModel_GR4J(InputsModel = InputsModel, RunOptions = RunOptions, :
     Param[1] (X1: production store capacity [mm]) < 0.01
     X1 set to 0.01
    Warning in airGR::RunModel_GR4J(InputsModel = InputsModel, RunOptions = RunOptions, :
     Param[1] (X1: production store capacity [mm]) < 0.01
     X1 set to 0.01
    Warning in airGR::RunModel_GR4J(InputsModel = InputsModel, RunOptions = RunOptions, :
     Param[1] (X1: production store capacity [mm]) < 0.01
     X1 set to 0.01
    Warning in airGR::RunModel_GR4J(InputsModel = InputsModel, RunOptions = RunOptions, :
     Param[1] (X1: production store capacity [mm]) < 0.01
     X1 set to 0.01
    Warning in airGR::RunModel_GR4J(InputsModel = InputsModel, RunOptions = RunOptions, :
     Param[1] (X1: production store capacity [mm]) < 0.01
     X1 set to 0.01
    Warning in airGR::RunModel_GR4J(InputsModel = InputsModel, RunOptions = RunOptions, :
     Param[3] (X3: routing store capacity [mm]) < 0.01
     X3 set to 0.01
    Warning in airGR::RunModel_GR4J(InputsModel = InputsModel, RunOptions = RunOptions, :
     Param[1] (X1: production store capacity [mm]) < 0.01
     X1 set to 0.01
    Warning in airGR::RunModel_GR4J(InputsModel = InputsModel, RunOptions = RunOptions, :
     Param[3] (X3: routing store capacity [mm]) < 0.01
     X3 set to 0.01
    Warning in airGR::RunModel_GR4J(InputsModel = InputsModel, RunOptions = RunOptions, :
     Param[3] (X3: routing store capacity [mm]) < 0.01
     X3 set to 0.01
    Warning in airGR::RunModel_GR4J(InputsModel = InputsModel, RunOptions = RunOptions, :
     Param[1] (X1: production store capacity [mm]) < 0.01
     X1 set to 0.01
    Warning in airGR::RunModel_GR4J(InputsModel = InputsModel, RunOptions = RunOptions, :
     Param[1] (X1: production store capacity [mm]) < 0.01
     X1 set to 0.01
    Warning in airGR::RunModel_GR4J(InputsModel = InputsModel, RunOptions = RunOptions, :
     Param[1] (X1: production store capacity [mm]) < 0.01
     X1 set to 0.01
    Warning in airGR::RunModel_GR4J(InputsModel = InputsModel, RunOptions = RunOptions, :
     Param[3] (X3: routing store capacity [mm]) < 0.01
     X3 set to 0.01
    Warning in airGR::RunModel_GR4J(InputsModel = InputsModel, RunOptions = RunOptions, :
     Param[1] (X1: production store capacity [mm]) < 0.01
     X1 set to 0.01
    Warning in airGR::RunModel_GR4J(InputsModel = InputsModel, RunOptions = RunOptions, :
     Param[3] (X3: routing store capacity [mm]) < 0.01
     X3 set to 0.01
    Warning in airGR::RunModel_GR4J(InputsModel = InputsModel, RunOptions = RunOptions, :
     Param[3] (X3: routing store capacity [mm]) < 0.01
     X3 set to 0.01
    Warning in airGR::RunModel_GR4J(InputsModel = InputsModel, RunOptions = RunOptions, :
     Param[1] (X1: production store capacity [mm]) < 0.01
     X1 set to 0.01
    Warning in airGR::RunModel_GR4J(InputsModel = InputsModel, RunOptions = RunOptions, :
     Param[1] (X1: production store capacity [mm]) < 0.01
     X1 set to 0.01
    Warning in airGR::RunModel_GR4J(InputsModel = InputsModel, RunOptions = RunOptions, :
     Param[3] (X3: routing store capacity [mm]) < 0.01
     X3 set to 0.01
    Warning in airGR::RunModel_GR4J(InputsModel = InputsModel, RunOptions = RunOptions, :
     Param[3] (X3: routing store capacity [mm]) < 0.01
     X3 set to 0.01
    Warning in airGR::RunModel_GR4J(InputsModel = InputsModel, RunOptions = RunOptions, :
     Param[3] (X3: routing store capacity [mm]) < 0.01
     X3 set to 0.01
    Warning in airGR::RunModel_GR4J(InputsModel = InputsModel, RunOptions = RunOptions, :
     Param[3] (X3: routing store capacity [mm]) < 0.01
     X3 set to 0.01
    Warning in airGR::RunModel_GR4J(InputsModel = InputsModel, RunOptions = RunOptions, :
     Param[1] (X1: production store capacity [mm]) < 0.01
     X1 set to 0.01
    Warning in airGR::RunModel_GR4J(InputsModel = InputsModel, RunOptions = RunOptions, :
     Param[3] (X3: routing store capacity [mm]) < 0.01
     X3 set to 0.01
    Warning in airGR::RunModel_GR4J(InputsModel = InputsModel, RunOptions = RunOptions, :
     Param[1] (X1: production store capacity [mm]) < 0.01
     X1 set to 0.01
    Warning in airGR::RunModel_GR4J(InputsModel = InputsModel, RunOptions = RunOptions, :
     Param[3] (X3: routing store capacity [mm]) < 0.01
     X3 set to 0.01
    Warning in airGR::RunModel_GR4J(InputsModel = InputsModel, RunOptions = RunOptions, :
     Param[3] (X3: routing store capacity [mm]) < 0.01
     X3 set to 0.01
    Warning in airGR::RunModel_GR4J(InputsModel = InputsModel, RunOptions = RunOptions, :
     Param[1] (X1: production store capacity [mm]) < 0.01
     X1 set to 0.01
    Warning in airGR::RunModel_GR4J(InputsModel = InputsModel, RunOptions = RunOptions, :
     Param[1] (X1: production store capacity [mm]) < 0.01
     X1 set to 0.01
    Warning in airGR::RunModel_GR4J(InputsModel = InputsModel, RunOptions = RunOptions, :
     Param[1] (X1: production store capacity [mm]) < 0.01
     X1 set to 0.01
    Warning in airGR::RunModel_GR4J(InputsModel = InputsModel, RunOptions = RunOptions, :
     Param[3] (X3: routing store capacity [mm]) < 0.01
     X3 set to 0.01
    Warning in airGR::RunModel_GR4J(InputsModel = InputsModel, RunOptions = RunOptions, :
     Param[3] (X3: routing store capacity [mm]) < 0.01
     X3 set to 0.01
    Warning in airGR::RunModel_GR4J(InputsModel = InputsModel, RunOptions = RunOptions, :
     Param[1] (X1: production store capacity [mm]) < 0.01
     X1 set to 0.01
    Warning in airGR::RunModel_GR4J(InputsModel = InputsModel, RunOptions = RunOptions, :
     Param[1] (X1: production store capacity [mm]) < 0.01
     X1 set to 0.01
    Warning in airGR::RunModel_GR4J(InputsModel = InputsModel, RunOptions = RunOptions, :
     Param[3] (X3: routing store capacity [mm]) < 0.01
     X3 set to 0.01
    Warning in airGR::RunModel_GR4J(InputsModel = InputsModel, RunOptions = RunOptions, :
     Param[1] (X1: production store capacity [mm]) < 0.01
     X1 set to 0.01
    Warning in airGR::RunModel_GR4J(InputsModel = InputsModel, RunOptions = RunOptions, :
     Param[3] (X3: routing store capacity [mm]) < 0.01
     X3 set to 0.01
    Warning in airGR::RunModel_GR4J(InputsModel = InputsModel, RunOptions = RunOptions, :
     Param[1] (X1: production store capacity [mm]) < 0.01
     X1 set to 0.01
    Warning in airGR::RunModel_GR4J(InputsModel = InputsModel, RunOptions = RunOptions, :
     Param[3] (X3: routing store capacity [mm]) < 0.01
     X3 set to 0.01
    Warning in airGR::RunModel_GR4J(InputsModel = InputsModel, RunOptions = RunOptions, :
     Param[3] (X3: routing store capacity [mm]) < 0.01
     X3 set to 0.01
    Warning in airGR::RunModel_GR4J(InputsModel = InputsModel, RunOptions = RunOptions, :
     Param[1] (X1: production store capacity [mm]) < 0.01
     X1 set to 0.01
    Warning in airGR::RunModel_GR4J(InputsModel = InputsModel, RunOptions = RunOptions, :
     Param[3] (X3: routing store capacity [mm]) < 0.01
     X3 set to 0.01
    Warning in airGR::RunModel_GR4J(InputsModel = InputsModel, RunOptions = RunOptions, :
     Param[3] (X3: routing store capacity [mm]) < 0.01
     X3 set to 0.01
    Warning in airGR::RunModel_GR4J(InputsModel = InputsModel, RunOptions = RunOptions, :
     Param[3] (X3: routing store capacity [mm]) < 0.01
     X3 set to 0.01
    Warning in airGR::RunModel_GR4J(InputsModel = InputsModel, RunOptions = RunOptions, :
     Param[1] (X1: production store capacity [mm]) < 0.01
     X1 set to 0.01
    Warning in airGR::RunModel_GR4J(InputsModel = InputsModel, RunOptions = RunOptions, :
     Param[3] (X3: routing store capacity [mm]) < 0.01
     X3 set to 0.01
    Warning in airGR::RunModel_GR4J(InputsModel = InputsModel, RunOptions = RunOptions, :
     Param[3] (X3: routing store capacity [mm]) < 0.01
     X3 set to 0.01
    Warning in airGR::RunModel_GR4J(InputsModel = InputsModel, RunOptions = RunOptions, :
     Param[1] (X1: production store capacity [mm]) < 0.01
     X1 set to 0.01
    Warning in airGR::RunModel_GR4J(InputsModel = InputsModel, RunOptions = RunOptions, :
     Param[1] (X1: production store capacity [mm]) < 0.01
     X1 set to 0.01
    Warning in airGR::RunModel_GR4J(InputsModel = InputsModel, RunOptions = RunOptions, :
     Param[3] (X3: routing store capacity [mm]) < 0.01
     X3 set to 0.01
    Warning in airGR::RunModel_GR4J(InputsModel = InputsModel, RunOptions = RunOptions, :
     Param[3] (X3: routing store capacity [mm]) < 0.01
     X3 set to 0.01
    Warning in airGR::RunModel_GR4J(InputsModel = InputsModel, RunOptions = RunOptions, :
     Param[3] (X3: routing store capacity [mm]) < 0.01
     X3 set to 0.01
    Warning in airGR::RunModel_GR4J(InputsModel = InputsModel, RunOptions = RunOptions, :
     Param[3] (X3: routing store capacity [mm]) < 0.01
     X3 set to 0.01
    Warning in airGR::RunModel_GR4J(InputsModel = InputsModel, RunOptions = RunOptions, :
     Param[3] (X3: routing store capacity [mm]) < 0.01
     X3 set to 0.01
    Warning in airGR::RunModel_GR4J(InputsModel = InputsModel, RunOptions = RunOptions, :
     Param[3] (X3: routing store capacity [mm]) < 0.01
     X3 set to 0.01
    Warning in airGR::RunModel_GR4J(InputsModel = InputsModel, RunOptions = RunOptions, :
     Param[3] (X3: routing store capacity [mm]) < 0.01
     X3 set to 0.01
    Warning in airGR::RunModel_GR4J(InputsModel = InputsModel, RunOptions = RunOptions, :
     Param[1] (X1: production store capacity [mm]) < 0.01
     X1 set to 0.01
    Warning in airGR::RunModel_GR4J(InputsModel = InputsModel, RunOptions = RunOptions, :
     Param[1] (X1: production store capacity [mm]) < 0.01
     X1 set to 0.01
    Warning in airGR::RunModel_GR4J(InputsModel = InputsModel, RunOptions = RunOptions, :
     Param[1] (X1: production store capacity [mm]) < 0.01
     X1 set to 0.01
    Warning in airGR::RunModel_GR4J(InputsModel = InputsModel, RunOptions = RunOptions, :
     Param[3] (X3: routing store capacity [mm]) < 0.01
     X3 set to 0.01
    Warning in airGR::RunModel_GR4J(InputsModel = InputsModel, RunOptions = RunOptions, :
     Param[1] (X1: production store capacity [mm]) < 0.01
     X1 set to 0.01
    Warning in airGR::RunModel_GR4J(InputsModel = InputsModel, RunOptions = RunOptions, :
     Param[3] (X3: routing store capacity [mm]) < 0.01
     X3 set to 0.01
    Warning in airGR::RunModel_GR4J(InputsModel = InputsModel, RunOptions = RunOptions, :
     Param[3] (X3: routing store capacity [mm]) < 0.01
     X3 set to 0.01
    Warning in airGR::RunModel_GR4J(InputsModel = InputsModel, RunOptions = RunOptions, :
     Param[1] (X1: production store capacity [mm]) < 0.01
     X1 set to 0.01
    Warning in airGR::RunModel_GR4J(InputsModel = InputsModel, RunOptions = RunOptions, :
     Param[3] (X3: routing store capacity [mm]) < 0.01
     X3 set to 0.01
    Warning in airGR::RunModel_GR4J(InputsModel = InputsModel, RunOptions = RunOptions, :
     Param[3] (X3: routing store capacity [mm]) < 0.01
     X3 set to 0.01
    Warning in airGR::RunModel_GR4J(InputsModel = InputsModel, RunOptions = RunOptions, :
     Param[1] (X1: production store capacity [mm]) < 0.01
     X1 set to 0.01
    Warning in airGR::RunModel_GR4J(InputsModel = InputsModel, RunOptions = RunOptions, :
     Param[3] (X3: routing store capacity [mm]) < 0.01
     X3 set to 0.01
    Warning in airGR::RunModel_GR4J(InputsModel = InputsModel, RunOptions = RunOptions, :
     Param[1] (X1: production store capacity [mm]) < 0.01
     X1 set to 0.01
    Warning in airGR::RunModel_GR4J(InputsModel = InputsModel, RunOptions = RunOptions, :
     Param[3] (X3: routing store capacity [mm]) < 0.01
     X3 set to 0.01
    Warning in airGR::RunModel_GR4J(InputsModel = InputsModel, RunOptions = RunOptions, :
     Param[3] (X3: routing store capacity [mm]) < 0.01
     X3 set to 0.01
    Warning in airGR::RunModel_GR4J(InputsModel = InputsModel, RunOptions = RunOptions, :
     Param[1] (X1: production store capacity [mm]) < 0.01
     X1 set to 0.01
    Warning in airGR::RunModel_GR4J(InputsModel = InputsModel, RunOptions = RunOptions, :
     Param[1] (X1: production store capacity [mm]) < 0.01
     X1 set to 0.01
    Warning in airGR::RunModel_GR4J(InputsModel = InputsModel, RunOptions = RunOptions, :
     Param[3] (X3: routing store capacity [mm]) < 0.01
     X3 set to 0.01
    Warning in airGR::RunModel_GR4J(InputsModel = InputsModel, RunOptions = RunOptions, :
     Param[1] (X1: production store capacity [mm]) < 0.01
     X1 set to 0.01
    Warning in airGR::RunModel_GR4J(InputsModel = InputsModel, RunOptions = RunOptions, :
     Param[1] (X1: production store capacity [mm]) < 0.01
     X1 set to 0.01
    Warning in airGR::RunModel_GR4J(InputsModel = InputsModel, RunOptions = RunOptions, :
     Param[1] (X1: production store capacity [mm]) < 0.01
     X1 set to 0.01
    Warning in airGR::RunModel_GR4J(InputsModel = InputsModel, RunOptions = RunOptions, :
     Param[3] (X3: routing store capacity [mm]) < 0.01
     X3 set to 0.01
    Warning in airGR::RunModel_GR4J(InputsModel = InputsModel, RunOptions = RunOptions, :
     Param[3] (X3: routing store capacity [mm]) < 0.01
     X3 set to 0.01
    Warning in airGR::RunModel_GR4J(InputsModel = InputsModel, RunOptions = RunOptions, :
     Param[3] (X3: routing store capacity [mm]) < 0.01
     X3 set to 0.01
    Warning in airGR::RunModel_GR4J(InputsModel = InputsModel, RunOptions = RunOptions, :
     Param[3] (X3: routing store capacity [mm]) < 0.01
     X3 set to 0.01
    Warning in airGR::RunModel_GR4J(InputsModel = InputsModel, RunOptions = RunOptions, :
     Param[3] (X3: routing store capacity [mm]) < 0.01
     X3 set to 0.01
    Warning in airGR::RunModel_GR4J(InputsModel = InputsModel, RunOptions = RunOptions, :
     Param[1] (X1: production store capacity [mm]) < 0.01
     X1 set to 0.01
    Warning in airGR::RunModel_GR4J(InputsModel = InputsModel, RunOptions = RunOptions, :
     Param[1] (X1: production store capacity [mm]) < 0.01
     X1 set to 0.01
    Warning in airGR::RunModel_GR4J(InputsModel = InputsModel, RunOptions = RunOptions, :
     Param[1] (X1: production store capacity [mm]) < 0.01
     X1 set to 0.01
    Warning in airGR::RunModel_GR4J(InputsModel = InputsModel, RunOptions = RunOptions, :
     Param[3] (X3: routing store capacity [mm]) < 0.01
     X3 set to 0.01
    Warning in airGR::RunModel_GR4J(InputsModel = InputsModel, RunOptions = RunOptions, :
     Param[1] (X1: production store capacity [mm]) < 0.01
     X1 set to 0.01
    Warning in airGR::RunModel_GR4J(InputsModel = InputsModel, RunOptions = RunOptions, :
     Param[3] (X3: routing store capacity [mm]) < 0.01
     X3 set to 0.01
    Warning in airGR::RunModel_GR4J(InputsModel = InputsModel, RunOptions = RunOptions, :
     Param[1] (X1: production store capacity [mm]) < 0.01
     X1 set to 0.01
    Warning in airGR::RunModel_GR4J(InputsModel = InputsModel, RunOptions = RunOptions, :
     Param[1] (X1: production store capacity [mm]) < 0.01
     X1 set to 0.01
    Warning in airGR::RunModel_GR4J(InputsModel = InputsModel, RunOptions = RunOptions, :
     Param[1] (X1: production store capacity [mm]) < 0.01
     X1 set to 0.01
    Warning in airGR::RunModel_GR4J(InputsModel = InputsModel, RunOptions = RunOptions, :
     Param[1] (X1: production store capacity [mm]) < 0.01
     X1 set to 0.01
    Warning in airGR::RunModel_GR4J(InputsModel = InputsModel, RunOptions = RunOptions, :
     Param[3] (X3: routing store capacity [mm]) < 0.01
     X3 set to 0.01
    Warning in airGR::RunModel_GR4J(InputsModel = InputsModel, RunOptions = RunOptions, :
     Param[3] (X3: routing store capacity [mm]) < 0.01
     X3 set to 0.01
    Warning in airGR::RunModel_GR4J(InputsModel = InputsModel, RunOptions = RunOptions, :
     Param[1] (X1: production store capacity [mm]) < 0.01
     X1 set to 0.01
    Warning in airGR::RunModel_GR4J(InputsModel = InputsModel, RunOptions = RunOptions, :
     Param[1] (X1: production store capacity [mm]) < 0.01
     X1 set to 0.01
    Warning in airGR::RunModel_GR4J(InputsModel = InputsModel, RunOptions = RunOptions, :
     Param[1] (X1: production store capacity [mm]) < 0.01
     X1 set to 0.01
    Warning in airGR::RunModel_GR4J(InputsModel = InputsModel, RunOptions = RunOptions, :
     Param[3] (X3: routing store capacity [mm]) < 0.01
     X3 set to 0.01
    Warning in airGR::RunModel_GR4J(InputsModel = InputsModel, RunOptions = RunOptions, :
     Param[1] (X1: production store capacity [mm]) < 0.01
     X1 set to 0.01
    Warning in airGR::RunModel_GR4J(InputsModel = InputsModel, RunOptions = RunOptions, :
     Param[3] (X3: routing store capacity [mm]) < 0.01
     X3 set to 0.01
    Warning in airGR::RunModel_GR4J(InputsModel = InputsModel, RunOptions = RunOptions, :
     Param[1] (X1: production store capacity [mm]) < 0.01
     X1 set to 0.01
    Warning in airGR::RunModel_GR4J(InputsModel = InputsModel, RunOptions = RunOptions, :
     Param[3] (X3: routing store capacity [mm]) < 0.01
     X3 set to 0.01
    Warning in airGR::RunModel_GR4J(InputsModel = InputsModel, RunOptions = RunOptions, :
     Param[3] (X3: routing store capacity [mm]) < 0.01
     X3 set to 0.01
    Warning in airGR::RunModel_GR4J(InputsModel = InputsModel, RunOptions = RunOptions, :
     Param[1] (X1: production store capacity [mm]) < 0.01
     X1 set to 0.01
    Warning in airGR::RunModel_GR4J(InputsModel = InputsModel, RunOptions = RunOptions, :
     Param[3] (X3: routing store capacity [mm]) < 0.01
     X3 set to 0.01
    Warning in airGR::RunModel_GR4J(InputsModel = InputsModel, RunOptions = RunOptions, :
     Param[3] (X3: routing store capacity [mm]) < 0.01
     X3 set to 0.01
    Warning in airGR::RunModel_GR4J(InputsModel = InputsModel, RunOptions = RunOptions, :
     Param[3] (X3: routing store capacity [mm]) < 0.01
     X3 set to 0.01
    Warning in airGR::RunModel_GR4J(InputsModel = InputsModel, RunOptions = RunOptions, :
     Param[1] (X1: production store capacity [mm]) < 0.01
     X1 set to 0.01
    Warning in airGR::RunModel_GR4J(InputsModel = InputsModel, RunOptions = RunOptions, :
     Param[3] (X3: routing store capacity [mm]) < 0.01
     X3 set to 0.01
    Warning in airGR::RunModel_GR4J(InputsModel = InputsModel, RunOptions = RunOptions, :
     Param[1] (X1: production store capacity [mm]) < 0.01
     X1 set to 0.01
    Warning in airGR::RunModel_GR4J(InputsModel = InputsModel, RunOptions = RunOptions, :
     Param[1] (X1: production store capacity [mm]) < 0.01
     X1 set to 0.01
    Warning in airGR::RunModel_GR4J(InputsModel = InputsModel, RunOptions = RunOptions, :
     Param[1] (X1: production store capacity [mm]) < 0.01
     X1 set to 0.01
    Warning in airGR::RunModel_GR4J(InputsModel = InputsModel, RunOptions = RunOptions, :
     Param[1] (X1: production store capacity [mm]) < 0.01
     X1 set to 0.01
    Warning in airGR::RunModel_GR4J(InputsModel = InputsModel, RunOptions = RunOptions, :
     Param[1] (X1: production store capacity [mm]) < 0.01
     X1 set to 0.01
    Warning in airGR::RunModel_GR4J(InputsModel = InputsModel, RunOptions = RunOptions, :
     Param[1] (X1: production store capacity [mm]) < 0.01
     X1 set to 0.01
    Warning in airGR::RunModel_GR4J(InputsModel = InputsModel, RunOptions = RunOptions, :
     Param[3] (X3: routing store capacity [mm]) < 0.01
     X3 set to 0.01
    Warning in airGR::RunModel_GR4J(InputsModel = InputsModel, RunOptions = RunOptions, :
     Param[1] (X1: production store capacity [mm]) < 0.01
     X1 set to 0.01
    Warning in airGR::RunModel_GR4J(InputsModel = InputsModel, RunOptions = RunOptions, :
     Param[1] (X1: production store capacity [mm]) < 0.01
     X1 set to 0.01
    Warning in airGR::RunModel_GR4J(InputsModel = InputsModel, RunOptions = RunOptions, :
     Param[1] (X1: production store capacity [mm]) < 0.01
     X1 set to 0.01
    Warning in airGR::RunModel_GR4J(InputsModel = InputsModel, RunOptions = RunOptions, :
     Param[3] (X3: routing store capacity [mm]) < 0.01
     X3 set to 0.01
    Warning in airGR::RunModel_GR4J(InputsModel = InputsModel, RunOptions = RunOptions, :
     Param[3] (X3: routing store capacity [mm]) < 0.01
     X3 set to 0.01
    Warning in airGR::RunModel_GR4J(InputsModel = InputsModel, RunOptions = RunOptions, :
     Param[1] (X1: production store capacity [mm]) < 0.01
     X1 set to 0.01
    Warning in airGR::RunModel_GR4J(InputsModel = InputsModel, RunOptions = RunOptions, :
     Param[3] (X3: routing store capacity [mm]) < 0.01
     X3 set to 0.01
    Warning in airGR::RunModel_GR4J(InputsModel = InputsModel, RunOptions = RunOptions, :
     Param[1] (X1: production store capacity [mm]) < 0.01
     X1 set to 0.01
    Warning in airGR::RunModel_GR4J(InputsModel = InputsModel, RunOptions = RunOptions, :
     Param[1] (X1: production store capacity [mm]) < 0.01
     X1 set to 0.01
    Warning in airGR::RunModel_GR4J(InputsModel = InputsModel, RunOptions = RunOptions, :
     Param[3] (X3: routing store capacity [mm]) < 0.01
     X3 set to 0.01
    Warning in CreateRunOptions(FUN_MOD = RunModel_GR4J, InputsModel = InputsModel, :
     Model warm up period not defined -> default configuration used
     The year preceding the run period is used
    
    Grid-Screening in progress (0% 20% 40% 60% 80% 100%)
     Screening completed (81 runs)
     Param = 247.151 , -0.020 , 83.096 , 2.384
     Crit NSE[Q] = 0.7685
    Steepest-descent local search in progress
     Calibration completed (20 iterations, 226 runs)
     Param = 257.238 , 1.012 , 88.235 , 2.208
     Crit NSE[Q] = 0.7985
    Crit. NSE[Q] = 0.7985
    Crit. KGE[Q] = 0.7855
     SubCrit. KGE[Q] cor(sim, obs, "pearson") = 0.8983
     SubCrit. KGE[Q] sd(sim)/sd(obs) = 0.8163
     SubCrit. KGE[Q] mean(sim)/mean(obs) = 1.0439
    
    Killed
Flavor: r-patched-linux-x86_64

Version: 1.0.9.64
Check: re-building of vignette outputs
Result: WARN
    Error in re-building vignettes:
     ...
    Warning in CreateRunOptions(FUN_MOD = RunModel_GR4J, InputsModel = InputsModel, :
     Model warm up period not defined -> default configuration used
     The year preceding the run period is used
    
    Grid-Screening in progress (0% 20% 40% 60% 80% 100%)
     Screening completed (81 runs)
     Param = 247.151 , -0.020 , 83.096 , 2.384
     Crit NSE[Q] = 0.7685
    Steepest-descent local search in progress
     Calibration completed (20 iterations, 226 runs)
     Param = 257.238 , 1.012 , 88.235 , 2.208
     Crit NSE[Q] = 0.7985
    Crit. NSE[Q] = 0.7985
    Crit. KGE[Q] = 0.7855
     SubCrit. KGE[Q] cor(sim, obs, "pearson") = 0.8983
     SubCrit. KGE[Q] sd(sim)/sd(obs) = 0.8163
     SubCrit. KGE[Q] mean(sim)/mean(obs) = 1.0439
    
    Warning in airGR::RunModel_GR4J(InputsModel = InputsModel, RunOptions = RunOptions, :
     Param[1] (X1: production store capacity [mm]) < 0.01
     X1 set to 0.01
    Warning in airGR::RunModel_GR4J(InputsModel = InputsModel, RunOptions = RunOptions, :
     Param[1] (X1: production store capacity [mm]) < 0.01
     X1 set to 0.01
    Warning in airGR::RunModel_GR4J(InputsModel = InputsModel, RunOptions = RunOptions, :
     Param[1] (X1: production store capacity [mm]) < 0.01
     X1 set to 0.01
    Warning in airGR::RunModel_GR4J(InputsModel = InputsModel, RunOptions = RunOptions, :
     Param[1] (X1: production store capacity [mm]) < 0.01
     X1 set to 0.01
    Warning in airGR::RunModel_GR4J(InputsModel = InputsModel, RunOptions = RunOptions, :
     Param[1] (X1: production store capacity [mm]) < 0.01
     X1 set to 0.01
    Warning in airGR::RunModel_GR4J(InputsModel = InputsModel, RunOptions = RunOptions, :
     Param[1] (X1: production store capacity [mm]) < 0.01
     X1 set to 0.01
    Warning in airGR::RunModel_GR4J(InputsModel = InputsModel, RunOptions = RunOptions, :
     Param[1] (X1: production store capacity [mm]) < 0.01
     X1 set to 0.01
    Warning in airGR::RunModel_GR4J(InputsModel = InputsModel, RunOptions = RunOptions, :
     Param[1] (X1: production store capacity [mm]) < 0.01
     X1 set to 0.01
    Warning in airGR::RunModel_GR4J(InputsModel = InputsModel, RunOptions = RunOptions, :
     Param[1] (X1: production store capacity [mm]) < 0.01
     X1 set to 0.01
    Warning in airGR::RunModel_GR4J(InputsModel = InputsModel, RunOptions = RunOptions, :
     Param[1] (X1: production store capacity [mm]) < 0.01
     X1 set to 0.01
    Warning in airGR::RunModel_GR4J(InputsModel = InputsModel, RunOptions = RunOptions, :
     Param[1] (X1: production store capacity [mm]) < 0.01
     X1 set to 0.01
    Warning in airGR::RunModel_GR4J(InputsModel = InputsModel, RunOptions = RunOptions, :
     Param[1] (X1: production store capacity [mm]) < 0.01
     X1 set to 0.01
    Warning in airGR::RunModel_GR4J(InputsModel = InputsModel, RunOptions = RunOptions, :
     Param[1] (X1: production store capacity [mm]) < 0.01
     X1 set to 0.01
    Warning in airGR::RunModel_GR4J(InputsModel = InputsModel, RunOptions = RunOptions, :
     Param[1] (X1: production store capacity [mm]) < 0.01
     X1 set to 0.01
    Warning in airGR::RunModel_GR4J(InputsModel = InputsModel, RunOptions = RunOptions, :
     Param[1] (X1: production store capacity [mm]) < 0.01
     X1 set to 0.01
    Warning in airGR::RunModel_GR4J(InputsModel = InputsModel, RunOptions = RunOptions, :
     Param[1] (X1: production store capacity [mm]) < 0.01
     X1 set to 0.01
    Warning in airGR::RunModel_GR4J(InputsModel = InputsModel, RunOptions = RunOptions, :
     Param[1] (X1: production store capacity [mm]) < 0.01
     X1 set to 0.01
    Warning in airGR::RunModel_GR4J(InputsModel = InputsModel, RunOptions = RunOptions, :
     Param[1] (X1: production store capacity [mm]) < 0.01
     X1 set to 0.01
    Warning in airGR::RunModel_GR4J(InputsModel = InputsModel, RunOptions = RunOptions, :
     Param[1] (X1: production store capacity [mm]) < 0.01
     X1 set to 0.01
    Warning in airGR::RunModel_GR4J(InputsModel = InputsModel, RunOptions = RunOptions, :
     Param[1] (X1: production store capacity [mm]) < 0.01
     X1 set to 0.01
    Warning in airGR::RunModel_GR4J(InputsModel = InputsModel, RunOptions = RunOptions, :
     Param[1] (X1: production store capacity [mm]) < 0.01
     X1 set to 0.01
    Warning in airGR::RunModel_GR4J(InputsModel = InputsModel, RunOptions = RunOptions, :
     Param[1] (X1: production store capacity [mm]) < 0.01
     X1 set to 0.01
    Warning in airGR::RunModel_GR4J(InputsModel = InputsModel, RunOptions = RunOptions, :
     Param[1] (X1: production store capacity [mm]) < 0.01
     X1 set to 0.01
    Warning in airGR::RunModel_GR4J(InputsModel = InputsModel, RunOptions = RunOptions, :
     Param[1] (X1: production store capacity [mm]) < 0.01
     X1 set to 0.01
    Warning in airGR::RunModel_GR4J(InputsModel = InputsModel, RunOptions = RunOptions, :
     Param[1] (X1: production store capacity [mm]) < 0.01
     X1 set to 0.01
    Warning in airGR::RunModel_GR4J(InputsModel = InputsModel, RunOptions = RunOptions, :
     Param[1] (X1: production store capacity [mm]) < 0.01
     X1 set to 0.01
    Warning in airGR::RunModel_GR4J(InputsModel = InputsModel, RunOptions = RunOptions, :
     Param[1] (X1: production store capacity [mm]) < 0.01
     X1 set to 0.01
    Warning in airGR::RunModel_GR4J(InputsModel = InputsModel, RunOptions = RunOptions, :
     Param[1] (X1: production store capacity [mm]) < 0.01
     X1 set to 0.01
    Warning in airGR::RunModel_GR4J(InputsModel = InputsModel, RunOptions = RunOptions, :
     Param[1] (X1: production store capacity [mm]) < 0.01
     X1 set to 0.01
    Warning in airGR::RunModel_GR4J(InputsModel = InputsModel, RunOptions = RunOptions, :
     Param[1] (X1: production store capacity [mm]) < 0.01
     X1 set to 0.01
    Warning in airGR::RunModel_GR4J(InputsModel = InputsModel, RunOptions = RunOptions, :
     Param[1] (X1: production store capacity [mm]) < 0.01
     X1 set to 0.01
    Warning in airGR::RunModel_GR4J(InputsModel = InputsModel, RunOptions = RunOptions, :
     Param[1] (X1: production store capacity [mm]) < 0.01
     X1 set to 0.01
    Warning in airGR::RunModel_GR4J(InputsModel = InputsModel, RunOptions = RunOptions, :
     Param[1] (X1: production store capacity [mm]) < 0.01
     X1 set to 0.01
    Warning in airGR::RunModel_GR4J(InputsModel = InputsModel, RunOptions = RunOptions, :
     Param[1] (X1: production store capacity [mm]) < 0.01
     X1 set to 0.01
    Warning in airGR::RunModel_GR4J(InputsModel = InputsModel, RunOptions = RunOptions, :
     Param[1] (X1: production store capacity [mm]) < 0.01
     X1 set to 0.01
    Warning in airGR::RunModel_GR4J(InputsModel = InputsModel, RunOptions = RunOptions, :
     Param[1] (X1: production store capacity [mm]) < 0.01
     X1 set to 0.01
    Warning in airGR::RunModel_GR4J(InputsModel = InputsModel, RunOptions = RunOptions, :
     Param[1] (X1: production store capacity [mm]) < 0.01
     X1 set to 0.01
    Warning in airGR::RunModel_GR4J(InputsModel = InputsModel, RunOptions = RunOptions, :
     Param[1] (X1: production store capacity [mm]) < 0.01
     X1 set to 0.01
    Warning in airGR::RunModel_GR4J(InputsModel = InputsModel, RunOptions = RunOptions, :
     Param[1] (X1: production store capacity [mm]) < 0.01
     X1 set to 0.01
    Warning in airGR::RunModel_GR4J(InputsModel = InputsModel, RunOptions = RunOptions, :
     Param[1] (X1: production store capacity [mm]) < 0.01
     X1 set to 0.01
    Warning in airGR::RunModel_GR4J(InputsModel = InputsModel, RunOptions = RunOptions, :
     Param[1] (X1: production store capacity [mm]) < 0.01
     X1 set to 0.01
    Warning in airGR::RunModel_GR4J(InputsModel = InputsModel, RunOptions = RunOptions, :
     Param[1] (X1: production store capacity [mm]) < 0.01
     X1 set to 0.01
    Warning in airGR::RunModel_GR4J(InputsModel = InputsModel, RunOptions = RunOptions, :
     Param[1] (X1: production store capacity [mm]) < 0.01
     X1 set to 0.01
    Warning in airGR::RunModel_GR4J(InputsModel = InputsModel, RunOptions = RunOptions, :
     Param[1] (X1: production store capacity [mm]) < 0.01
     X1 set to 0.01
    Warning in airGR::RunModel_GR4J(InputsModel = InputsModel, RunOptions = RunOptions, :
     Param[1] (X1: production store capacity [mm]) < 0.01
     X1 set to 0.01
    Warning in airGR::RunModel_GR4J(InputsModel = InputsModel, RunOptions = RunOptions, :
     Param[1] (X1: production store capacity [mm]) < 0.01
     X1 set to 0.01
    Warning in airGR::RunModel_GR4J(InputsModel = InputsModel, RunOptions = RunOptions, :
     Param[1] (X1: production store capacity [mm]) < 0.01
     X1 set to 0.01
    Warning in airGR::RunModel_GR4J(InputsModel = InputsModel, RunOptions = RunOptions, :
     Param[1] (X1: production store capacity [mm]) < 0.01
     X1 set to 0.01
    Warning in airGR::RunModel_GR4J(InputsModel = InputsModel, RunOptions = RunOptions, :
     Param[1] (X1: production store capacity [mm]) < 0.01
     X1 set to 0.01
    Warning in airGR::RunModel_GR4J(InputsModel = InputsModel, RunOptions = RunOptions, :
     Param[1] (X1: production store capacity [mm]) < 0.01
     X1 set to 0.01
    Warning in airGR::RunModel_GR4J(InputsModel = InputsModel, RunOptions = RunOptions, :
     Param[1] (X1: production store capacity [mm]) < 0.01
     X1 set to 0.01
    Warning in airGR::RunModel_GR4J(InputsModel = InputsModel, RunOptions = RunOptions, :
     Param[1] (X1: production store capacity [mm]) < 0.01
     X1 set to 0.01
    Warning in airGR::RunModel_GR4J(InputsModel = InputsModel, RunOptions = RunOptions, :
     Param[1] (X1: production store capacity [mm]) < 0.01
     X1 set to 0.01
    Warning in airGR::RunModel_GR4J(InputsModel = InputsModel, RunOptions = RunOptions, :
     Param[1] (X1: production store capacity [mm]) < 0.01
     X1 set to 0.01
    Warning in airGR::RunModel_GR4J(InputsModel = InputsModel, RunOptions = RunOptions, :
     Param[1] (X1: production store capacity [mm]) < 0.01
     X1 set to 0.01
    Warning in airGR::RunModel_GR4J(InputsModel = InputsModel, RunOptions = RunOptions, :
     Param[1] (X1: production store capacity [mm]) < 0.01
     X1 set to 0.01
    Warning in airGR::RunModel_GR4J(InputsModel = InputsModel, RunOptions = RunOptions, :
     Param[1] (X1: production store capacity [mm]) < 0.01
     X1 set to 0.01
    Warning in airGR::RunModel_GR4J(InputsModel = InputsModel, RunOptions = RunOptions, :
     Param[1] (X1: production store capacity [mm]) < 0.01
     X1 set to 0.01
    Warning in airGR::RunModel_GR4J(InputsModel = InputsModel, RunOptions = RunOptions, :
     Param[1] (X1: production store capacity [mm]) < 0.01
     X1 set to 0.01
    Warning in airGR::RunModel_GR4J(InputsModel = InputsModel, RunOptions = RunOptions, :
     Param[1] (X1: production store capacity [mm]) < 0.01
     X1 set to 0.01
    Warning in airGR::RunModel_GR4J(InputsModel = InputsModel, RunOptions = RunOptions, :
     Param[1] (X1: production store capacity [mm]) < 0.01
     X1 set to 0.01
    Warning in airGR::RunModel_GR4J(InputsModel = InputsModel, RunOptions = RunOptions, :
     Param[1] (X1: production store capacity [mm]) < 0.01
     X1 set to 0.01
    Warning in airGR::RunModel_GR4J(InputsModel = InputsModel, RunOptions = RunOptions, :
     Param[1] (X1: production store capacity [mm]) < 0.01
     X1 set to 0.01
    Warning in airGR::RunModel_GR4J(InputsModel = InputsModel, RunOptions = RunOptions, :
     Param[1] (X1: production store capacity [mm]) < 0.01
     X1 set to 0.01
    Warning in airGR::RunModel_GR4J(InputsModel = InputsModel, RunOptions = RunOptions, :
     Param[1] (X1: production store capacity [mm]) < 0.01
     X1 set to 0.01
    Warning in airGR::RunModel_GR4J(InputsModel = InputsModel, RunOptions = RunOptions, :
     Param[1] (X1: production store capacity [mm]) < 0.01
     X1 set to 0.01
    Warning in airGR::RunModel_GR4J(InputsModel = InputsModel, RunOptions = RunOptions, :
     Param[1] (X1: production store capacity [mm]) < 0.01
     X1 set to 0.01
    Warning in airGR::RunModel_GR4J(InputsModel = InputsModel, RunOptions = RunOptions, :
     Param[1] (X1: production store capacity [mm]) < 0.01
     X1 set to 0.01
    Warning in airGR::RunModel_GR4J(InputsModel = InputsModel, RunOptions = RunOptions, :
     Param[1] (X1: production store capacity [mm]) < 0.01
     X1 set to 0.01
    Warning in airGR::RunModel_GR4J(InputsModel = InputsModel, RunOptions = RunOptions, :
     Param[1] (X1: production store capacity [mm]) < 0.01
     X1 set to 0.01
    Warning in airGR::RunModel_GR4J(InputsModel = InputsModel, RunOptions = RunOptions, :
     Param[1] (X1: production store capacity [mm]) < 0.01
     X1 set to 0.01
    Warning in airGR::RunModel_GR4J(InputsModel = InputsModel, RunOptions = RunOptions, :
     Param[1] (X1: production store capacity [mm]) < 0.01
     X1 set to 0.01
    Warning in airGR::RunModel_GR4J(InputsModel = InputsModel, RunOptions = RunOptions, :
     Param[1] (X1: production store capacity [mm]) < 0.01
     X1 set to 0.01
    Warning in airGR::RunModel_GR4J(InputsModel = InputsModel, RunOptions = RunOptions, :
     Param[1] (X1: production store capacity [mm]) < 0.01
     X1 set to 0.01
    Warning in airGR::RunModel_GR4J(InputsModel = InputsModel, RunOptions = RunOptions, :
     Param[1] (X1: production store capacity [mm]) < 0.01
     X1 set to 0.01
    Warning in airGR::RunModel_GR4J(InputsModel = InputsModel, RunOptions = RunOptions, :
     Param[1] (X1: production store capacity [mm]) < 0.01
     X1 set to 0.01
    Warning in airGR::RunModel_GR4J(InputsModel = InputsModel, RunOptions = RunOptions, :
     Param[1] (X1: production store capacity [mm]) < 0.01
     X1 set to 0.01
    Warning in airGR::RunModel_GR4J(InputsModel = InputsModel, RunOptions = RunOptions, :
     Param[1] (X1: production store capacity [mm]) < 0.01
     X1 set to 0.01
    Warning in airGR::RunModel_GR4J(InputsModel = InputsModel, RunOptions = RunOptions, :
     Param[1] (X1: production store capacity [mm]) < 0.01
     X1 set to 0.01
    Warning in airGR::RunModel_GR4J(InputsModel = InputsModel, RunOptions = RunOptions, :
     Param[1] (X1: production store capacity [mm]) < 0.01
     X1 set to 0.01
    Warning in airGR::RunModel_GR4J(InputsModel = InputsModel, RunOptions = RunOptions, :
     Param[1] (X1: production store capacity [mm]) < 0.01
     X1 set to 0.01
    Warning in airGR::RunModel_GR4J(InputsModel = InputsModel, RunOptions = RunOptions, :
     Param[3] (X3: routing store capacity [mm]) < 0.01
     X3 set to 0.01
    Warning in airGR::RunModel_GR4J(InputsModel = InputsModel, RunOptions = RunOptions, :
     Param[1] (X1: production store capacity [mm]) < 0.01
     X1 set to 0.01
    Warning in airGR::RunModel_GR4J(InputsModel = InputsModel, RunOptions = RunOptions, :
     Param[3] (X3: routing store capacity [mm]) < 0.01
     X3 set to 0.01
    Warning in airGR::RunModel_GR4J(InputsModel = InputsModel, RunOptions = RunOptions, :
     Param[1] (X1: production store capacity [mm]) < 0.01
     X1 set to 0.01
    Warning in airGR::RunModel_GR4J(InputsModel = InputsModel, RunOptions = RunOptions, :
     Param[3] (X3: routing store capacity [mm]) < 0.01
     X3 set to 0.01
    Warning in airGR::RunModel_GR4J(InputsModel = InputsModel, RunOptions = RunOptions, :
     Param[1] (X1: production store capacity [mm]) < 0.01
     X1 set to 0.01
    Warning in airGR::RunModel_GR4J(InputsModel = InputsModel, RunOptions = RunOptions, :
     Param[1] (X1: production store capacity [mm]) < 0.01
     X1 set to 0.01
    Warning in airGR::RunModel_GR4J(InputsModel = InputsModel, RunOptions = RunOptions, :
     Param[3] (X3: routing store capacity [mm]) < 0.01
     X3 set to 0.01
    Warning in airGR::RunModel_GR4J(InputsModel = InputsModel, RunOptions = RunOptions, :
     Param[1] (X1: production store capacity [mm]) < 0.01
     X1 set to 0.01
    Warning in airGR::RunModel_GR4J(InputsModel = InputsModel, RunOptions = RunOptions, :
     Param[3] (X3: routing store capacity [mm]) < 0.01
     X3 set to 0.01
    Warning in airGR::RunModel_GR4J(InputsModel = InputsModel, RunOptions = RunOptions, :
     Param[3] (X3: routing store capacity [mm]) < 0.01
     X3 set to 0.01
    Warning in airGR::RunModel_GR4J(InputsModel = InputsModel, RunOptions = RunOptions, :
     Param[3] (X3: routing store capacity [mm]) < 0.01
     X3 set to 0.01
    Warning in airGR::RunModel_GR4J(InputsModel = InputsModel, RunOptions = RunOptions, :
     Param[1] (X1: production store capacity [mm]) < 0.01
     X1 set to 0.01
    Warning in airGR::RunModel_GR4J(InputsModel = InputsModel, RunOptions = RunOptions, :
     Param[1] (X1: production store capacity [mm]) < 0.01
     X1 set to 0.01
    Warning in airGR::RunModel_GR4J(InputsModel = InputsModel, RunOptions = RunOptions, :
     Param[3] (X3: routing store capacity [mm]) < 0.01
     X3 set to 0.01
    Warning in airGR::RunModel_GR4J(InputsModel = InputsModel, RunOptions = RunOptions, :
     Param[1] (X1: production store capacity [mm]) < 0.01
     X1 set to 0.01
    Warning in airGR::RunModel_GR4J(InputsModel = InputsModel, RunOptions = RunOptions, :
     Param[3] (X3: routing store capacity [mm]) < 0.01
     X3 set to 0.01
    Warning in airGR::RunModel_GR4J(InputsModel = InputsModel, RunOptions = RunOptions, :
     Param[1] (X1: production store capacity [mm]) < 0.01
     X1 set to 0.01
    Warning in airGR::RunModel_GR4J(InputsModel = InputsModel, RunOptions = RunOptions, :
     Param[1] (X1: production store capacity [mm]) < 0.01
     X1 set to 0.01
    Warning in airGR::RunModel_GR4J(InputsModel = InputsModel, RunOptions = RunOptions, :
     Param[1] (X1: production store capacity [mm]) < 0.01
     X1 set to 0.01
    Warning in airGR::RunModel_GR4J(InputsModel = InputsModel, RunOptions = RunOptions, :
     Param[1] (X1: production store capacity [mm]) < 0.01
     X1 set to 0.01
    Warning in airGR::RunModel_GR4J(InputsModel = InputsModel, RunOptions = RunOptions, :
     Param[1] (X1: production store capacity [mm]) < 0.01
     X1 set to 0.01
    Warning in airGR::RunModel_GR4J(InputsModel = InputsModel, RunOptions = RunOptions, :
     Param[3] (X3: routing store capacity [mm]) < 0.01
     X3 set to 0.01
    Warning in airGR::RunModel_GR4J(InputsModel = InputsModel, RunOptions = RunOptions, :
     Param[3] (X3: routing store capacity [mm]) < 0.01
     X3 set to 0.01
    Warning in airGR::RunModel_GR4J(InputsModel = InputsModel, RunOptions = RunOptions, :
     Param[1] (X1: production store capacity [mm]) < 0.01
     X1 set to 0.01
    Warning in airGR::RunModel_GR4J(InputsModel = InputsModel, RunOptions = RunOptions, :
     Param[1] (X1: production store capacity [mm]) < 0.01
     X1 set to 0.01
    Warning in airGR::RunModel_GR4J(InputsModel = InputsModel, RunOptions = RunOptions, :
     Param[1] (X1: production store capacity [mm]) < 0.01
     X1 set to 0.01
    Warning in airGR::RunModel_GR4J(InputsModel = InputsModel, RunOptions = RunOptions, :
     Param[3] (X3: routing store capacity [mm]) < 0.01
     X3 set to 0.01
    Warning in airGR::RunModel_GR4J(InputsModel = InputsModel, RunOptions = RunOptions, :
     Param[1] (X1: production store capacity [mm]) < 0.01
     X1 set to 0.01
    Warning in airGR::RunModel_GR4J(InputsModel = InputsModel, RunOptions = RunOptions, :
     Param[1] (X1: production store capacity [mm]) < 0.01
     X1 set to 0.01
    Warning in airGR::RunModel_GR4J(InputsModel = InputsModel, RunOptions = RunOptions, :
     Param[3] (X3: routing store capacity [mm]) < 0.01
     X3 set to 0.01
    Warning in airGR::RunModel_GR4J(InputsModel = InputsModel, RunOptions = RunOptions, :
     Param[1] (X1: production store capacity [mm]) < 0.01
     X1 set to 0.01
    Warning in airGR::RunModel_GR4J(InputsModel = InputsModel, RunOptions = RunOptions, :
     Param[3] (X3: routing store capacity [mm]) < 0.01
     X3 set to 0.01
    Warning in airGR::RunModel_GR4J(InputsModel = InputsModel, RunOptions = RunOptions, :
     Param[1] (X1: production store capacity [mm]) < 0.01
     X1 set to 0.01
    Warning in airGR::RunModel_GR4J(InputsModel = InputsModel, RunOptions = RunOptions, :
     Param[3] (X3: routing store capacity [mm]) < 0.01
     X3 set to 0.01
    Warning in airGR::RunModel_GR4J(InputsModel = InputsModel, RunOptions = RunOptions, :
     Param[1] (X1: production store capacity [mm]) < 0.01
     X1 set to 0.01
    Warning in airGR::RunModel_GR4J(InputsModel = InputsModel, RunOptions = RunOptions, :
     Param[3] (X3: routing store capacity [mm]) < 0.01
     X3 set to 0.01
    Warning in airGR::RunModel_GR4J(InputsModel = InputsModel, RunOptions = RunOptions, :
     Param[1] (X1: production store capacity [mm]) < 0.01
     X1 set to 0.01
    Warning in airGR::RunModel_GR4J(InputsModel = InputsModel, RunOptions = RunOptions, :
     Param[1] (X1: production store capacity [mm]) < 0.01
     X1 set to 0.01
    Warning in airGR::RunModel_GR4J(InputsModel = InputsModel, RunOptions = RunOptions, :
     Param[1] (X1: production store capacity [mm]) < 0.01
     X1 set to 0.01
    Warning in airGR::RunModel_GR4J(InputsModel = InputsModel, RunOptions = RunOptions, :
     Param[1] (X1: production store capacity [mm]) < 0.01
     X1 set to 0.01
    Warning in airGR::RunModel_GR4J(InputsModel = InputsModel, RunOptions = RunOptions, :
     Param[1] (X1: production store capacity [mm]) < 0.01
     X1 set to 0.01
    Warning in airGR::RunModel_GR4J(InputsModel = InputsModel, RunOptions = RunOptions, :
     Param[1] (X1: production store capacity [mm]) < 0.01
     X1 set to 0.01
    Warning in airGR::RunModel_GR4J(InputsModel = InputsModel, RunOptions = RunOptions, :
     Param[1] (X1: production store capacity [mm]) < 0.01
     X1 set to 0.01
    Warning in airGR::RunModel_GR4J(InputsModel = InputsModel, RunOptions = RunOptions, :
     Param[1] (X1: production store capacity [mm]) < 0.01
     X1 set to 0.01
    Warning in airGR::RunModel_GR4J(InputsModel = InputsModel, RunOptions = RunOptions, :
     Param[1] (X1: production store capacity [mm]) < 0.01
     X1 set to 0.01
    Warning in airGR::RunModel_GR4J(InputsModel = InputsModel, RunOptions = RunOptions, :
     Param[1] (X1: production store capacity [mm]) < 0.01
     X1 set to 0.01
    Warning in airGR::RunModel_GR4J(InputsModel = InputsModel, RunOptions = RunOptions, :
     Param[3] (X3: routing store capacity [mm]) < 0.01
     X3 set to 0.01
    Warning in airGR::RunModel_GR4J(InputsModel = InputsModel, RunOptions = RunOptions, :
     Param[1] (X1: production store capacity [mm]) < 0.01
     X1 set to 0.01
    Warning in airGR::RunModel_GR4J(InputsModel = InputsModel, RunOptions = RunOptions, :
     Param[1] (X1: production store capacity [mm]) < 0.01
     X1 set to 0.01
    Warning in airGR::RunModel_GR4J(InputsModel = InputsModel, RunOptions = RunOptions, :
     Param[3] (X3: routing store capacity [mm]) < 0.01
     X3 set to 0.01
    Warning in airGR::RunModel_GR4J(InputsModel = InputsModel, RunOptions = RunOptions, :
     Param[3] (X3: routing store capacity [mm]) < 0.01
     X3 set to 0.01
    Warning in airGR::RunModel_GR4J(InputsModel = InputsModel, RunOptions = RunOptions, :
     Param[3] (X3: routing store capacity [mm]) < 0.01
     X3 set to 0.01
    Warning in airGR::RunModel_GR4J(InputsModel = InputsModel, RunOptions = RunOptions, :
     Param[1] (X1: production store capacity [mm]) < 0.01
     X1 set to 0.01
    Warning in airGR::RunModel_GR4J(InputsModel = InputsModel, RunOptions = RunOptions, :
     Param[3] (X3: routing store capacity [mm]) < 0.01
     X3 set to 0.01
    Warning in airGR::RunModel_GR4J(InputsModel = InputsModel, RunOptions = RunOptions, :
     Param[3] (X3: routing store capacity [mm]) < 0.01
     X3 set to 0.01
    Warning in airGR::RunModel_GR4J(InputsModel = InputsModel, RunOptions = RunOptions, :
     Param[3] (X3: routing store capacity [mm]) < 0.01
     X3 set to 0.01
    Warning in airGR::RunModel_GR4J(InputsModel = InputsModel, RunOptions = RunOptions, :
     Param[1] (X1: production store capacity [mm]) < 0.01
     X1 set to 0.01
    Warning in airGR::RunModel_GR4J(InputsModel = InputsModel, RunOptions = RunOptions, :
     Param[3] (X3: routing store capacity [mm]) < 0.01
     X3 set to 0.01
    Warning in airGR::RunModel_GR4J(InputsModel = InputsModel, RunOptions = RunOptions, :
     Param[1] (X1: production store capacity [mm]) < 0.01
     X1 set to 0.01
    Warning in airGR::RunModel_GR4J(InputsModel = InputsModel, RunOptions = RunOptions, :
     Param[3] (X3: routing store capacity [mm]) < 0.01
     X3 set to 0.01
    Warning in airGR::RunModel_GR4J(InputsModel = InputsModel, RunOptions = RunOptions, :
     Param[1] (X1: production store capacity [mm]) < 0.01
     X1 set to 0.01
    Warning in airGR::RunModel_GR4J(InputsModel = InputsModel, RunOptions = RunOptions, :
     Param[1] (X1: production store capacity [mm]) < 0.01
     X1 set to 0.01
    Warning in airGR::RunModel_GR4J(InputsModel = InputsModel, RunOptions = RunOptions, :
     Param[1] (X1: production store capacity [mm]) < 0.01
     X1 set to 0.01
    Warning in airGR::RunModel_GR4J(InputsModel = InputsModel, RunOptions = RunOptions, :
     Param[3] (X3: routing store capacity [mm]) < 0.01
     X3 set to 0.01
    Warning in airGR::RunModel_GR4J(InputsModel = InputsModel, RunOptions = RunOptions, :
     Param[3] (X3: routing store capacity [mm]) < 0.01
     X3 set to 0.01
    Warning in airGR::RunModel_GR4J(InputsModel = InputsModel, RunOptions = RunOptions, :
     Param[1] (X1: production store capacity [mm]) < 0.01
     X1 set to 0.01
    Warning in airGR::RunModel_GR4J(InputsModel = InputsModel, RunOptions = RunOptions, :
     Param[1] (X1: production store capacity [mm]) < 0.01
     X1 set to 0.01
    Warning in airGR::RunModel_GR4J(InputsModel = InputsModel, RunOptions = RunOptions, :
     Param[1] (X1: production store capacity [mm]) < 0.01
     X1 set to 0.01
    Warning in airGR::RunModel_GR4J(InputsModel = InputsModel, RunOptions = RunOptions, :
     Param[1] (X1: production store capacity [mm]) < 0.01
     X1 set to 0.01
    Warning in airGR::RunModel_GR4J(InputsModel = InputsModel, RunOptions = RunOptions, :
     Param[1] (X1: production store capacity [mm]) < 0.01
     X1 set to 0.01
    Warning in airGR::RunModel_GR4J(InputsModel = InputsModel, RunOptions = RunOptions, :
     Param[1] (X1: production store capacity [mm]) < 0.01
     X1 set to 0.01
    Warning in airGR::RunModel_GR4J(InputsModel = InputsModel, RunOptions = RunOptions, :
     Param[3] (X3: routing store capacity [mm]) < 0.01
     X3 set to 0.01
    Warning in airGR::RunModel_GR4J(InputsModel = InputsModel, RunOptions = RunOptions, :
     Param[3] (X3: routing store capacity [mm]) < 0.01
     X3 set to 0.01
    Warning in airGR::RunModel_GR4J(InputsModel = InputsModel, RunOptions = RunOptions, :
     Param[3] (X3: routing store capacity [mm]) < 0.01
     X3 set to 0.01
    Warning in airGR::RunModel_GR4J(InputsModel = InputsModel, RunOptions = RunOptions, :
     Param[1] (X1: production store capacity [mm]) < 0.01
     X1 set to 0.01
    Warning in airGR::RunModel_GR4J(InputsModel = InputsModel, RunOptions = RunOptions, :
     Param[1] (X1: production store capacity [mm]) < 0.01
     X1 set to 0.01
    Warning in airGR::RunModel_GR4J(InputsModel = InputsModel, RunOptions = RunOptions, :
     Param[3] (X3: routing store capacity [mm]) < 0.01
     X3 set to 0.01
    Warning in airGR::RunModel_GR4J(InputsModel = InputsModel, RunOptions = RunOptions, :
     Param[3] (X3: routing store capacity [mm]) < 0.01
     X3 set to 0.01
    Warning in airGR::RunModel_GR4J(InputsModel = InputsModel, RunOptions = RunOptions, :
     Param[1] (X1: production store capacity [mm]) < 0.01
     X1 set to 0.01
    Warning in airGR::RunModel_GR4J(InputsModel = InputsModel, RunOptions = RunOptions, :
     Param[1] (X1: production store capacity [mm]) < 0.01
     X1 set to 0.01
    Warning in airGR::RunModel_GR4J(InputsModel = InputsModel, RunOptions = RunOptions, :
     Param[1] (X1: production store capacity [mm]) < 0.01
     X1 set to 0.01
    Warning in airGR::RunModel_GR4J(InputsModel = InputsModel, RunOptions = RunOptions, :
     Param[1] (X1: production store capacity [mm]) < 0.01
     X1 set to 0.01
    Warning in airGR::RunModel_GR4J(InputsModel = InputsModel, RunOptions = RunOptions, :
     Param[1] (X1: production store capacity [mm]) < 0.01
     X1 set to 0.01
    Warning in airGR::RunModel_GR4J(InputsModel = InputsModel, RunOptions = RunOptions, :
     Param[1] (X1: production store capacity [mm]) < 0.01
     X1 set to 0.01
    Warning in airGR::RunModel_GR4J(InputsModel = InputsModel, RunOptions = RunOptions, :
     Param[1] (X1: production store capacity [mm]) < 0.01
     X1 set to 0.01
    Warning in airGR::RunModel_GR4J(InputsModel = InputsModel, RunOptions = RunOptions, :
     Param[1] (X1: production store capacity [mm]) < 0.01
     X1 set to 0.01
    Warning in airGR::RunModel_GR4J(InputsModel = InputsModel, RunOptions = RunOptions, :
     Param[3] (X3: routing store capacity [mm]) < 0.01
     X3 set to 0.01
    Warning in airGR::RunModel_GR4J(InputsModel = InputsModel, RunOptions = RunOptions, :
     Param[3] (X3: routing store capacity [mm]) < 0.01
     X3 set to 0.01
    Warning in airGR::RunModel_GR4J(InputsModel = InputsModel, RunOptions = RunOptions, :
     Param[1] (X1: production store capacity [mm]) < 0.01
     X1 set to 0.01
    Warning in airGR::RunModel_GR4J(InputsModel = InputsModel, RunOptions = RunOptions, :
     Param[3] (X3: routing store capacity [mm]) < 0.01
     X3 set to 0.01
    Warning in airGR::RunModel_GR4J(InputsModel = InputsModel, RunOptions = RunOptions, :
     Param[3] (X3: routing store capacity [mm]) < 0.01
     X3 set to 0.01
    Warning in airGR::RunModel_GR4J(InputsModel = InputsModel, RunOptions = RunOptions, :
     Param[3] (X3: routing store capacity [mm]) < 0.01
     X3 set to 0.01
    Warning in airGR::RunModel_GR4J(InputsModel = InputsModel, RunOptions = RunOptions, :
     Param[1] (X1: production store capacity [mm]) < 0.01
     X1 set to 0.01
    Warning in airGR::RunModel_GR4J(InputsModel = InputsModel, RunOptions = RunOptions, :
     Param[1] (X1: production store capacity [mm]) < 0.01
     X1 set to 0.01
    Warning in airGR::RunModel_GR4J(InputsModel = InputsModel, RunOptions = RunOptions, :
     Param[1] (X1: production store capacity [mm]) < 0.01
     X1 set to 0.01
    Warning in airGR::RunModel_GR4J(InputsModel = InputsModel, RunOptions = RunOptions, :
     Param[1] (X1: production store capacity [mm]) < 0.01
     X1 set to 0.01
    Warning in airGR::RunModel_GR4J(InputsModel = InputsModel, RunOptions = RunOptions, :
     Param[3] (X3: routing store capacity [mm]) < 0.01
     X3 set to 0.01
    Warning in airGR::RunModel_GR4J(InputsModel = InputsModel, RunOptions = RunOptions, :
     Param[1] (X1: production store capacity [mm]) < 0.01
     X1 set to 0.01
    Warning in airGR::RunModel_GR4J(InputsModel = InputsModel, RunOptions = RunOptions, :
     Param[1] (X1: production store capacity [mm]) < 0.01
     X1 set to 0.01
    Warning in airGR::RunModel_GR4J(InputsModel = InputsModel, RunOptions = RunOptions, :
     Param[1] (X1: production store capacity [mm]) < 0.01
     X1 set to 0.01
    Warning in airGR::RunModel_GR4J(InputsModel = InputsModel, RunOptions = RunOptions, :
     Param[3] (X3: routing store capacity [mm]) < 0.01
     X3 set to 0.01
    Warning in airGR::RunModel_GR4J(InputsModel = InputsModel, RunOptions = RunOptions, :
     Param[3] (X3: routing store capacity [mm]) < 0.01
     X3 set to 0.01
    Warning in airGR::RunModel_GR4J(InputsModel = InputsModel, RunOptions = RunOptions, :
     Param[1] (X1: production store capacity [mm]) < 0.01
     X1 set to 0.01
    Warning in airGR::RunModel_GR4J(InputsModel = InputsModel, RunOptions = RunOptions, :
     Param[1] (X1: production store capacity [mm]) < 0.01
     X1 set to 0.01
    Warning in airGR::RunModel_GR4J(InputsModel = InputsModel, RunOptions = RunOptions, :
     Param[3] (X3: routing store capacity [mm]) < 0.01
     X3 set to 0.01
    Warning in airGR::RunModel_GR4J(InputsModel = InputsModel, RunOptions = RunOptions, :
     Param[3] (X3: routing store capacity [mm]) < 0.01
     X3 set to 0.01
    Warning in airGR::RunModel_GR4J(InputsModel = InputsModel, RunOptions = RunOptions, :
     Param[1] (X1: production store capacity [mm]) < 0.01
     X1 set to 0.01
    Warning in airGR::RunModel_GR4J(InputsModel = InputsModel, RunOptions = RunOptions, :
     Param[3] (X3: routing store capacity [mm]) < 0.01
     X3 set to 0.01
    Warning in airGR::RunModel_GR4J(InputsModel = InputsModel, RunOptions = RunOptions, :
     Param[3] (X3: routing store capacity [mm]) < 0.01
     X3 set to 0.01
    Warning in airGR::RunModel_GR4J(InputsModel = InputsModel, RunOptions = RunOptions, :
     Param[3] (X3: routing store capacity [mm]) < 0.01
     X3 set to 0.01
    Warning in airGR::RunModel_GR4J(InputsModel = InputsModel, RunOptions = RunOptions, :
     Param[1] (X1: production store capacity [mm]) < 0.01
     X1 set to 0.01
    Warning in airGR::RunModel_GR4J(InputsModel = InputsModel, RunOptions = RunOptions, :
     Param[1] (X1: production store capacity [mm]) < 0.01
     X1 set to 0.01
    Warning in airGR::RunModel_GR4J(InputsModel = InputsModel, RunOptions = RunOptions, :
     Param[1] (X1: production store capacity [mm]) < 0.01
     X1 set to 0.01
    Warning in airGR::RunModel_GR4J(InputsModel = InputsModel, RunOptions = RunOptions, :
     Param[1] (X1: production store capacity [mm]) < 0.01
     X1 set to 0.01
    Warning in airGR::RunModel_GR4J(InputsModel = InputsModel, RunOptions = RunOptions, :
     Param[3] (X3: routing store capacity [mm]) < 0.01
     X3 set to 0.01
    Warning in airGR::RunModel_GR4J(InputsModel = InputsModel, RunOptions = RunOptions, :
     Param[1] (X1: production store capacity [mm]) < 0.01
     X1 set to 0.01
    Warning in airGR::RunModel_GR4J(InputsModel = InputsModel, RunOptions = RunOptions, :
     Param[1] (X1: production store capacity [mm]) < 0.01
     X1 set to 0.01
    Warning in airGR::RunModel_GR4J(InputsModel = InputsModel, RunOptions = RunOptions, :
     Param[1] (X1: production store capacity [mm]) < 0.01
     X1 set to 0.01
    Warning in airGR::RunModel_GR4J(InputsModel = InputsModel, RunOptions = RunOptions, :
     Param[3] (X3: routing store capacity [mm]) < 0.01
     X3 set to 0.01
    Warning in airGR::RunModel_GR4J(InputsModel = InputsModel, RunOptions = RunOptions, :
     Param[1] (X1: production store capacity [mm]) < 0.01
     X1 set to 0.01
    Warning in airGR::RunModel_GR4J(InputsModel = InputsModel, RunOptions = RunOptions, :
     Param[1] (X1: production store capacity [mm]) < 0.01
     X1 set to 0.01
    Warning in airGR::RunModel_GR4J(InputsModel = InputsModel, RunOptions = RunOptions, :
     Param[1] (X1: production store capacity [mm]) < 0.01
     X1 set to 0.01
    Warning in airGR::RunModel_GR4J(InputsModel = InputsModel, RunOptions = RunOptions, :
     Param[1] (X1: production store capacity [mm]) < 0.01
     X1 set to 0.01
    Warning in airGR::RunModel_GR4J(InputsModel = InputsModel, RunOptions = RunOptions, :
     Param[3] (X3: routing store capacity [mm]) < 0.01
     X3 set to 0.01
    Warning in airGR::RunModel_GR4J(InputsModel = InputsModel, RunOptions = RunOptions, :
     Param[1] (X1: production store capacity [mm]) < 0.01
     X1 set to 0.01
    Warning in airGR::RunModel_GR4J(InputsModel = InputsModel, RunOptions = RunOptions, :
     Param[3] (X3: routing store capacity [mm]) < 0.01
     X3 set to 0.01
    Warning in airGR::RunModel_GR4J(InputsModel = InputsModel, RunOptions = RunOptions, :
     Param[3] (X3: routing store capacity [mm]) < 0.01
     X3 set to 0.01
    Warning in airGR::RunModel_GR4J(InputsModel = InputsModel, RunOptions = RunOptions, :
     Param[1] (X1: production store capacity [mm]) < 0.01
     X1 set to 0.01
    Warning in airGR::RunModel_GR4J(InputsModel = InputsModel, RunOptions = RunOptions, :
     Param[1] (X1: production store capacity [mm]) < 0.01
     X1 set to 0.01
    Warning in airGR::RunModel_GR4J(InputsModel = InputsModel, RunOptions = RunOptions, :
     Param[1] (X1: production store capacity [mm]) < 0.01
     X1 set to 0.01
    Warning in airGR::RunModel_GR4J(InputsModel = InputsModel, RunOptions = RunOptions, :
     Param[3] (X3: routing store capacity [mm]) < 0.01
     X3 set to 0.01
    Warning in airGR::RunModel_GR4J(InputsModel = InputsModel, RunOptions = RunOptions, :
     Param[3] (X3: routing store capacity [mm]) < 0.01
     X3 set to 0.01
    Warning in airGR::RunModel_GR4J(InputsModel = InputsModel, RunOptions = RunOptions, :
     Param[3] (X3: routing store capacity [mm]) < 0.01
     X3 set to 0.01
    Warning in airGR::RunModel_GR4J(InputsModel = InputsModel, RunOptions = RunOptions, :
     Param[3] (X3: routing store capacity [mm]) < 0.01
     X3 set to 0.01
    Warning in airGR::RunModel_GR4J(InputsModel = InputsModel, RunOptions = RunOptions, :
     Param[3] (X3: routing store capacity [mm]) < 0.01
     X3 set to 0.01
    Warning in airGR::RunModel_GR4J(InputsModel = InputsModel, RunOptions = RunOptions, :
     Param[1] (X1: production store capacity [mm]) < 0.01
     X1 set to 0.01
    Warning in airGR::RunModel_GR4J(InputsModel = InputsModel, RunOptions = RunOptions, :
     Param[3] (X3: routing store capacity [mm]) < 0.01
     X3 set to 0.01
    Warning in airGR::RunModel_GR4J(InputsModel = InputsModel, RunOptions = RunOptions, :
     Param[1] (X1: production store capacity [mm]) < 0.01
     X1 set to 0.01
    Warning in airGR::RunModel_GR4J(InputsModel = InputsModel, RunOptions = RunOptions, :
     Param[1] (X1: production store capacity [mm]) < 0.01
     X1 set to 0.01
    Warning in airGR::RunModel_GR4J(InputsModel = InputsModel, RunOptions = RunOptions, :
     Param[3] (X3: routing store capacity [mm]) < 0.01
     X3 set to 0.01
    Warning in airGR::RunModel_GR4J(InputsModel = InputsModel, RunOptions = RunOptions, :
     Param[3] (X3: routing store capacity [mm]) < 0.01
     X3 set to 0.01
    Warning in airGR::RunModel_GR4J(InputsModel = InputsModel, RunOptions = RunOptions, :
     Param[3] (X3: routing store capacity [mm]) < 0.01
     X3 set to 0.01
    Warning in airGR::RunModel_GR4J(InputsModel = InputsModel, RunOptions = RunOptions, :
     Param[1] (X1: production store capacity [mm]) < 0.01
     X1 set to 0.01
    Warning in airGR::RunModel_GR4J(InputsModel = InputsModel, RunOptions = RunOptions, :
     Param[1] (X1: production store capacity [mm]) < 0.01
     X1 set to 0.01
    Warning in airGR::RunModel_GR4J(InputsModel = InputsModel, RunOptions = RunOptions, :
     Param[1] (X1: production store capacity [mm]) < 0.01
     X1 set to 0.01
    Warning in airGR::RunModel_GR4J(InputsModel = InputsModel, RunOptions = RunOptions, :
     Param[1] (X1: production store capacity [mm]) < 0.01
     X1 set to 0.01
    Warning in airGR::RunModel_GR4J(InputsModel = InputsModel, RunOptions = RunOptions, :
     Param[3] (X3: routing store capacity [mm]) < 0.01
     X3 set to 0.01
    Warning in airGR::RunModel_GR4J(InputsModel = InputsModel, RunOptions = RunOptions, :
     Param[1] (X1: production store capacity [mm]) < 0.01
     X1 set to 0.01
    Warning in airGR::RunModel_GR4J(InputsModel = InputsModel, RunOptions = RunOptions, :
     Param[3] (X3: routing store capacity [mm]) < 0.01
     X3 set to 0.01
    Warning in airGR::RunModel_GR4J(InputsModel = InputsModel, RunOptions = RunOptions, :
     Param[1] (X1: production store capacity [mm]) < 0.01
     X1 set to 0.01
    Warning in airGR::RunModel_GR4J(InputsModel = InputsModel, RunOptions = RunOptions, :
     Param[1] (X1: production store capacity [mm]) < 0.01
     X1 set to 0.01
    Warning in airGR::RunModel_GR4J(InputsModel = InputsModel, RunOptions = RunOptions, :
     Param[1] (X1: production store capacity [mm]) < 0.01
     X1 set to 0.01
    Warning in airGR::RunModel_GR4J(InputsModel = InputsModel, RunOptions = RunOptions, :
     Param[3] (X3: routing store capacity [mm]) < 0.01
     X3 set to 0.01
    Warning in airGR::RunModel_GR4J(InputsModel = InputsModel, RunOptions = RunOptions, :
     Param[1] (X1: production store capacity [mm]) < 0.01
     X1 set to 0.01
    Warning in airGR::RunModel_GR4J(InputsModel = InputsModel, RunOptions = RunOptions, :
     Param[1] (X1: production store capacity [mm]) < 0.01
     X1 set to 0.01
    Warning in airGR::RunModel_GR4J(InputsModel = InputsModel, RunOptions = RunOptions, :
     Param[3] (X3: routing store capacity [mm]) < 0.01
     X3 set to 0.01
    Warning in airGR::RunModel_GR4J(InputsModel = InputsModel, RunOptions = RunOptions, :
     Param[3] (X3: routing store capacity [mm]) < 0.01
     X3 set to 0.01
    Warning in airGR::RunModel_GR4J(InputsModel = InputsModel, RunOptions = RunOptions, :
     Param[3] (X3: routing store capacity [mm]) < 0.01
     X3 set to 0.01
    Warning in airGR::RunModel_GR4J(InputsModel = InputsModel, RunOptions = RunOptions, :
     Param[1] (X1: production store capacity [mm]) < 0.01
     X1 set to 0.01
    Warning in airGR::RunModel_GR4J(InputsModel = InputsModel, RunOptions = RunOptions, :
     Param[3] (X3: routing store capacity [mm]) < 0.01
     X3 set to 0.01
    Warning in airGR::RunModel_GR4J(InputsModel = InputsModel, RunOptions = RunOptions, :
     Param[3] (X3: routing store capacity [mm]) < 0.01
     X3 set to 0.01
    Warning in airGR::RunModel_GR4J(InputsModel = InputsModel, RunOptions = RunOptions, :
     Param[1] (X1: production store capacity [mm]) < 0.01
     X1 set to 0.01
    Warning in airGR::RunModel_GR4J(InputsModel = InputsModel, RunOptions = RunOptions, :
     Param[1] (X1: production store capacity [mm]) < 0.01
     X1 set to 0.01
    Warning in airGR::RunModel_GR4J(InputsModel = InputsModel, RunOptions = RunOptions, :
     Param[3] (X3: routing store capacity [mm]) < 0.01
     X3 set to 0.01
    Warning in airGR::RunModel_GR4J(InputsModel = InputsModel, RunOptions = RunOptions, :
     Param[3] (X3: routing store capacity [mm]) < 0.01
     X3 set to 0.01
    Warning in airGR::RunModel_GR4J(InputsModel = InputsModel, RunOptions = RunOptions, :
     Param[1] (X1: production store capacity [mm]) < 0.01
     X1 set to 0.01
    Warning in airGR::RunModel_GR4J(InputsModel = InputsModel, RunOptions = RunOptions, :
     Param[3] (X3: routing store capacity [mm]) < 0.01
     X3 set to 0.01
    Warning in airGR::RunModel_GR4J(InputsModel = InputsModel, RunOptions = RunOptions, :
     Param[3] (X3: routing store capacity [mm]) < 0.01
     X3 set to 0.01
    Warning in airGR::RunModel_GR4J(InputsModel = InputsModel, RunOptions = RunOptions, :
     Param[3] (X3: routing store capacity [mm]) < 0.01
     X3 set to 0.01
    Warning in airGR::RunModel_GR4J(InputsModel = InputsModel, RunOptions = RunOptions, :
     Param[3] (X3: routing store capacity [mm]) < 0.01
     X3 set to 0.01
    Warning in airGR::RunModel_GR4J(InputsModel = InputsModel, RunOptions = RunOptions, :
     Param[3] (X3: routing store capacity [mm]) < 0.01
     X3 set to 0.01
    Warning in airGR::RunModel_GR4J(InputsModel = InputsModel, RunOptions = RunOptions, :
     Param[3] (X3: routing store capacity [mm]) < 0.01
     X3 set to 0.01
    Warning in airGR::RunModel_GR4J(InputsModel = InputsModel, RunOptions = RunOptions, :
     Param[3] (X3: routing store capacity [mm]) < 0.01
     X3 set to 0.01
    Warning in airGR::RunModel_GR4J(InputsModel = InputsModel, RunOptions = RunOptions, :
     Param[3] (X3: routing store capacity [mm]) < 0.01
     X3 set to 0.01
    Warning in airGR::RunModel_GR4J(InputsModel = InputsModel, RunOptions = RunOptions, :
     Param[3] (X3: routing store capacity [mm]) < 0.01
     X3 set to 0.01
    Warning in airGR::RunModel_GR4J(InputsModel = InputsModel, RunOptions = RunOptions, :
     Param[3] (X3: routing store capacity [mm]) < 0.01
     X3 set to 0.01
    Warning in airGR::RunModel_GR4J(InputsModel = InputsModel, RunOptions = RunOptions, :
     Param[3] (X3: routing store capacity [mm]) < 0.01
     X3 set to 0.01
    Warning in airGR::RunModel_GR4J(InputsModel = InputsModel, RunOptions = RunOptions, :
     Param[3] (X3: routing store capacity [mm]) < 0.01
     X3 set to 0.01
    Warning in airGR::RunModel_GR4J(InputsModel = InputsModel, RunOptions = RunOptions, :
     Param[3] (X3: routing store capacity [mm]) < 0.01
     X3 set to 0.01
    [npart=40 ; maxit=1000 ; method=spso2011 ; topology=random ; boundary.wall=absorbing2011]
    
    [ user-definitions in control: write2disk=FALSE ; verbose=FALSE ]
    
    Warning in airGR::RunModel_GR4J(InputsModel = InputsModel, RunOptions = RunOptions, :
     Param[1] (X1: production store capacity [mm]) < 0.01
     X1 set to 0.01
    Warning in airGR::RunModel_GR4J(InputsModel = InputsModel, RunOptions = RunOptions, :
     Param[1] (X1: production store capacity [mm]) < 0.01
     X1 set to 0.01
    Warning in airGR::RunModel_GR4J(InputsModel = InputsModel, RunOptions = RunOptions, :
     Param[3] (X3: routing store capacity [mm]) < 0.01
     X3 set to 0.01
    Warning in airGR::RunModel_GR4J(InputsModel = InputsModel, RunOptions = RunOptions, :
     Param[3] (X3: routing store capacity [mm]) < 0.01
     X3 set to 0.01
    Warning in airGR::RunModel_GR4J(InputsModel = InputsModel, RunOptions = RunOptions, :
     Param[1] (X1: production store capacity [mm]) < 0.01
     X1 set to 0.01
    Warning in airGR::RunModel_GR4J(InputsModel = InputsModel, RunOptions = RunOptions, :
     Param[3] (X3: routing store capacity [mm]) < 0.01
     X3 set to 0.01
    Warning in airGR::RunModel_GR4J(InputsModel = InputsModel, RunOptions = RunOptions, :
     Param[1] (X1: production store capacity [mm]) < 0.01
     X1 set to 0.01
    Warning in airGR::RunModel_GR4J(InputsModel = InputsModel, RunOptions = RunOptions, :
     Param[1] (X1: production store capacity [mm]) < 0.01
     X1 set to 0.01
    Warning in airGR::RunModel_GR4J(InputsModel = InputsModel, RunOptions = RunOptions, :
     Param[3] (X3: routing store capacity [mm]) < 0.01
     X3 set to 0.01
    Warning in airGR::RunModel_GR4J(InputsModel = InputsModel, RunOptions = RunOptions, :
     Param[3] (X3: routing store capacity [mm]) < 0.01
     X3 set to 0.01
    Warning in airGR::RunModel_GR4J(InputsModel = InputsModel, RunOptions = RunOptions, :
     Param[3] (X3: routing store capacity [mm]) < 0.01
     X3 set to 0.01
    Warning in airGR::RunModel_GR4J(InputsModel = InputsModel, RunOptions = RunOptions, :
     Param[3] (X3: routing store capacity [mm]) < 0.01
     X3 set to 0.01
    Warning in airGR::RunModel_GR4J(InputsModel = InputsModel, RunOptions = RunOptions, :
     Param[3] (X3: routing store capacity [mm]) < 0.01
     X3 set to 0.01
    Warning in airGR::RunModel_GR4J(InputsModel = InputsModel, RunOptions = RunOptions, :
     Param[3] (X3: routing store capacity [mm]) < 0.01
     X3 set to 0.01
    Warning in airGR::RunModel_GR4J(InputsModel = InputsModel, RunOptions = RunOptions, :
     Param[1] (X1: production store capacity [mm]) < 0.01
     X1 set to 0.01
    Warning in airGR::RunModel_GR4J(InputsModel = InputsModel, RunOptions = RunOptions, :
     Param[1] (X1: production store capacity [mm]) < 0.01
     X1 set to 0.01
    Warning in airGR::RunModel_GR4J(InputsModel = InputsModel, RunOptions = RunOptions, :
     Param[1] (X1: production store capacity [mm]) < 0.01
     X1 set to 0.01
    Warning in airGR::RunModel_GR4J(InputsModel = InputsModel, RunOptions = RunOptions, :
     Param[3] (X3: routing store capacity [mm]) < 0.01
     X3 set to 0.01
    Warning in airGR::RunModel_GR4J(InputsModel = InputsModel, RunOptions = RunOptions, :
     Param[1] (X1: production store capacity [mm]) < 0.01
     X1 set to 0.01
    Warning in airGR::RunModel_GR4J(InputsModel = InputsModel, RunOptions = RunOptions, :
     Param[3] (X3: routing store capacity [mm]) < 0.01
     X3 set to 0.01
    Warning in airGR::RunModel_GR4J(InputsModel = InputsModel, RunOptions = RunOptions, :
     Param[3] (X3: routing store capacity [mm]) < 0.01
     X3 set to 0.01
    Warning in airGR::RunModel_GR4J(InputsModel = InputsModel, RunOptions = RunOptions, :
     Param[1] (X1: production store capacity [mm]) < 0.01
     X1 set to 0.01
    Warning in airGR::RunModel_GR4J(InputsModel = InputsModel, RunOptions = RunOptions, :
     Param[3] (X3: routing store capacity [mm]) < 0.01
     X3 set to 0.01
    Warning in airGR::RunModel_GR4J(InputsModel = InputsModel, RunOptions = RunOptions, :
     Param[1] (X1: production store capacity [mm]) < 0.01
     X1 set to 0.01
    Warning in airGR::RunModel_GR4J(InputsModel = InputsModel, RunOptions = RunOptions, :
     Param[3] (X3: routing store capacity [mm]) < 0.01
     X3 set to 0.01
    Warning in airGR::RunModel_GR4J(InputsModel = InputsModel, RunOptions = RunOptions, :
     Param[3] (X3: routing store capacity [mm]) < 0.01
     X3 set to 0.01
    Warning in airGR::RunModel_GR4J(InputsModel = InputsModel, RunOptions = RunOptions, :
     Param[3] (X3: routing store capacity [mm]) < 0.01
     X3 set to 0.01
    Warning in airGR::RunModel_GR4J(InputsModel = InputsModel, RunOptions = RunOptions, :
     Param[1] (X1: production store capacity [mm]) < 0.01
     X1 set to 0.01
    Warning in airGR::RunModel_GR4J(InputsModel = InputsModel, RunOptions = RunOptions, :
     Param[1] (X1: production store capacity [mm]) < 0.01
     X1 set to 0.01
    Warning in airGR::RunModel_GR4J(InputsModel = InputsModel, RunOptions = RunOptions, :
     Param[1] (X1: production store capacity [mm]) < 0.01
     X1 set to 0.01
    Warning in airGR::RunModel_GR4J(InputsModel = InputsModel, RunOptions = RunOptions, :
     Param[3] (X3: routing store capacity [mm]) < 0.01
     X3 set to 0.01
    Warning in airGR::RunModel_GR4J(InputsModel = InputsModel, RunOptions = RunOptions, :
     Param[1] (X1: production store capacity [mm]) < 0.01
     X1 set to 0.01
    Warning in airGR::RunModel_GR4J(InputsModel = InputsModel, RunOptions = RunOptions, :
     Param[1] (X1: production store capacity [mm]) < 0.01
     X1 set to 0.01
    Warning in airGR::RunModel_GR4J(InputsModel = InputsModel, RunOptions = RunOptions, :
     Param[1] (X1: production store capacity [mm]) < 0.01
     X1 set to 0.01
    Warning in airGR::RunModel_GR4J(InputsModel = InputsModel, RunOptions = RunOptions, :
     Param[1] (X1: production store capacity [mm]) < 0.01
     X1 set to 0.01
    Warning in airGR::RunModel_GR4J(InputsModel = InputsModel, RunOptions = RunOptions, :
     Param[3] (X3: routing store capacity [mm]) < 0.01
     X3 set to 0.01
    Warning in airGR::RunModel_GR4J(InputsModel = InputsModel, RunOptions = RunOptions, :
     Param[1] (X1: production store capacity [mm]) < 0.01
     X1 set to 0.01
    Warning in airGR::RunModel_GR4J(InputsModel = InputsModel, RunOptions = RunOptions, :
     Param[1] (X1: production store capacity [mm]) < 0.01
     X1 set to 0.01
    Warning in airGR::RunModel_GR4J(InputsModel = InputsModel, RunOptions = RunOptions, :
     Param[1] (X1: production store capacity [mm]) < 0.01
     X1 set to 0.01
    Warning in airGR::RunModel_GR4J(InputsModel = InputsModel, RunOptions = RunOptions, :
     Param[1] (X1: production store capacity [mm]) < 0.01
     X1 set to 0.01
    Warning in airGR::RunModel_GR4J(InputsModel = InputsModel, RunOptions = RunOptions, :
     Param[3] (X3: routing store capacity [mm]) < 0.01
     X3 set to 0.01
    Warning in airGR::RunModel_GR4J(InputsModel = InputsModel, RunOptions = RunOptions, :
     Param[1] (X1: production store capacity [mm]) < 0.01
     X1 set to 0.01
    Warning in airGR::RunModel_GR4J(InputsModel = InputsModel, RunOptions = RunOptions, :
     Param[3] (X3: routing store capacity [mm]) < 0.01
     X3 set to 0.01
    Warning in airGR::RunModel_GR4J(InputsModel = InputsModel, RunOptions = RunOptions, :
     Param[1] (X1: production store capacity [mm]) < 0.01
     X1 set to 0.01
    Warning in airGR::RunModel_GR4J(InputsModel = InputsModel, RunOptions = RunOptions, :
     Param[3] (X3: routing store capacity [mm]) < 0.01
     X3 set to 0.01
    Warning in airGR::RunModel_GR4J(InputsModel = InputsModel, RunOptions = RunOptions, :
     Param[1] (X1: production store capacity [mm]) < 0.01
     X1 set to 0.01
    Warning in airGR::RunModel_GR4J(InputsModel = InputsModel, RunOptions = RunOptions, :
     Param[3] (X3: routing store capacity [mm]) < 0.01
     X3 set to 0.01
    Warning in airGR::RunModel_GR4J(InputsModel = InputsModel, RunOptions = RunOptions, :
     Param[1] (X1: production store capacity [mm]) < 0.01
     X1 set to 0.01
    Warning in airGR::RunModel_GR4J(InputsModel = InputsModel, RunOptions = RunOptions, :
     Param[3] (X3: routing store capacity [mm]) < 0.01
     X3 set to 0.01
    Warning in airGR::RunModel_GR4J(InputsModel = InputsModel, RunOptions = RunOptions, :
     Param[3] (X3: routing store capacity [mm]) < 0.01
     X3 set to 0.01
    Warning in airGR::RunModel_GR4J(InputsModel = InputsModel, RunOptions = RunOptions, :
     Param[1] (X1: production store capacity [mm]) < 0.01
     X1 set to 0.01
    Warning in airGR::RunModel_GR4J(InputsModel = InputsModel, RunOptions = RunOptions, :
     Param[1] (X1: production store capacity [mm]) < 0.01
     X1 set to 0.01
    Warning in airGR::RunModel_GR4J(InputsModel = InputsModel, RunOptions = RunOptions, :
     Param[3] (X3: routing store capacity [mm]) < 0.01
     X3 set to 0.01
    Warning in airGR::RunModel_GR4J(InputsModel = InputsModel, RunOptions = RunOptions, :
     Param[1] (X1: production store capacity [mm]) < 0.01
     X1 set to 0.01
    Warning in airGR::RunModel_GR4J(InputsModel = InputsModel, RunOptions = RunOptions, :
     Param[1] (X1: production store capacity [mm]) < 0.01
     X1 set to 0.01
    Warning in airGR::RunModel_GR4J(InputsModel = InputsModel, RunOptions = RunOptions, :
     Param[1] (X1: production store capacity [mm]) < 0.01
     X1 set to 0.01
    Warning in airGR::RunModel_GR4J(InputsModel = InputsModel, RunOptions = RunOptions, :
     Param[3] (X3: routing store capacity [mm]) < 0.01
     X3 set to 0.01
    Warning in airGR::RunModel_GR4J(InputsModel = InputsModel, RunOptions = RunOptions, :
     Param[1] (X1: production store capacity [mm]) < 0.01
     X1 set to 0.01
    Warning in airGR::RunModel_GR4J(InputsModel = InputsModel, RunOptions = RunOptions, :
     Param[1] (X1: production store capacity [mm]) < 0.01
     X1 set to 0.01
    Warning in airGR::RunModel_GR4J(InputsModel = InputsModel, RunOptions = RunOptions, :
     Param[1] (X1: production store capacity [mm]) < 0.01
     X1 set to 0.01
    Warning in airGR::RunModel_GR4J(InputsModel = InputsModel, RunOptions = RunOptions, :
     Param[1] (X1: production store capacity [mm]) < 0.01
     X1 set to 0.01
    Warning in airGR::RunModel_GR4J(InputsModel = InputsModel, RunOptions = RunOptions, :
     Param[1] (X1: production store capacity [mm]) < 0.01
     X1 set to 0.01
    Warning in airGR::RunModel_GR4J(InputsModel = InputsModel, RunOptions = RunOptions, :
     Param[3] (X3: routing store capacity [mm]) < 0.01
     X3 set to 0.01
    Warning in airGR::RunModel_GR4J(InputsModel = InputsModel, RunOptions = RunOptions, :
     Param[1] (X1: production store capacity [mm]) < 0.01
     X1 set to 0.01
    Warning in airGR::RunModel_GR4J(InputsModel = InputsModel, RunOptions = RunOptions, :
     Param[3] (X3: routing store capacity [mm]) < 0.01
     X3 set to 0.01
    Warning in airGR::RunModel_GR4J(InputsModel = InputsModel, RunOptions = RunOptions, :
     Param[3] (X3: routing store capacity [mm]) < 0.01
     X3 set to 0.01
    Warning in airGR::RunModel_GR4J(InputsModel = InputsModel, RunOptions = RunOptions, :
     Param[1] (X1: production store capacity [mm]) < 0.01
     X1 set to 0.01
    Warning in airGR::RunModel_GR4J(InputsModel = InputsModel, RunOptions = RunOptions, :
     Param[1] (X1: production store capacity [mm]) < 0.01
     X1 set to 0.01
    Warning in airGR::RunModel_GR4J(InputsModel = InputsModel, RunOptions = RunOptions, :
     Param[3] (X3: routing store capacity [mm]) < 0.01
     X3 set to 0.01
    Warning in airGR::RunModel_GR4J(InputsModel = InputsModel, RunOptions = RunOptions, :
     Param[3] (X3: routing store capacity [mm]) < 0.01
     X3 set to 0.01
    Warning in airGR::RunModel_GR4J(InputsModel = InputsModel, RunOptions = RunOptions, :
     Param[1] (X1: production store capacity [mm]) < 0.01
     X1 set to 0.01
    Warning in airGR::RunModel_GR4J(InputsModel = InputsModel, RunOptions = RunOptions, :
     Param[3] (X3: routing store capacity [mm]) < 0.01
     X3 set to 0.01
    Warning in airGR::RunModel_GR4J(InputsModel = InputsModel, RunOptions = RunOptions, :
     Param[1] (X1: production store capacity [mm]) < 0.01
     X1 set to 0.01
    Warning in airGR::RunModel_GR4J(InputsModel = InputsModel, RunOptions = RunOptions, :
     Param[1] (X1: production store capacity [mm]) < 0.01
     X1 set to 0.01
    Warning in airGR::RunModel_GR4J(InputsModel = InputsModel, RunOptions = RunOptions, :
     Param[1] (X1: production store capacity [mm]) < 0.01
     X1 set to 0.01
    Warning in airGR::RunModel_GR4J(InputsModel = InputsModel, RunOptions = RunOptions, :
     Param[3] (X3: routing store capacity [mm]) < 0.01
     X3 set to 0.01
    Warning in airGR::RunModel_GR4J(InputsModel = InputsModel, RunOptions = RunOptions, :
     Param[1] (X1: production store capacity [mm]) < 0.01
     X1 set to 0.01
    Warning in airGR::RunModel_GR4J(InputsModel = InputsModel, RunOptions = RunOptions, :
     Param[1] (X1: production store capacity [mm]) < 0.01
     X1 set to 0.01
    Warning in airGR::RunModel_GR4J(InputsModel = InputsModel, RunOptions = RunOptions, :
     Param[1] (X1: production store capacity [mm]) < 0.01
     X1 set to 0.01
    Warning in airGR::RunModel_GR4J(InputsModel = InputsModel, RunOptions = RunOptions, :
     Param[3] (X3: routing store capacity [mm]) < 0.01
     X3 set to 0.01
    Warning in airGR::RunModel_GR4J(InputsModel = InputsModel, RunOptions = RunOptions, :
     Param[3] (X3: routing store capacity [mm]) < 0.01
     X3 set to 0.01
    Warning in airGR::RunModel_GR4J(InputsModel = InputsModel, RunOptions = RunOptions, :
     Param[3] (X3: routing store capacity [mm]) < 0.01
     X3 set to 0.01
    Warning in airGR::RunModel_GR4J(InputsModel = InputsModel, RunOptions = RunOptions, :
     Param[1] (X1: production store capacity [mm]) < 0.01
     X1 set to 0.01
    Warning in airGR::RunModel_GR4J(InputsModel = InputsModel, RunOptions = RunOptions, :
     Param[3] (X3: routing store capacity [mm]) < 0.01
     X3 set to 0.01
    Warning in airGR::RunModel_GR4J(InputsModel = InputsModel, RunOptions = RunOptions, :
     Param[3] (X3: routing store capacity [mm]) < 0.01
     X3 set to 0.01
    Warning in airGR::RunModel_GR4J(InputsModel = InputsModel, RunOptions = RunOptions, :
     Param[3] (X3: routing store capacity [mm]) < 0.01
     X3 set to 0.01
    Warning in airGR::RunModel_GR4J(InputsModel = InputsModel, RunOptions = RunOptions, :
     Param[1] (X1: production store capacity [mm]) < 0.01
     X1 set to 0.01
    Warning in airGR::RunModel_GR4J(InputsModel = InputsModel, RunOptions = RunOptions, :
     Param[3] (X3: routing store capacity [mm]) < 0.01
     X3 set to 0.01
    Warning in airGR::RunModel_GR4J(InputsModel = InputsModel, RunOptions = RunOptions, :
     Param[1] (X1: production store capacity [mm]) < 0.01
     X1 set to 0.01
    Warning in airGR::RunModel_GR4J(InputsModel = InputsModel, RunOptions = RunOptions, :
     Param[1] (X1: production store capacity [mm]) < 0.01
     X1 set to 0.01
    Warning in airGR::RunModel_GR4J(InputsModel = InputsModel, RunOptions = RunOptions, :
     Param[3] (X3: routing store capacity [mm]) < 0.01
     X3 set to 0.01
    Warning in airGR::RunModel_GR4J(InputsModel = InputsModel, RunOptions = RunOptions, :
     Param[3] (X3: routing store capacity [mm]) < 0.01
     X3 set to 0.01
    Warning in airGR::RunModel_GR4J(InputsModel = InputsModel, RunOptions = RunOptions, :
     Param[1] (X1: production store capacity [mm]) < 0.01
     X1 set to 0.01
    Warning in airGR::RunModel_GR4J(InputsModel = InputsModel, RunOptions = RunOptions, :
     Param[3] (X3: routing store capacity [mm]) < 0.01
     X3 set to 0.01
    Warning in airGR::RunModel_GR4J(InputsModel = InputsModel, RunOptions = RunOptions, :
     Param[1] (X1: production store capacity [mm]) < 0.01
     X1 set to 0.01
    Warning in airGR::RunModel_GR4J(InputsModel = InputsModel, RunOptions = RunOptions, :
     Param[1] (X1: production store capacity [mm]) < 0.01
     X1 set to 0.01
    Warning in airGR::RunModel_GR4J(InputsModel = InputsModel, RunOptions = RunOptions, :
     Param[1] (X1: production store capacity [mm]) < 0.01
     X1 set to 0.01
    Warning in airGR::RunModel_GR4J(InputsModel = InputsModel, RunOptions = RunOptions, :
     Param[1] (X1: production store capacity [mm]) < 0.01
     X1 set to 0.01
    Warning in airGR::RunModel_GR4J(InputsModel = InputsModel, RunOptions = RunOptions, :
     Param[3] (X3: routing store capacity [mm]) < 0.01
     X3 set to 0.01
    Warning in airGR::RunModel_GR4J(InputsModel = InputsModel, RunOptions = RunOptions, :
     Param[3] (X3: routing store capacity [mm]) < 0.01
     X3 set to 0.01
    Warning in airGR::RunModel_GR4J(InputsModel = InputsModel, RunOptions = RunOptions, :
     Param[1] (X1: production store capacity [mm]) < 0.01
     X1 set to 0.01
    Warning in airGR::RunModel_GR4J(InputsModel = InputsModel, RunOptions = RunOptions, :
     Param[3] (X3: routing store capacity [mm]) < 0.01
     X3 set to 0.01
    Warning in airGR::RunModel_GR4J(InputsModel = InputsModel, RunOptions = RunOptions, :
     Param[1] (X1: production store capacity [mm]) < 0.01
     X1 set to 0.01
    Warning in airGR::RunModel_GR4J(InputsModel = InputsModel, RunOptions = RunOptions, :
     Param[1] (X1: production store capacity [mm]) < 0.01
     X1 set to 0.01
    Warning in airGR::RunModel_GR4J(InputsModel = InputsModel, RunOptions = RunOptions, :
     Param[3] (X3: routing store capacity [mm]) < 0.01
     X3 set to 0.01
    Warning in airGR::RunModel_GR4J(InputsModel = InputsModel, RunOptions = RunOptions, :
     Param[1] (X1: production store capacity [mm]) < 0.01
     X1 set to 0.01
    Warning in airGR::RunModel_GR4J(InputsModel = InputsModel, RunOptions = RunOptions, :
     Param[3] (X3: routing store capacity [mm]) < 0.01
     X3 set to 0.01
    Warning in airGR::RunModel_GR4J(InputsModel = InputsModel, RunOptions = RunOptions, :
     Param[3] (X3: routing store capacity [mm]) < 0.01
     X3 set to 0.01
    Warning in airGR::RunModel_GR4J(InputsModel = InputsModel, RunOptions = RunOptions, :
     Param[1] (X1: production store capacity [mm]) < 0.01
     X1 set to 0.01
    Warning in airGR::RunModel_GR4J(InputsModel = InputsModel, RunOptions = RunOptions, :
     Param[1] (X1: production store capacity [mm]) < 0.01
     X1 set to 0.01
    Warning in airGR::RunModel_GR4J(InputsModel = InputsModel, RunOptions = RunOptions, :
     Param[1] (X1: production store capacity [mm]) < 0.01
     X1 set to 0.01
    Warning in airGR::RunModel_GR4J(InputsModel = InputsModel, RunOptions = RunOptions, :
     Param[3] (X3: routing store capacity [mm]) < 0.01
     X3 set to 0.01
    Warning in airGR::RunModel_GR4J(InputsModel = InputsModel, RunOptions = RunOptions, :
     Param[1] (X1: production store capacity [mm]) < 0.01
     X1 set to 0.01
    Warning in airGR::RunModel_GR4J(InputsModel = InputsModel, RunOptions = RunOptions, :
     Param[3] (X3: routing store capacity [mm]) < 0.01
     X3 set to 0.01
    Warning in airGR::RunModel_GR4J(InputsModel = InputsModel, RunOptions = RunOptions, :
     Param[1] (X1: production store capacity [mm]) < 0.01
     X1 set to 0.01
    Warning in airGR::RunModel_GR4J(InputsModel = InputsModel, RunOptions = RunOptions, :
     Param[3] (X3: routing store capacity [mm]) < 0.01
     X3 set to 0.01
    Warning in airGR::RunModel_GR4J(InputsModel = InputsModel, RunOptions = RunOptions, :
     Param[1] (X1: production store capacity [mm]) < 0.01
     X1 set to 0.01
    Warning in airGR::RunModel_GR4J(InputsModel = InputsModel, RunOptions = RunOptions, :
     Param[1] (X1: production store capacity [mm]) < 0.01
     X1 set to 0.01
    Warning in airGR::RunModel_GR4J(InputsModel = InputsModel, RunOptions = RunOptions, :
     Param[1] (X1: production store capacity [mm]) < 0.01
     X1 set to 0.01
    Warning in airGR::RunModel_GR4J(InputsModel = InputsModel, RunOptions = RunOptions, :
     Param[1] (X1: production store capacity [mm]) < 0.01
     X1 set to 0.01
    Warning in airGR::RunModel_GR4J(InputsModel = InputsModel, RunOptions = RunOptions, :
     Param[3] (X3: routing store capacity [mm]) < 0.01
     X3 set to 0.01
    Warning in airGR::RunModel_GR4J(InputsModel = InputsModel, RunOptions = RunOptions, :
     Param[1] (X1: production store capacity [mm]) < 0.01
     X1 set to 0.01
    Warning in airGR::RunModel_GR4J(InputsModel = InputsModel, RunOptions = RunOptions, :
     Param[1] (X1: production store capacity [mm]) < 0.01
     X1 set to 0.01
    Warning in airGR::RunModel_GR4J(InputsModel = InputsModel, RunOptions = RunOptions, :
     Param[1] (X1: production store capacity [mm]) < 0.01
     X1 set to 0.01
    Warning in airGR::RunModel_GR4J(InputsModel = InputsModel, RunOptions = RunOptions, :
     Param[1] (X1: production store capacity [mm]) < 0.01
     X1 set to 0.01
    Warning in airGR::RunModel_GR4J(InputsModel = InputsModel, RunOptions = RunOptions, :
     Param[1] (X1: production store capacity [mm]) < 0.01
     X1 set to 0.01
    Warning in airGR::RunModel_GR4J(InputsModel = InputsModel, RunOptions = RunOptions, :
     Param[1] (X1: production store capacity [mm]) < 0.01
     X1 set to 0.01
    Warning in airGR::RunModel_GR4J(InputsModel = InputsModel, RunOptions = RunOptions, :
     Param[1] (X1: production store capacity [mm]) < 0.01
     X1 set to 0.01
    Warning in airGR::RunModel_GR4J(InputsModel = InputsModel, RunOptions = RunOptions, :
     Param[3] (X3: routing store capacity [mm]) < 0.01
     X3 set to 0.01
    Warning in airGR::RunModel_GR4J(InputsModel = InputsModel, RunOptions = RunOptions, :
     Param[1] (X1: production store capacity [mm]) < 0.01
     X1 set to 0.01
    Warning in airGR::RunModel_GR4J(InputsModel = InputsModel, RunOptions = RunOptions, :
     Param[1] (X1: production store capacity [mm]) < 0.01
     X1 set to 0.01
    Warning in airGR::RunModel_GR4J(InputsModel = InputsModel, RunOptions = RunOptions, :
     Param[1] (X1: production store capacity [mm]) < 0.01
     X1 set to 0.01
    Warning in airGR::RunModel_GR4J(InputsModel = InputsModel, RunOptions = RunOptions, :
     Param[1] (X1: production store capacity [mm]) < 0.01
     X1 set to 0.01
    Warning in airGR::RunModel_GR4J(InputsModel = InputsModel, RunOptions = RunOptions, :
     Param[3] (X3: routing store capacity [mm]) < 0.01
     X3 set to 0.01
    Warning in airGR::RunModel_GR4J(InputsModel = InputsModel, RunOptions = RunOptions, :
     Param[1] (X1: production store capacity [mm]) < 0.01
     X1 set to 0.01
    Warning in airGR::RunModel_GR4J(InputsModel = InputsModel, RunOptions = RunOptions, :
     Param[3] (X3: routing store capacity [mm]) < 0.01
     X3 set to 0.01
    Warning in airGR::RunModel_GR4J(InputsModel = InputsModel, RunOptions = RunOptions, :
     Param[1] (X1: production store capacity [mm]) < 0.01
     X1 set to 0.01
    Warning in airGR::RunModel_GR4J(InputsModel = InputsModel, RunOptions = RunOptions, :
     Param[3] (X3: routing store capacity [mm]) < 0.01
     X3 set to 0.01
    Warning in airGR::RunModel_GR4J(InputsModel = InputsModel, RunOptions = RunOptions, :
     Param[3] (X3: routing store capacity [mm]) < 0.01
     X3 set to 0.01
    Warning in airGR::RunModel_GR4J(InputsModel = InputsModel, RunOptions = RunOptions, :
     Param[1] (X1: production store capacity [mm]) < 0.01
     X1 set to 0.01
    Warning in airGR::RunModel_GR4J(InputsModel = InputsModel, RunOptions = RunOptions, :
     Param[1] (X1: production store capacity [mm]) < 0.01
     X1 set to 0.01
    Warning in airGR::RunModel_GR4J(InputsModel = InputsModel, RunOptions = RunOptions, :
     Param[3] (X3: routing store capacity [mm]) < 0.01
     X3 set to 0.01
    Warning in airGR::RunModel_GR4J(InputsModel = InputsModel, RunOptions = RunOptions, :
     Param[1] (X1: production store capacity [mm]) < 0.01
     X1 set to 0.01
    Warning in airGR::RunModel_GR4J(InputsModel = InputsModel, RunOptions = RunOptions, :
     Param[3] (X3: routing store capacity [mm]) < 0.01
     X3 set to 0.01
    Warning in airGR::RunModel_GR4J(InputsModel = InputsModel, RunOptions = RunOptions, :
     Param[1] (X1: production store capacity [mm]) < 0.01
     X1 set to 0.01
    Warning in airGR::RunModel_GR4J(InputsModel = InputsModel, RunOptions = RunOptions, :
     Param[3] (X3: routing store capacity [mm]) < 0.01
     X3 set to 0.01
    Warning in airGR::RunModel_GR4J(InputsModel = InputsModel, RunOptions = RunOptions, :
     Param[1] (X1: production store capacity [mm]) < 0.01
     X1 set to 0.01
    Warning in airGR::RunModel_GR4J(InputsModel = InputsModel, RunOptions = RunOptions, :
     Param[3] (X3: routing store capacity [mm]) < 0.01
     X3 set to 0.01
    Warning in airGR::RunModel_GR4J(InputsModel = InputsModel, RunOptions = RunOptions, :
     Param[3] (X3: routing store capacity [mm]) < 0.01
     X3 set to 0.01
    Warning in airGR::RunModel_GR4J(InputsModel = InputsModel, RunOptions = RunOptions, :
     Param[1] (X1: production store capacity [mm]) < 0.01
     X1 set to 0.01
    Warning in airGR::RunModel_GR4J(InputsModel = InputsModel, RunOptions = RunOptions, :
     Param[1] (X1: production store capacity [mm]) < 0.01
     X1 set to 0.01
    Warning in airGR::RunModel_GR4J(InputsModel = InputsModel, RunOptions = RunOptions, :
     Param[3] (X3: routing store capacity [mm]) < 0.01
     X3 set to 0.01
    Warning in airGR::RunModel_GR4J(InputsModel = InputsModel, RunOptions = RunOptions, :
     Param[1] (X1: production store capacity [mm]) < 0.01
     X1 set to 0.01
    Warning in airGR::RunModel_GR4J(InputsModel = InputsModel, RunOptions = RunOptions, :
     Param[1] (X1: production store capacity [mm]) < 0.01
     X1 set to 0.01
    Warning in airGR::RunModel_GR4J(InputsModel = InputsModel, RunOptions = RunOptions, :
     Param[3] (X3: routing store capacity [mm]) < 0.01
     X3 set to 0.01
    Warning in airGR::RunModel_GR4J(InputsModel = InputsModel, RunOptions = RunOptions, :
     Param[3] (X3: routing store capacity [mm]) < 0.01
     X3 set to 0.01
    Warning in airGR::RunModel_GR4J(InputsModel = InputsModel, RunOptions = RunOptions, :
     Param[1] (X1: production store capacity [mm]) < 0.01
     X1 set to 0.01
    Warning in airGR::RunModel_GR4J(InputsModel = InputsModel, RunOptions = RunOptions, :
     Param[3] (X3: routing store capacity [mm]) < 0.01
     X3 set to 0.01
    Warning in airGR::RunModel_GR4J(InputsModel = InputsModel, RunOptions = RunOptions, :
     Param[3] (X3: routing store capacity [mm]) < 0.01
     X3 set to 0.01
    Warning in airGR::RunModel_GR4J(InputsModel = InputsModel, RunOptions = RunOptions, :
     Param[3] (X3: routing store capacity [mm]) < 0.01
     X3 set to 0.01
    Warning in airGR::RunModel_GR4J(InputsModel = InputsModel, RunOptions = RunOptions, :
     Param[1] (X1: production store capacity [mm]) < 0.01
     X1 set to 0.01
    Warning in airGR::RunModel_GR4J(InputsModel = InputsModel, RunOptions = RunOptions, :
     Param[3] (X3: routing store capacity [mm]) < 0.01
     X3 set to 0.01
    Warning in airGR::RunModel_GR4J(InputsModel = InputsModel, RunOptions = RunOptions, :
     Param[3] (X3: routing store capacity [mm]) < 0.01
     X3 set to 0.01
    Warning in airGR::RunModel_GR4J(InputsModel = InputsModel, RunOptions = RunOptions, :
     Param[3] (X3: routing store capacity [mm]) < 0.01
     X3 set to 0.01
    Warning in airGR::RunModel_GR4J(InputsModel = InputsModel, RunOptions = RunOptions, :
     Param[3] (X3: routing store capacity [mm]) < 0.01
     X3 set to 0.01
    Warning in airGR::RunModel_GR4J(InputsModel = InputsModel, RunOptions = RunOptions, :
     Param[3] (X3: routing store capacity [mm]) < 0.01
     X3 set to 0.01
    Warning in airGR::RunModel_GR4J(InputsModel = InputsModel, RunOptions = RunOptions, :
     Param[1] (X1: production store capacity [mm]) < 0.01
     X1 set to 0.01
    Warning in airGR::RunModel_GR4J(InputsModel = InputsModel, RunOptions = RunOptions, :
     Param[1] (X1: production store capacity [mm]) < 0.01
     X1 set to 0.01
    Warning in airGR::RunModel_GR4J(InputsModel = InputsModel, RunOptions = RunOptions, :
     Param[1] (X1: production store capacity [mm]) < 0.01
     X1 set to 0.01
    Warning in airGR::RunModel_GR4J(InputsModel = InputsModel, RunOptions = RunOptions, :
     Param[1] (X1: production store capacity [mm]) < 0.01
     X1 set to 0.01
    Warning in airGR::RunModel_GR4J(InputsModel = InputsModel, RunOptions = RunOptions, :
     Param[1] (X1: production store capacity [mm]) < 0.01
     X1 set to 0.01
    Warning in airGR::RunModel_GR4J(InputsModel = InputsModel, RunOptions = RunOptions, :
     Param[1] (X1: production store capacity [mm]) < 0.01
     X1 set to 0.01
    Warning in airGR::RunModel_GR4J(InputsModel = InputsModel, RunOptions = RunOptions, :
     Param[3] (X3: routing store capacity [mm]) < 0.01
     X3 set to 0.01
    Warning in airGR::RunModel_GR4J(InputsModel = InputsModel, RunOptions = RunOptions, :
     Param[1] (X1: production store capacity [mm]) < 0.01
     X1 set to 0.01
    Warning in airGR::RunModel_GR4J(InputsModel = InputsModel, RunOptions = RunOptions, :
     Param[3] (X3: routing store capacity [mm]) < 0.01
     X3 set to 0.01
    Warning in airGR::RunModel_GR4J(InputsModel = InputsModel, RunOptions = RunOptions, :
     Param[3] (X3: routing store capacity [mm]) < 0.01
     X3 set to 0.01
    Warning in airGR::RunModel_GR4J(InputsModel = InputsModel, RunOptions = RunOptions, :
     Param[1] (X1: production store capacity [mm]) < 0.01
     X1 set to 0.01
    Warning in airGR::RunModel_GR4J(InputsModel = InputsModel, RunOptions = RunOptions, :
     Param[1] (X1: production store capacity [mm]) < 0.01
     X1 set to 0.01
    Warning in airGR::RunModel_GR4J(InputsModel = InputsModel, RunOptions = RunOptions, :
     Param[1] (X1: production store capacity [mm]) < 0.01
     X1 set to 0.01
    Warning in airGR::RunModel_GR4J(InputsModel = InputsModel, RunOptions = RunOptions, :
     Param[3] (X3: routing store capacity [mm]) < 0.01
     X3 set to 0.01
    Warning in airGR::RunModel_GR4J(InputsModel = InputsModel, RunOptions = RunOptions, :
     Param[3] (X3: routing store capacity [mm]) < 0.01
     X3 set to 0.01
    Warning in airGR::RunModel_GR4J(InputsModel = InputsModel, RunOptions = RunOptions, :
     Param[1] (X1: production store capacity [mm]) < 0.01
     X1 set to 0.01
    Warning in airGR::RunModel_GR4J(InputsModel = InputsModel, RunOptions = RunOptions, :
     Param[1] (X1: production store capacity [mm]) < 0.01
     X1 set to 0.01
    Warning in airGR::RunModel_GR4J(InputsModel = InputsModel, RunOptions = RunOptions, :
     Param[1] (X1: production store capacity [mm]) < 0.01
     X1 set to 0.01
    Warning in airGR::RunModel_GR4J(InputsModel = InputsModel, RunOptions = RunOptions, :
     Param[3] (X3: routing store capacity [mm]) < 0.01
     X3 set to 0.01
    Warning in airGR::RunModel_GR4J(InputsModel = InputsModel, RunOptions = RunOptions, :
     Param[3] (X3: routing store capacity [mm]) < 0.01
     X3 set to 0.01
    Warning in airGR::RunModel_GR4J(InputsModel = InputsModel, RunOptions = RunOptions, :
     Param[3] (X3: routing store capacity [mm]) < 0.01
     X3 set to 0.01
    Warning in airGR::RunModel_GR4J(InputsModel = InputsModel, RunOptions = RunOptions, :
     Param[3] (X3: routing store capacity [mm]) < 0.01
     X3 set to 0.01
    Warning in airGR::RunModel_GR4J(InputsModel = InputsModel, RunOptions = RunOptions, :
     Param[3] (X3: routing store capacity [mm]) < 0.01
     X3 set to 0.01
    Warning in airGR::RunModel_GR4J(InputsModel = InputsModel, RunOptions = RunOptions, :
     Param[1] (X1: production store capacity [mm]) < 0.01
     X1 set to 0.01
    Warning in airGR::RunModel_GR4J(InputsModel = InputsModel, RunOptions = RunOptions, :
     Param[1] (X1: production store capacity [mm]) < 0.01
     X1 set to 0.01
    Warning in airGR::RunModel_GR4J(InputsModel = InputsModel, RunOptions = RunOptions, :
     Param[3] (X3: routing store capacity [mm]) < 0.01
     X3 set to 0.01
    Warning in airGR::RunModel_GR4J(InputsModel = InputsModel, RunOptions = RunOptions, :
     Param[1] (X1: production store capacity [mm]) < 0.01
     X1 set to 0.01
    Warning in airGR::RunModel_GR4J(InputsModel = InputsModel, RunOptions = RunOptions, :
     Param[1] (X1: production store capacity [mm]) < 0.01
     X1 set to 0.01
    Warning in airGR::RunModel_GR4J(InputsModel = InputsModel, RunOptions = RunOptions, :
     Param[1] (X1: production store capacity [mm]) < 0.01
     X1 set to 0.01
    Warning in airGR::RunModel_GR4J(InputsModel = InputsModel, RunOptions = RunOptions, :
     Param[1] (X1: production store capacity [mm]) < 0.01
     X1 set to 0.01
    Warning in airGR::RunModel_GR4J(InputsModel = InputsModel, RunOptions = RunOptions, :
     Param[1] (X1: production store capacity [mm]) < 0.01
     X1 set to 0.01
    Warning in airGR::RunModel_GR4J(InputsModel = InputsModel, RunOptions = RunOptions, :
     Param[1] (X1: production store capacity [mm]) < 0.01
     X1 set to 0.01
    Warning in airGR::RunModel_GR4J(InputsModel = InputsModel, RunOptions = RunOptions, :
     Param[1] (X1: production store capacity [mm]) < 0.01
     X1 set to 0.01
    Warning in airGR::RunModel_GR4J(InputsModel = InputsModel, RunOptions = RunOptions, :
     Param[1] (X1: production store capacity [mm]) < 0.01
     X1 set to 0.01
    Warning in airGR::RunModel_GR4J(InputsModel = InputsModel, RunOptions = RunOptions, :
     Param[1] (X1: production store capacity [mm]) < 0.01
     X1 set to 0.01
    Warning in airGR::RunModel_GR4J(InputsModel = InputsModel, RunOptions = RunOptions, :
     Param[1] (X1: production store capacity [mm]) < 0.01
     X1 set to 0.01
    Warning in airGR::RunModel_GR4J(InputsModel = InputsModel, RunOptions = RunOptions, :
     Param[1] (X1: production store capacity [mm]) < 0.01
     X1 set to 0.01
    Warning in airGR::RunModel_GR4J(InputsModel = InputsModel, RunOptions = RunOptions, :
     Param[1] (X1: production store capacity [mm]) < 0.01
     X1 set to 0.01
    Warning in airGR::RunModel_GR4J(InputsModel = InputsModel, RunOptions = RunOptions, :
     Param[1] (X1: production store capacity [mm]) < 0.01
     X1 set to 0.01
    Warning in airGR::RunModel_GR4J(InputsModel = InputsModel, RunOptions = RunOptions, :
     Param[1] (X1: production store capacity [mm]) < 0.01
     X1 set to 0.01
    Warning in airGR::RunModel_GR4J(InputsModel = InputsModel, RunOptions = RunOptions, :
     Param[1] (X1: production store capacity [mm]) < 0.01
     X1 set to 0.01
    Warning in airGR::RunModel_GR4J(InputsModel = InputsModel, RunOptions = RunOptions, :
     Param[1] (X1: production store capacity [mm]) < 0.01
     X1 set to 0.01
    Warning in airGR::RunModel_GR4J(InputsModel = InputsModel, RunOptions = RunOptions, :
     Param[1] (X1: production store capacity [mm]) < 0.01
     X1 set to 0.01
    Warning in airGR::RunModel_GR4J(InputsModel = InputsModel, RunOptions = RunOptions, :
     Param[1] (X1: production store capacity [mm]) < 0.01
     X1 set to 0.01
    Warning in airGR::RunModel_GR4J(InputsModel = InputsModel, RunOptions = RunOptions, :
     Param[1] (X1: production store capacity [mm]) < 0.01
     X1 set to 0.01
    Warning in airGR::RunModel_GR4J(InputsModel = InputsModel, RunOptions = RunOptions, :
     Param[1] (X1: production store capacity [mm]) < 0.01
     X1 set to 0.01
    Warning in airGR::RunModel_GR4J(InputsModel = InputsModel, RunOptions = RunOptions, :
     Param[1] (X1: production store capacity [mm]) < 0.01
     X1 set to 0.01
    Warning in airGR::RunModel_GR4J(InputsModel = InputsModel, RunOptions = RunOptions, :
     Param[1] (X1: production store capacity [mm]) < 0.01
     X1 set to 0.01
    Warning in airGR::RunModel_GR4J(InputsModel = InputsModel, RunOptions = RunOptions, :
     Param[1] (X1: production store capacity [mm]) < 0.01
     X1 set to 0.01
    Warning in airGR::RunModel_GR4J(InputsModel = InputsModel, RunOptions = RunOptions, :
     Param[1] (X1: production store capacity [mm]) < 0.01
     X1 set to 0.01
    Warning in airGR::RunModel_GR4J(InputsModel = InputsModel, RunOptions = RunOptions, :
     Param[1] (X1: production store capacity [mm]) < 0.01
     X1 set to 0.01
    Warning in airGR::RunModel_GR4J(InputsModel = InputsModel, RunOptions = RunOptions, :
     Param[1] (X1: production store capacity [mm]) < 0.01
     X1 set to 0.01
    Warning in airGR::RunModel_GR4J(InputsModel = InputsModel, RunOptions = RunOptions, :
     Param[1] (X1: production store capacity [mm]) < 0.01
     X1 set to 0.01
    Warning in airGR::RunModel_GR4J(InputsModel = InputsModel, RunOptions = RunOptions, :
     Param[1] (X1: production store capacity [mm]) < 0.01
     X1 set to 0.01
    Warning in airGR::RunModel_GR4J(InputsModel = InputsModel, RunOptions = RunOptions, :
     Param[1] (X1: production store capacity [mm]) < 0.01
     X1 set to 0.01
    Warning in airGR::RunModel_GR4J(InputsModel = InputsModel, RunOptions = RunOptions, :
     Param[1] (X1: production store capacity [mm]) < 0.01
     X1 set to 0.01
    Warning in airGR::RunModel_GR4J(InputsModel = InputsModel, RunOptions = RunOptions, :
     Param[1] (X1: production store capacity [mm]) < 0.01
     X1 set to 0.01
    Warning in airGR::RunModel_GR4J(InputsModel = InputsModel, RunOptions = RunOptions, :
     Param[1] (X1: production store capacity [mm]) < 0.01
     X1 set to 0.01
    Warning in airGR::RunModel_GR4J(InputsModel = InputsModel, RunOptions = RunOptions, :
     Param[1] (X1: production store capacity [mm]) < 0.01
     X1 set to 0.01
    Warning in airGR::RunModel_GR4J(InputsModel = InputsModel, RunOptions = RunOptions, :
     Param[1] (X1: production store capacity [mm]) < 0.01
     X1 set to 0.01
    Warning in airGR::RunModel_GR4J(InputsModel = InputsModel, RunOptions = RunOptions, :
     Param[1] (X1: production store capacity [mm]) < 0.01
     X1 set to 0.01
    Warning in airGR::RunModel_GR4J(InputsModel = InputsModel, RunOptions = RunOptions, :
     Param[1] (X1: production store capacity [mm]) < 0.01
     X1 set to 0.01
    Warning in airGR::RunModel_GR4J(InputsModel = InputsModel, RunOptions = RunOptions, :
     Param[1] (X1: production store capacity [mm]) < 0.01
     X1 set to 0.01
    Warning in airGR::RunModel_GR4J(InputsModel = InputsModel, RunOptions = RunOptions, :
     Param[1] (X1: production store capacity [mm]) < 0.01
     X1 set to 0.01
    Warning in airGR::RunModel_GR4J(InputsModel = InputsModel, RunOptions = RunOptions, :
     Param[1] (X1: production store capacity [mm]) < 0.01
     X1 set to 0.01
    Warning in airGR::RunModel_GR4J(InputsModel = InputsModel, RunOptions = RunOptions, :
     Param[1] (X1: production store capacity [mm]) < 0.01
     X1 set to 0.01
    Warning in airGR::RunModel_GR4J(InputsModel = InputsModel, RunOptions = RunOptions, :
     Param[1] (X1: production store capacity [mm]) < 0.01
     X1 set to 0.01
    Warning in airGR::RunModel_GR4J(InputsModel = InputsModel, RunOptions = RunOptions, :
     Param[1] (X1: production store capacity [mm]) < 0.01
     X1 set to 0.01
    Warning in airGR::RunModel_GR4J(InputsModel = InputsModel, RunOptions = RunOptions, :
     Param[1] (X1: production store capacity [mm]) < 0.01
     X1 set to 0.01
    Warning in airGR::RunModel_GR4J(InputsModel = InputsModel, RunOptions = RunOptions, :
     Param[1] (X1: production store capacity [mm]) < 0.01
     X1 set to 0.01
    Warning in airGR::RunModel_GR4J(InputsModel = InputsModel, RunOptions = RunOptions, :
     Param[1] (X1: production store capacity [mm]) < 0.01
     X1 set to 0.01
    Warning in CreateRunOptions(FUN_MOD = RunModel_GR4J, InputsModel = InputsModel, :
     Model warm up period not defined -> default configuration used
     The year preceding the run period is used
    
    Grid-Screening in progress (0% 20% 40% 60% 80% 100%)
     Screening completed (81 runs)
     Param = 247.151 , -0.020 , 83.096 , 2.384
     Crit NSE[Q] = 0.7685
    Steepest-descent local search in progress
     Calibration completed (20 iterations, 226 runs)
     Param = 257.238 , 1.012 , 88.235 , 2.208
     Crit NSE[Q] = 0.7985
    Crit. NSE[Q] = 0.7985
    Crit. KGE[Q] = 0.7855
     SubCrit. KGE[Q] cor(sim, obs, "pearson") = 0.8983
     SubCrit. KGE[Q] sd(sim)/sd(obs) = 0.8163
     SubCrit. KGE[Q] mean(sim)/mean(obs) = 1.0439
    
    Warning in CreateRunOptions(FUN_MOD = RunModel_GR4J, InputsModel = InputsModel, :
     Model warm up period not defined -> default configuration used
     The year preceding the run period is used
    
    Warning in CreateRunOptions(FUN_MOD = RunModel_GR4J, InputsModel = InputsModel, :
     Model warm up period not defined -> default configuration used
     The year preceding the run period is used
    
    Warning in ErrorCrit_NSE(InputsCrit = InputsCrit_Cal, OutputsModel = OutputsModel_Cal) :
     criterion computed on less than 365 time-steps
    Crit. NSE[Q] = 0.0573
    Warning in ErrorCrit_NSE(InputsCrit = InputsCrit_Cal, OutputsModel = OutputsModel_Cal) :
     criterion computed on less than 365 time-steps
    Crit. NSE[Q] = 0.1331
    Warning in ErrorCrit_NSE(InputsCrit = InputsCrit_Cal, OutputsModel = OutputsModel_Cal) :
     criterion computed on less than 365 time-steps
    Crit. NSE[Q] = -0.0168
    Warning in ErrorCrit_NSE(InputsCrit = InputsCrit_Cal, OutputsModel = OutputsModel_Cal) :
     criterion computed on less than 365 time-steps
    Crit. NSE[Q] = 0.1613
    Warning in ErrorCrit_NSE(InputsCrit = InputsCrit_Cal, OutputsModel = OutputsModel_Cal) :
     criterion computed on less than 365 time-steps
    Crit. NSE[Q] = 0.0345
    Warning in ErrorCrit_NSE(InputsCrit = InputsCrit_Cal, OutputsModel = OutputsModel_Cal) :
     criterion computed on less than 365 time-steps
    Crit. NSE[Q] = 0.1046
    Warning in ErrorCrit_NSE(InputsCrit = InputsCrit_Cal, OutputsModel = OutputsModel_Cal) :
     criterion computed on less than 365 time-steps
    Crit. NSE[Q] = -0.0458
    Warning in ErrorCrit_NSE(InputsCrit = InputsCrit_Cal, OutputsModel = OutputsModel_Cal) :
     criterion computed on less than 365 time-steps
    Crit. NSE[Q] = 0.3359
    Warning in ErrorCrit_NSE(InputsCrit = InputsCrit_Cal, OutputsModel = OutputsModel_Cal) :
     criterion computed on less than 365 time-steps
    Crit. NSE[Q] = 0.2440
    Warning in ErrorCrit_NSE(InputsCrit = InputsCrit_Cal, OutputsModel = OutputsModel_Cal) :
     criterion computed on less than 365 time-steps
    Crit. NSE[Q] = -0.3858
    Warning in ErrorCrit_NSE(InputsCrit = InputsCrit_Cal, OutputsModel = OutputsModel_Cal) :
     criterion computed on less than 365 time-steps
    Crit. NSE[Q] = -0.0830
    Warning in ErrorCrit_NSE(InputsCrit = InputsCrit_Cal, OutputsModel = OutputsModel_Cal) :
     criterion computed on less than 365 time-steps
    Crit. NSE[Q] = -1.0930
    Warning in ErrorCrit_NSE(InputsCrit = InputsCrit_Cal, OutputsModel = OutputsModel_Cal) :
     criterion computed on less than 365 time-steps
    Crit. NSE[Q] = 0.2843
    Warning in ErrorCrit_NSE(InputsCrit = InputsCrit_Cal, OutputsModel = OutputsModel_Cal) :
     criterion computed on less than 365 time-steps
    Crit. NSE[Q] = 0.2792
    Warning in ErrorCrit_NSE(InputsCrit = InputsCrit_Cal, OutputsModel = OutputsModel_Cal) :
     criterion computed on less than 365 time-steps
    Crit. NSE[Q] = 0.1505
    Warning in ErrorCrit_NSE(InputsCrit = InputsCrit_Cal, OutputsModel = OutputsModel_Cal) :
     criterion computed on less than 365 time-steps
    Crit. NSE[Q] = -0.0209
    Warning in ErrorCrit_NSE(InputsCrit = InputsCrit_Cal, OutputsModel = OutputsModel_Cal) :
     criterion computed on less than 365 time-steps
    Crit. NSE[Q] = -0.0825
    Warning in ErrorCrit_NSE(InputsCrit = InputsCrit_Cal, OutputsModel = OutputsModel_Cal) :
     criterion computed on less than 365 time-steps
    Crit. NSE[Q] = 0.1298
    Warning in ErrorCrit_NSE(InputsCrit = InputsCrit_Cal, OutputsModel = OutputsModel_Cal) :
     criterion computed on less than 365 time-steps
    Crit. NSE[Q] = 0.2903
    Warning in ErrorCrit_NSE(InputsCrit = InputsCrit_Cal, OutputsModel = OutputsModel_Cal) :
     criterion computed on less than 365 time-steps
    Crit. NSE[Q] = -0.1188
    Warning in ErrorCrit_NSE(InputsCrit = InputsCrit_Cal, OutputsModel = OutputsModel_Cal) :
     criterion computed on less than 365 time-steps
    Crit. NSE[Q] = -0.3834
    Warning in ErrorCrit_NSE(InputsCrit = InputsCrit_Cal, OutputsModel = OutputsModel_Cal) :
     criterion computed on less than 365 time-steps
    Crit. NSE[Q] = -0.0836
    Warning in ErrorCrit_NSE(InputsCrit = InputsCrit_Cal, OutputsModel = OutputsModel_Cal) :
     criterion computed on less than 365 time-steps
    Crit. NSE[Q] = 0.0279
    Warning in ErrorCrit_NSE(InputsCrit = InputsCrit_Cal, OutputsModel = OutputsModel_Cal) :
     criterion computed on less than 365 time-steps
    Crit. NSE[Q] = -0.0488
    Warning in ErrorCrit_NSE(InputsCrit = InputsCrit_Cal, OutputsModel = OutputsModel_Cal) :
     criterion computed on less than 365 time-steps
    Crit. NSE[Q] = -0.1675
    Warning in ErrorCrit_NSE(InputsCrit = InputsCrit_Cal, OutputsModel = OutputsModel_Cal) :
     criterion computed on less than 365 time-steps
    Crit. NSE[Q] = 0.1719
    Warning in ErrorCrit_NSE(InputsCrit = InputsCrit_Cal, OutputsModel = OutputsModel_Cal) :
     criterion computed on less than 365 time-steps
    Crit. NSE[Q] = -1.6386
    Crit. NSE[Q] = 0.7770
    Grid-Screening in progress (0%Warning in FUN_CRIT(InputsCrit, OutputsModel, verbose = FALSE) :
     criterion computed on less than 365 time-steps
    Warning in FUN_CRIT(InputsCrit, OutputsModel, verbose = FALSE) :
     criterion computed on less than 365 time-steps
    Warning in FUN_CRIT(InputsCrit, OutputsModel, verbose = FALSE) :
     criterion computed on less than 365 time-steps
    Warning in FUN_CRIT(InputsCrit, OutputsModel, verbose = FALSE) :
     criterion computed on less than 365 time-steps
    Warning in FUN_CRIT(InputsCrit, OutputsModel, verbose = FALSE) :
     criterion computed on less than 365 time-steps
    Warning in FUN_CRIT(InputsCrit, OutputsModel, verbose = FALSE) :
     criterion computed on less than 365 time-steps
    Warning in FUN_CRIT(InputsCrit, OutputsModel, verbose = FALSE) :
     criterion computed on less than 365 time-steps
    Warning in FUN_CRIT(InputsCrit, OutputsModel, verbose = FALSE) :
     criterion computed on less than 365 time-steps
    Warning in FUN_CRIT(InputsCrit, OutputsModel, verbose = FALSE) :
     criterion computed on less than 365 time-steps
    Warning in FUN_CRIT(InputsCrit, OutputsModel, verbose = FALSE) :
     criterion computed on less than 365 time-steps
    Warning in FUN_CRIT(InputsCrit, OutputsModel, verbose = FALSE) :
     criterion computed on less than 365 time-steps
    Warning in FUN_CRIT(InputsCrit, OutputsModel, verbose = FALSE) :
     criterion computed on less than 365 time-steps
    Warning in FUN_CRIT(InputsCrit, OutputsModel, verbose = FALSE) :
     criterion computed on less than 365 time-steps
    Warning in FUN_CRIT(InputsCrit, OutputsModel, verbose = FALSE) :
     criterion computed on less than 365 time-steps
    Warning in FUN_CRIT(InputsCrit, OutputsModel, verbose = FALSE) :
     criterion computed on less than 365 time-steps
     20%Warning in FUN_CRIT(InputsCrit, OutputsModel, verbose = FALSE) :
     criterion computed on less than 365 time-steps
    Warning in FUN_CRIT(InputsCrit, OutputsModel, verbose = FALSE) :
     criterion computed on less than 365 time-steps
    Warning in FUN_CRIT(InputsCrit, OutputsModel, verbose = FALSE) :
     criterion computed on less than 365 time-steps
    Warning in FUN_CRIT(InputsCrit, OutputsModel, verbose = FALSE) :
     criterion computed on less than 365 time-steps
    Warning in FUN_CRIT(InputsCrit, OutputsModel, verbose = FALSE) :
     criterion computed on less than 365 time-steps
    Warning in FUN_CRIT(InputsCrit, OutputsModel, verbose = FALSE) :
     criterion computed on less than 365 time-steps
    Warning in FUN_CRIT(InputsCrit, OutputsModel, verbose = FALSE) :
     criterion computed on less than 365 time-steps
    Warning in FUN_CRIT(InputsCrit, OutputsModel, verbose = FALSE) :
     criterion computed on less than 365 time-steps
    Warning in FUN_CRIT(InputsCrit, OutputsModel, verbose = FALSE) :
     criterion computed on less than 365 time-steps
    Warning in FUN_CRIT(InputsCrit, OutputsModel, verbose = FALSE) :
     criterion computed on less than 365 time-steps
    Warning in FUN_CRIT(InputsCrit, OutputsModel, verbose = FALSE) :
     criterion computed on less than 365 time-steps
    Warning in FUN_CRIT(InputsCrit, OutputsModel, verbose = FALSE) :
     criterion computed on less than 365 time-steps
    Warning in FUN_CRIT(InputsCrit, OutputsModel, verbose = FALSE) :
     criterion computed on less than 365 time-steps
    Warning in FUN_CRIT(InputsCrit, OutputsModel, verbose = FALSE) :
     criterion computed on less than 365 time-steps
    Warning in FUN_CRIT(InputsCrit, OutputsModel, verbose = FALSE) :
     criterion computed on less than 365 time-steps
    Warning in FUN_CRIT(InputsCrit, OutputsModel, verbose = FALSE) :
     criterion computed on less than 365 time-steps
     40%Warning in FUN_CRIT(InputsCrit, OutputsModel, verbose = FALSE) :
     criterion computed on less than 365 time-steps
    Warning in FUN_CRIT(InputsCrit, OutputsModel, verbose = FALSE) :
     criterion computed on less than 365 time-steps
    Warning in FUN_CRIT(InputsCrit, OutputsModel, verbose = FALSE) :
     criterion computed on less than 365 time-steps
    Warning in FUN_CRIT(InputsCrit, OutputsModel, verbose = FALSE) :
     criterion computed on less than 365 time-steps
    Warning in FUN_CRIT(InputsCrit, OutputsModel, verbose = FALSE) :
     criterion computed on less than 365 time-steps
    Warning in FUN_CRIT(InputsCrit, OutputsModel, verbose = FALSE) :
     criterion computed on less than 365 time-steps
    Warning in FUN_CRIT(InputsCrit, OutputsModel, verbose = FALSE) :
     criterion computed on less than 365 time-steps
    Warning in FUN_CRIT(InputsCrit, OutputsModel, verbose = FALSE) :
     criterion computed on less than 365 time-steps
    Warning in FUN_CRIT(InputsCrit, OutputsModel, verbose = FALSE) :
     criterion computed on less than 365 time-steps
    Warning in FUN_CRIT(InputsCrit, OutputsModel, verbose = FALSE) :
     criterion computed on less than 365 time-steps
    Warning in FUN_CRIT(InputsCrit, OutputsModel, verbose = FALSE) :
     criterion computed on less than 365 time-steps
    Warning in FUN_CRIT(InputsCrit, OutputsModel, verbose = FALSE) :
     criterion computed on less than 365 time-steps
    Warning in FUN_CRIT(InputsCrit, OutputsModel, verbose = FALSE) :
     criterion computed on less than 365 time-steps
    Warning in FUN_CRIT(InputsCrit, OutputsModel, verbose = FALSE) :
     criterion computed on less than 365 time-steps
    Warning in FUN_CRIT(InputsCrit, OutputsModel, verbose = FALSE) :
     criterion computed on less than 365 time-steps
    Warning in FUN_CRIT(InputsCrit, OutputsModel, verbose = FALSE) :
     criterion computed on less than 365 time-steps
    Warning in FUN_CRIT(InputsCrit, OutputsModel, verbose = FALSE) :
     criterion computed on less than 365 time-steps
     60%Warning in FUN_CRIT(InputsCrit, OutputsModel, verbose = FALSE) :
     criterion computed on less than 365 time-steps
    Warning in FUN_CRIT(InputsCrit, OutputsModel, verbose = FALSE) :
     criterion computed on less than 365 time-steps
    Warning in FUN_CRIT(InputsCrit, OutputsModel, verbose = FALSE) :
     criterion computed on less than 365 time-steps
    Warning in FUN_CRIT(InputsCrit, OutputsModel, verbose = FALSE) :
     criterion computed on less than 365 time-steps
    Warning in FUN_CRIT(InputsCrit, OutputsModel, verbose = FALSE) :
     criterion computed on less than 365 time-steps
    Warning in FUN_CRIT(InputsCrit, OutputsModel, verbose = FALSE) :
     criterion computed on less than 365 time-steps
    Warning in FUN_CRIT(InputsCrit, OutputsModel, verbose = FALSE) :
     criterion computed on less than 365 time-steps
    Warning in FUN_CRIT(InputsCrit, OutputsModel, verbose = FALSE) :
     criterion computed on less than 365 time-steps
    Warning in FUN_CRIT(InputsCrit, OutputsModel, verbose = FALSE) :
     criterion computed on less than 365 time-steps
    Warning in FUN_CRIT(InputsCrit, OutputsModel, verbose = FALSE) :
     criterion computed on less than 365 time-steps
    Warning in FUN_CRIT(InputsCrit, OutputsModel, verbose = FALSE) :
     criterion computed on less than 365 time-steps
    Warning in FUN_CRIT(InputsCrit, OutputsModel, verbose = FALSE) :
     criterion computed on less than 365 time-steps
    Warning in FUN_CRIT(InputsCrit, OutputsModel, verbose = FALSE) :
     criterion computed on less than 365 time-steps
    Warning in FUN_CRIT(InputsCrit, OutputsModel, verbose = FALSE) :
     criterion computed on less than 365 time-steps
    Warning in FUN_CRIT(InputsCrit, OutputsModel, verbose = FALSE) :
     criterion computed on less than 365 time-steps
    Warning in FUN_CRIT(InputsCrit, OutputsModel, verbose = FALSE) :
     criterion computed on less than 365 time-steps
     80%Warning in FUN_CRIT(InputsCrit, OutputsModel, verbose = FALSE) :
     criterion computed on less than 365 time-steps
    Warning in FUN_CRIT(InputsCrit, OutputsModel, verbose = FALSE) :
     criterion computed on less than 365 time-steps
    Warning in FUN_CRIT(InputsCrit, OutputsModel, verbose = FALSE) :
     criterion computed on less than 365 time-steps
    Warning in FUN_CRIT(InputsCrit, OutputsModel, verbose = FALSE) :
     criterion computed on less than 365 time-steps
    Warning in FUN_CRIT(InputsCrit, OutputsModel, verbose = FALSE) :
     criterion computed on less than 365 time-steps
    Warning in FUN_CRIT(InputsCrit, OutputsModel, verbose = FALSE) :
     criterion computed on less than 365 time-steps
    Warning in FUN_CRIT(InputsCrit, OutputsModel, verbose = FALSE) :
     criterion computed on less than 365 time-steps
    Warning in FUN_CRIT(InputsCrit, OutputsModel, verbose = FALSE) :
     criterion computed on less than 365 time-steps
    Warning in FUN_CRIT(InputsCrit, OutputsModel, verbose = FALSE) :
     criterion computed on less than 365 time-steps
    Warning in FUN_CRIT(InputsCrit, OutputsModel, verbose = FALSE) :
     criterion computed on less than 365 time-steps
    Warning in FUN_CRIT(InputsCrit, OutputsModel, verbose = FALSE) :
     criterion computed on less than 365 time-steps
    Warning in FUN_CRIT(InputsCrit, OutputsModel, verbose = FALSE) :
     criterion computed on less than 365 time-steps
    Warning in FUN_CRIT(InputsCrit, OutputsModel, verbose = FALSE) :
     criterion computed on less than 365 time-steps
    Warning in FUN_CRIT(InputsCrit, OutputsModel, verbose = FALSE) :
     criterion computed on less than 365 time-steps
    Warning in FUN_CRIT(InputsCrit, OutputsModel, verbose = FALSE) :
     criterion computed on less than 365 time-steps
    Warning in FUN_CRIT(InputsCrit, OutputsModel, verbose = FALSE) :
     criterion computed on less than 365 time-steps
    Warning in FUN_CRIT(InputsCrit, OutputsModel, verbose = FALSE) :
     criterion computed on less than 365 time-steps
     100%)
     Screening completed (81 runs)
     Param = 169.017 , -0.020 , 83.096 , 2.384
     Crit NSE[Q] = 0.3333
    Steepest-descent local search in progress
    Warning in FUN_CRIT(InputsCrit, OutputsModel, verbose = FALSE) :
     criterion computed on less than 365 time-steps
    Warning in FUN_CRIT(InputsCrit, OutputsModel, verbose = FALSE) :
     criterion computed on less than 365 time-steps
    Warning in FUN_CRIT(InputsCrit, OutputsModel, verbose = FALSE) :
     criterion computed on less than 365 time-steps
    Warning in FUN_CRIT(InputsCrit, OutputsModel, verbose = FALSE) :
     criterion computed on less than 365 time-steps
    Warning in FUN_CRIT(InputsCrit, OutputsModel, verbose = FALSE) :
     criterion computed on less than 365 time-steps
    Warning in FUN_CRIT(InputsCrit, OutputsModel, verbose = FALSE) :
     criterion computed on less than 365 time-steps
    Warning in FUN_CRIT(InputsCrit, OutputsModel, verbose = FALSE) :
     criterion computed on less than 365 time-steps
    Warning in FUN_CRIT(InputsCrit, OutputsModel, verbose = FALSE) :
     criterion computed on less than 365 time-steps
    Warning in FUN_CRIT(InputsCrit, OutputsModel, verbose = FALSE) :
     criterion computed on less than 365 time-steps
    Warning in FUN_CRIT(InputsCrit, OutputsModel, verbose = FALSE) :
     criterion computed on less than 365 time-steps
    Warning in FUN_CRIT(InputsCrit, OutputsModel, verbose = FALSE) :
     criterion computed on less than 365 time-steps
    Warning in FUN_CRIT(InputsCrit, OutputsModel, verbose = FALSE) :
     criterion computed on less than 365 time-steps
    Warning in FUN_CRIT(InputsCrit, OutputsModel, verbose = FALSE) :
     criterion computed on less than 365 time-steps
    Warning in FUN_CRIT(InputsCrit, OutputsModel, verbose = FALSE) :
     criterion computed on less than 365 time-steps
    Warning in FUN_CRIT(InputsCrit, OutputsModel, verbose = FALSE) :
     criterion computed on less than 365 time-steps
    Warning in FUN_CRIT(InputsCrit, OutputsModel, verbose = FALSE) :
     criterion computed on less than 365 time-steps
    Warning in FUN_CRIT(InputsCrit, OutputsModel, verbose = FALSE) :
     criterion computed on less than 365 time-steps
    Warning in FUN_CRIT(InputsCrit, OutputsModel, verbose = FALSE) :
     criterion computed on less than 365 time-steps
    Warning in FUN_CRIT(InputsCrit, OutputsModel, verbose = FALSE) :
     criterion computed on less than 365 time-steps
    Warning in FUN_CRIT(InputsCrit, OutputsModel, verbose = FALSE) :
     criterion computed on less than 365 time-steps
    Warning in FUN_CRIT(InputsCrit, OutputsModel, verbose = FALSE) :
     criterion computed on less than 365 time-steps
    Warning in FUN_CRIT(InputsCrit, OutputsModel, verbose = FALSE) :
     criterion computed on less than 365 time-steps
    Warning in FUN_CRIT(InputsCrit, OutputsModel, verbose = FALSE) :
     criterion computed on less than 365 time-steps
    Warning in FUN_CRIT(InputsCrit, OutputsModel, verbose = FALSE) :
     criterion computed on less than 365 time-steps
    Warning in FUN_CRIT(InputsCrit, OutputsModel, verbose = FALSE) :
     criterion computed on less than 365 time-steps
    Warning in FUN_CRIT(InputsCrit, OutputsModel, verbose = FALSE) :
     criterion computed on less than 365 time-steps
    Warning in FUN_CRIT(InputsCrit, OutputsModel, verbose = FALSE) :
     criterion computed on less than 365 time-steps
    Warning in FUN_CRIT(InputsCrit, OutputsModel, verbose = FALSE) :
     criterion computed on less than 365 time-steps
    Warning in FUN_CRIT(InputsCrit, OutputsModel, verbose = FALSE) :
     criterion computed on less than 365 time-steps
    Warning in FUN_CRIT(InputsCrit, OutputsModel, verbose = FALSE) :
     criterion computed on less than 365 time-steps
    Warning in FUN_CRIT(InputsCrit, OutputsModel, verbose = FALSE) :
     criterion computed on less than 365 time-steps
    Warning in FUN_CRIT(InputsCrit, OutputsModel, verbose = FALSE) :
     criterion computed on less than 365 time-steps
    Warning in FUN_CRIT(InputsCrit, OutputsModel, verbose = FALSE) :
     criterion computed on less than 365 time-steps
    Warning in FUN_CRIT(InputsCrit, OutputsModel, verbose = FALSE) :
     criterion computed on less than 365 time-steps
    Warning in FUN_CRIT(InputsCrit, OutputsModel, verbose = FALSE) :
     criterion computed on less than 365 time-steps
    Warning in FUN_CRIT(InputsCrit, OutputsModel, verbose = FALSE) :
     criterion computed on less than 365 time-steps
    Warning in FUN_CRIT(InputsCrit, OutputsModel, verbose = FALSE) :
     criterion computed on less than 365 time-steps
    Warning in FUN_CRIT(InputsCrit, OutputsModel, verbose = FALSE) :
     criterion computed on less than 365 time-steps
    Warning in FUN_CRIT(InputsCrit, OutputsModel, verbose = FALSE) :
     criterion computed on less than 365 time-steps
    Warning in FUN_CRIT(InputsCrit, OutputsModel, verbose = FALSE) :
     criterion computed on less than 365 time-steps
    Warning in FUN_CRIT(InputsCrit, OutputsModel, verbose = FALSE) :
     criterion computed on less than 365 time-steps
    Warning in FUN_CRIT(InputsCrit, OutputsModel, verbose = FALSE) :
     criterion computed on less than 365 time-steps
    Warning in FUN_CRIT(InputsCrit, OutputsModel, verbose = FALSE) :
     criterion computed on less than 365 time-steps
    Warning in FUN_CRIT(InputsCrit, OutputsModel, verbose = FALSE) :
     criterion computed on less than 365 time-steps
    Warning in FUN_CRIT(InputsCrit, OutputsModel, verbose = FALSE) :
     criterion computed on less than 365 time-steps
    Warning in FUN_CRIT(InputsCrit, OutputsModel, verbose = FALSE) :
     criterion computed on less than 365 time-steps
    Warning in FUN_CRIT(InputsCrit, OutputsModel, verbose = FALSE) :
     criterion computed on less than 365 time-steps
    Warning in FUN_CRIT(InputsCrit, OutputsModel, verbose = FALSE) :
     criterion computed on less than 365 time-steps
    Warning in FUN_CRIT(InputsCrit, OutputsModel, verbose = FALSE) :
     criterion computed on less than 365 time-steps
    Warning in FUN_CRIT(InputsCrit, OutputsModel, verbose = FALSE) :
     criterion computed on less than 365 time-steps
    Warning in FUN_CRIT(InputsCrit, OutputsModel, verbose = FALSE) :
     criterion computed on less than 365 time-steps
    Warning in FUN_CRIT(InputsCrit, OutputsModel, verbose = FALSE) :
     criterion computed on less than 365 time-steps
    Killed
Flavor: r-release-linux-x86_64