CRAN Package Check Results for Package VBLPCM

Last updated on 2018-06-22 02:49:45 CEST.

Flavor Version Tinstall Tcheck Ttotal Status Flags
r-devel-linux-x86_64-debian-clang 2.4.4 11.62 68.68 80.30 NOTE
r-devel-linux-x86_64-debian-gcc 2.4.4 7.95 61.51 69.46 NOTE
r-devel-linux-x86_64-fedora-clang 2.4.4 103.72 NOTE
r-devel-linux-x86_64-fedora-gcc 2.4.4 98.80 NOTE
r-devel-windows-ix86+x86_64 2.4.4 24.00 180.00 204.00 OK
r-patched-linux-x86_64 2.4.4 10.07 68.76 78.83 NOTE
r-patched-solaris-x86 2.4.4 135.70 OK
r-release-linux-x86_64 2.4.4 8.79 68.76 77.55 NOTE
r-release-windows-ix86+x86_64 2.4.4 22.00 121.00 143.00 OK
r-release-osx-x86_64 2.4.4 OK
r-oldrel-windows-ix86+x86_64 2.4.4 21.00 122.00 143.00 OK
r-oldrel-osx-x86_64 2.4.4 OK

Check Details

Version: 2.4.4
Check: compiled code
Result: NOTE
    File ‘VBLPCM/libs/VBLPCM.so’:
     Found no calls to: ‘R_registerRoutines’, ‘R_useDynamicSymbols’
    
    It is good practice to register native routines and to disable symbol
    search.
    
    See ‘Writing portable packages’ in the ‘Writing R Extensions’ manual.
Flavors: r-devel-linux-x86_64-debian-clang, r-devel-linux-x86_64-debian-gcc, r-devel-linux-x86_64-fedora-clang, r-devel-linux-x86_64-fedora-gcc, r-patched-linux-x86_64, r-release-linux-x86_64