CRAN Package Check Results for Package MFKnockoffs

Last updated on 2018-05-24 02:48:30 CEST.

Flavor Version Tinstall Tcheck Ttotal Status Flags
r-devel-linux-x86_64-debian-clang 0.9.1 1.30 751.26 752.56 WARN
r-devel-linux-x86_64-debian-gcc 0.9.1 1.66 683.80 685.46 OK
r-devel-linux-x86_64-fedora-clang 0.9.1 1159.35 OK
r-devel-linux-x86_64-fedora-gcc 0.9.1 1164.19 OK
r-devel-windows-ix86+x86_64 0.9.1 4.00 867.00 871.00 NOTE
r-patched-linux-x86_64 0.9.1 1.74 752.30 754.04 WARN
r-patched-solaris-x86 0.9.1 2418.10 WARN
r-release-linux-x86_64 0.9.1 1.40 752.74 754.14 WARN
r-release-windows-ix86+x86_64 0.9.1 5.00 1029.00 1034.00 NOTE
r-release-osx-x86_64 0.9.1 FAIL
r-oldrel-windows-ix86+x86_64 0.9.1 4.00 1174.00 1178.00 NOTE
r-oldrel-osx-x86_64 0.9.1 OK

Check Details

Version: 0.9.1
Check: re-building of vignette outputs
Result: WARN
    Error in re-building vignettes:
     ...
    Loading required package: Matrix
    Loading required package: foreach
    Loaded glmnet 2.0-16
    
    Killed
Flavors: r-devel-linux-x86_64-debian-clang, r-patched-linux-x86_64, r-release-linux-x86_64

Version: 0.9.1
Check: package dependencies
Result: NOTE
    Package suggested but not available for checking: 'doMC'
Flavors: r-devel-windows-ix86+x86_64, r-release-windows-ix86+x86_64, r-oldrel-windows-ix86+x86_64

Version: 0.9.1
Check: re-building of vignette outputs
Result: WARN
    Error in re-building vignettes:
     ...
    Warning in engine$weave(file, quiet = quiet, encoding = enc) :
     Pandoc (>= 1.12.3) and/or pandoc-citeproc not available. Falling back to R Markdown v1.
    Loading required package: Matrix
    Loading required package: foreach
    Loaded glmnet 2.0-16
Flavor: r-patched-solaris-x86

Version: 0.9.1
Check: re-building of vignette outputs
Result: WARN
    Error in re-building vignettes:
     ...
    Warning in engine$weave(file, quiet = quiet, encoding = enc) :
     Pandoc (>= 1.12.3) and/or pandoc-citeproc not available. Falling back to R Markdown v1.
    Loading required package: Matrix
    Loading required package: foreach
    Loaded glmnet 2.0-16
    
    
    Execution halted
Flavor: r-release-osx-x86_64

Version: 0.9.1
Check: PDF version of manual
Result: FAIL
    
Flavor: r-release-osx-x86_64