CRAN Package Check Results for Package MFKnockoffs

Last updated on 2018-10-21 02:46:34 CEST.

Flavor Version Tinstall Tcheck Ttotal Status Flags
r-devel-linux-x86_64-debian-clang 0.9.1 1.99 764.28 766.27 WARN
r-devel-linux-x86_64-debian-gcc 0.9.1 1.75 683.93 685.68 OK
r-devel-linux-x86_64-fedora-clang 0.9.1 1157.38 OK
r-devel-linux-x86_64-fedora-gcc 0.9.1 1159.77 OK
r-devel-windows-ix86+x86_64 0.9.1 6.00 1127.00 1133.00 NOTE
r-patched-linux-x86_64 0.9.1 2.13 755.86 757.99 WARN
r-patched-solaris-x86 0.9.1 2501.10 WARN
r-release-linux-x86_64 0.9.1 1.81 756.47 758.28 WARN
r-release-windows-ix86+x86_64 0.9.1 6.00 1109.00 1115.00 NOTE
r-release-osx-x86_64 0.9.1 FAIL
r-oldrel-windows-ix86+x86_64 0.9.1 3.00 1095.00 1098.00 NOTE
r-oldrel-osx-x86_64 0.9.1 OK

Check Details

Version: 0.9.1
Check: re-building of vignette outputs
Result: WARN
    Error in re-building vignettes:
     ...
    Loading required package: Matrix
    Loading required package: foreach
    Loaded glmnet 2.0-16
    
    Killed
Flavors: r-devel-linux-x86_64-debian-clang, r-patched-linux-x86_64, r-release-linux-x86_64

Version: 0.9.1
Check: package dependencies
Result: NOTE
    Package suggested but not available for checking: 'doMC'
Flavors: r-devel-windows-ix86+x86_64, r-release-windows-ix86+x86_64, r-oldrel-windows-ix86+x86_64

Version: 0.9.1
Check: re-building of vignette outputs
Result: WARN
    Error in re-building vignettes:
     ...
    Warning in engine$weave(file, quiet = quiet, encoding = enc) :
     Pandoc (>= 1.12.3) and/or pandoc-citeproc not available. Falling back to R Markdown v1.
    Loading required package: Matrix
    Loading required package: foreach
    Loaded glmnet 2.0-16
Flavor: r-patched-solaris-x86

Version: 0.9.1
Check: re-building of vignette outputs
Result: WARN
    Error in re-building vignettes:
     ...
    Warning in engine$weave(file, quiet = quiet, encoding = enc) :
     Pandoc (>= 1.12.3) and/or pandoc-citeproc not available. Falling back to R Markdown v1.
    Loading required package: Matrix
    Loading required package: foreach
    Loaded glmnet 2.0-16
    
    
    Execution halted
Flavor: r-release-osx-x86_64

Version: 0.9.1
Check: PDF version of manual
Result: FAIL
    
Flavor: r-release-osx-x86_64