CRAN Package Check Results for Package MFKnockoffs

Last updated on 2018-08-16 02:47:38 CEST.

Flavor Version Tinstall Tcheck Ttotal Status Flags
r-devel-linux-x86_64-debian-clang 0.9.1 2.24 763.58 765.82 WARN
r-devel-linux-x86_64-debian-gcc 0.9.1 1.46 674.73 676.19 OK
r-devel-linux-x86_64-fedora-clang 0.9.1 1183.25 OK
r-devel-linux-x86_64-fedora-gcc 0.9.1 1165.44 OK
r-devel-windows-ix86+x86_64 0.9.1 4.00 876.00 880.00 NOTE
r-patched-linux-x86_64 0.9.1 2.03 757.89 759.92 WARN
r-patched-solaris-x86 0.9.1 2401.40 WARN
r-release-linux-x86_64 0.9.1 1.52 756.77 758.29 WARN
r-release-windows-ix86+x86_64 0.9.1 6.00 1148.00 1154.00 NOTE
r-release-osx-x86_64 0.9.1 FAIL
r-oldrel-windows-ix86+x86_64 0.9.1 5.00 1047.00 1052.00 NOTE
r-oldrel-osx-x86_64 0.9.1 OK

Check Details

Version: 0.9.1
Check: re-building of vignette outputs
Result: WARN
    Error in re-building vignettes:
     ...
    Loading required package: Matrix
    Loading required package: foreach
    Loaded glmnet 2.0-16
    
    Killed
Flavors: r-devel-linux-x86_64-debian-clang, r-patched-linux-x86_64, r-release-linux-x86_64

Version: 0.9.1
Check: package dependencies
Result: NOTE
    Package suggested but not available for checking: 'doMC'
Flavors: r-devel-windows-ix86+x86_64, r-release-windows-ix86+x86_64, r-oldrel-windows-ix86+x86_64

Version: 0.9.1
Check: re-building of vignette outputs
Result: WARN
    Error in re-building vignettes:
     ...
    Warning in engine$weave(file, quiet = quiet, encoding = enc) :
     Pandoc (>= 1.12.3) and/or pandoc-citeproc not available. Falling back to R Markdown v1.
    Loading required package: Matrix
    Loading required package: foreach
    Loaded glmnet 2.0-16
Flavor: r-patched-solaris-x86

Version: 0.9.1
Check: re-building of vignette outputs
Result: WARN
    Error in re-building vignettes:
     ...
    Warning in engine$weave(file, quiet = quiet, encoding = enc) :
     Pandoc (>= 1.12.3) and/or pandoc-citeproc not available. Falling back to R Markdown v1.
    Loading required package: Matrix
    Loading required package: foreach
    Loaded glmnet 2.0-16
    
    
    Execution halted
Flavor: r-release-osx-x86_64

Version: 0.9.1
Check: PDF version of manual
Result: FAIL
    
Flavor: r-release-osx-x86_64