CRAN Package Check Results for Package MFKnockoffs

Last updated on 2018-02-24 02:50:49 CET.

Flavor Version Tinstall Tcheck Ttotal Status Flags
r-devel-linux-x86_64-debian-clang 0.9.1 2.32 735.56 737.88 WARN
r-devel-linux-x86_64-debian-gcc 0.9.1 1.24 701.79 703.03 OK
r-devel-linux-x86_64-fedora-clang 0.9.1 1152.00 OK
r-devel-linux-x86_64-fedora-gcc 0.9.1 1217.69 OK
r-devel-windows-ix86+x86_64 0.9.1 6.00 1083.00 1089.00 NOTE
r-patched-linux-x86_64 0.9.1 0.99 728.41 729.40 WARN
r-patched-solaris-x86 0.9.1 2299.10 WARN
r-release-linux-x86_64 0.9.1 1.18 729.30 730.48 WARN
r-release-windows-ix86+x86_64 0.9.1 6.00 1091.00 1097.00 NOTE
r-release-osx-x86_64 0.9.1 OK
r-oldrel-windows-ix86+x86_64 0.9.1 3.00 887.00 890.00 NOTE
r-oldrel-osx-x86_64 0.9.1 OK

Check Details

Version: 0.9.1
Check: re-building of vignette outputs
Result: WARN
    Error in re-building vignettes:
     ...
    Loading required package: Matrix
    Loading required package: foreach
    Loaded glmnet 2.0-13
    
    Killed
Flavors: r-devel-linux-x86_64-debian-clang, r-patched-linux-x86_64, r-release-linux-x86_64

Version: 0.9.1
Check: package dependencies
Result: NOTE
    Package suggested but not available for checking: 'doMC'
Flavors: r-devel-windows-ix86+x86_64, r-release-windows-ix86+x86_64, r-oldrel-windows-ix86+x86_64

Version: 0.9.1
Check: re-building of vignette outputs
Result: WARN
    Error in re-building vignettes:
     ...
    Warning in engine$weave(file, quiet = quiet, encoding = enc) :
     Pandoc (>= 1.12.3) and/or pandoc-citeproc not available. Falling back to R Markdown v1.
    Loading required package: Matrix
    Loading required package: foreach
    Loaded glmnet 2.0-13
Flavor: r-patched-solaris-x86