CRAN Package Check Results for Package InformativeCensoring

Last updated on 2018-09-23 02:47:46 CEST.

Flavor Version Tinstall Tcheck Ttotal Status Flags
r-devel-linux-x86_64-debian-clang 0.3.4 8.04 600.00 608.04 OK
r-devel-linux-x86_64-debian-gcc 0.3.4 5.61 462.25 467.86 OK
r-devel-linux-x86_64-fedora-clang 0.3.4 703.93 OK
r-devel-linux-x86_64-fedora-gcc 0.3.4 689.55 OK
r-devel-windows-ix86+x86_64 0.3.4 20.00 301.00 321.00 OK --no-vignettes
r-patched-linux-x86_64 0.3.4 5.32 595.63 600.95 OK
r-patched-solaris-x86 0.3.4 800.50 OK
r-release-linux-x86_64 0.3.4 6.12 581.52 587.64 OK
r-release-windows-ix86+x86_64 0.3.4 11.00 374.00 385.00 OK --no-vignettes
r-release-osx-x86_64 0.3.4 OK
r-oldrel-windows-ix86+x86_64 0.3.4 9.00 380.00 389.00 OK --no-vignettes
r-oldrel-osx-x86_64 0.3.4 WARN

Check Details

Version: 0.3.4
Check: re-building of vignette outputs
Result: WARN
    Error in re-building vignettes:
     ...
     unable to find LaTeX package 'framed'; will use a copy from knitr
    Loading required package: survival
    
    Attaching package: 'InformativeCensoring'
    
    The following object is masked from 'package:survival':
    
     cox.zph
    
    Error in texi2dvi(file = file, pdf = TRUE, clean = clean, quiet = quiet, :
     Running 'texi2dvi' on 'gamma_imputation_Jackson_2014.tex' failed.
    LaTeX errors:
    ! LaTeX Error: File `authblk.sty' not found.
    
    Type X to quit or <RETURN> to proceed,
    or enter new name. (Default extension: sty)
    
    ! Emergency stop.
    <read *>
    
    l.57 \usepackage
     {amsmath}^^M
    ! ==> Fatal error occurred, no output PDF file produced!
    Calls: buildVignettes -> texi2pdf -> texi2dvi
    Execution halted
Flavor: r-oldrel-osx-x86_64