CRAN Package Check Results for Package FreeSortR

Last updated on 2018-10-21 02:46:27 CEST.

Flavor Version Tinstall Tcheck Ttotal Status Flags
r-devel-linux-x86_64-debian-clang 1.3 11.33 118.66 129.99 OK
r-devel-linux-x86_64-debian-gcc 1.3 9.21 93.62 102.83 OK
r-devel-linux-x86_64-fedora-clang 1.3 154.37 OK
r-devel-linux-x86_64-fedora-gcc 1.3 146.89 OK
r-devel-windows-ix86+x86_64 1.3 35.00 203.00 238.00 OK
r-patched-linux-x86_64 1.3 7.77 97.70 105.47 OK
r-patched-solaris-x86 1.3 191.80 OK
r-release-linux-x86_64 1.3 0.39 1.90 2.29 ERROR
r-release-windows-ix86+x86_64 1.3 33.00 158.00 191.00 OK
r-release-osx-x86_64 1.3 OK
r-oldrel-windows-ix86+x86_64 1.3 19.00 156.00 175.00 OK
r-oldrel-osx-x86_64 1.3 OK

Check Details

Version: 1.3
Check: package dependencies
Result: ERROR
    Package required but not available: ‘smacof’
    
    See section ‘The DESCRIPTION file’ in the ‘Writing R Extensions’
    manual.
Flavor: r-release-linux-x86_64