CRAN Package Check Results for Package EasyABC

Last updated on 2018-09-20 02:46:23 CEST.

Flavor Version Tinstall Tcheck Ttotal Status Flags
r-devel-linux-x86_64-debian-clang 1.5 12.96 91.93 104.89 NOTE
r-devel-linux-x86_64-debian-gcc 1.5 11.54 73.28 84.82 NOTE
r-devel-linux-x86_64-fedora-clang 1.5 134.39 NOTE
r-devel-linux-x86_64-fedora-gcc 1.5 120.60 NOTE
r-devel-windows-ix86+x86_64 1.5 23.00 165.00 188.00 OK
r-patched-linux-x86_64 1.5 12.97 80.47 93.44 NOTE
r-patched-solaris-x86 1.5 154.60 OK
r-release-linux-x86_64 1.5 11.42 79.53 90.95 NOTE
r-release-windows-ix86+x86_64 1.5 30.00 118.00 148.00 OK
r-release-osx-x86_64 1.5 OK
r-oldrel-windows-ix86+x86_64 1.5 13.00 148.00 161.00 OK
r-oldrel-osx-x86_64 1.5 OK

Check Details

Version: 1.5
Check: compiled code
Result: NOTE
    File ‘EasyABC/libs/EasyABC.so’:
     Found no calls to: ‘R_registerRoutines’, ‘R_useDynamicSymbols’
    
    It is good practice to register native routines and to disable symbol
    search.
    
    See ‘Writing portable packages’ in the ‘Writing R Extensions’ manual.
Flavors: r-devel-linux-x86_64-debian-clang, r-devel-linux-x86_64-debian-gcc, r-devel-linux-x86_64-fedora-clang, r-devel-linux-x86_64-fedora-gcc, r-patched-linux-x86_64, r-release-linux-x86_64