CRAN Package Check Results for Package EBEN

Last updated on 2018-06-22 02:49:17 CEST.

Flavor Version Tinstall Tcheck Ttotal Status Flags
r-devel-linux-x86_64-debian-clang 4.6 7.10 22.40 29.50 NOTE
r-devel-linux-x86_64-debian-gcc 4.6 5.69 19.93 25.62 NOTE
r-devel-linux-x86_64-fedora-clang 4.6 38.34 NOTE
r-devel-linux-x86_64-fedora-gcc 4.6 35.72 NOTE
r-devel-windows-ix86+x86_64 4.6 22.00 62.00 84.00 OK
r-patched-linux-x86_64 4.6 7.04 23.99 31.03 NOTE
r-patched-solaris-x86 4.6 63.60 OK
r-release-linux-x86_64 4.6 6.56 23.72 30.28 NOTE
r-release-windows-ix86+x86_64 4.6 21.00 60.00 81.00 OK
r-release-osx-x86_64 4.6 OK
r-oldrel-windows-ix86+x86_64 4.6 17.00 42.00 59.00 OK
r-oldrel-osx-x86_64 4.6 OK

Check Details

Version: 4.6
Check: compiled code
Result: NOTE
    File ‘EBEN/libs/EBEN.so’:
     Found no calls to: ‘R_registerRoutines’, ‘R_useDynamicSymbols’
    
    It is good practice to register native routines and to disable symbol
    search.
    
    See ‘Writing portable packages’ in the ‘Writing R Extensions’ manual.
Flavors: r-devel-linux-x86_64-debian-clang, r-devel-linux-x86_64-debian-gcc, r-devel-linux-x86_64-fedora-clang, r-devel-linux-x86_64-fedora-gcc, r-patched-linux-x86_64, r-release-linux-x86_64