CRAN Package Check Results for Package EBEN

Last updated on 2018-09-20 02:46:23 CEST.

Flavor Version Tinstall Tcheck Ttotal Status Flags
r-devel-linux-x86_64-debian-clang 4.6 7.29 25.36 32.65 NOTE
r-devel-linux-x86_64-debian-gcc 4.6 5.01 20.60 25.61 NOTE
r-devel-linux-x86_64-fedora-clang 4.6 39.64 NOTE
r-devel-linux-x86_64-fedora-gcc 4.6 37.65 NOTE
r-devel-windows-ix86+x86_64 4.6 16.00 46.00 62.00 OK
r-patched-linux-x86_64 4.6 6.07 23.67 29.74 NOTE
r-patched-solaris-x86 4.6 63.00 OK
r-release-linux-x86_64 4.6 5.46 23.97 29.43 NOTE
r-release-windows-ix86+x86_64 4.6 21.00 60.00 81.00 OK
r-release-osx-x86_64 4.6 OK
r-oldrel-windows-ix86+x86_64 4.6 17.00 42.00 59.00 OK
r-oldrel-osx-x86_64 4.6 OK

Check Details

Version: 4.6
Check: compiled code
Result: NOTE
    File ‘EBEN/libs/EBEN.so’:
     Found no calls to: ‘R_registerRoutines’, ‘R_useDynamicSymbols’
    
    It is good practice to register native routines and to disable symbol
    search.
    
    See ‘Writing portable packages’ in the ‘Writing R Extensions’ manual.
Flavors: r-devel-linux-x86_64-debian-clang, r-devel-linux-x86_64-debian-gcc, r-devel-linux-x86_64-fedora-clang, r-devel-linux-x86_64-fedora-gcc, r-patched-linux-x86_64, r-release-linux-x86_64