CRAN Package Check Results for Package BALCONY

Last updated on 2018-10-23 02:46:53 CEST.

Flavor Version Tinstall Tcheck Ttotal Status Flags
r-devel-linux-x86_64-debian-clang 0.2.8 12.69 172.19 184.88 OK
r-devel-linux-x86_64-debian-gcc 0.2.8 10.04 133.82 143.86 OK
r-devel-linux-x86_64-fedora-clang 0.2.8 217.44 NOTE
r-devel-linux-x86_64-fedora-gcc 0.2.8 209.16 NOTE
r-devel-windows-ix86+x86_64 0.2.8 33.00 225.00 258.00 OK
r-patched-linux-x86_64 0.2.8 8.44 147.13 155.57 OK
r-patched-solaris-x86 0.2.8 270.00 NOTE
r-release-linux-x86_64 0.2.8 8.17 146.08 154.25 OK
r-release-windows-ix86+x86_64 0.2.8 31.00 222.00 253.00 OK
r-release-osx-x86_64 0.2.8 WARN
r-oldrel-windows-ix86+x86_64 0.2.8 18.00 178.00 196.00 OK
r-oldrel-osx-x86_64 0.2.8 WARN

Check Details

Version: 0.2.8
Check: dependencies in R code
Result: NOTE
    Namespace in Imports field not imported from: ‘base’
     All declared Imports should be used.
Flavors: r-devel-linux-x86_64-fedora-clang, r-devel-linux-x86_64-fedora-gcc, r-patched-solaris-x86, r-release-osx-x86_64, r-oldrel-osx-x86_64

Version: 0.2.8
Check: whether package can be installed
Result: WARN
    Found the following significant warnings:
     Warning: 'rgl_init' failed, running with rgl.useNULL = TRUE
Flavors: r-release-osx-x86_64, r-oldrel-osx-x86_64