CRAN Package Check Results for Package BALCONY

Last updated on 2018-07-15 02:46:46 CEST.

Flavor Version Tinstall Tcheck Ttotal Status Flags
r-devel-linux-x86_64-debian-clang 0.2.7 11.67 166.94 178.61 OK
r-devel-linux-x86_64-debian-gcc 0.2.7 10.99 130.56 141.55 OK
r-devel-linux-x86_64-fedora-clang 0.2.7 208.84 NOTE
r-devel-linux-x86_64-fedora-gcc 0.2.7 206.54 NOTE
r-devel-windows-ix86+x86_64 0.2.7 32.00 180.00 212.00 OK
r-patched-linux-x86_64 0.2.7 10.41 142.78 153.19 OK
r-patched-solaris-x86 0.2.7 274.40 NOTE
r-release-linux-x86_64 0.2.7 10.30 147.10 157.40 OK
r-release-windows-ix86+x86_64 0.2.7 20.00 159.00 179.00 OK
r-release-osx-x86_64 0.2.7 NOTE
r-oldrel-windows-ix86+x86_64 0.2.7 18.00 146.00 164.00 OK
r-oldrel-osx-x86_64 0.2.7 WARN

Check Details

Version: 0.2.7
Check: dependencies in R code
Result: NOTE
    Namespace in Imports field not imported from: ‘base’
     All declared Imports should be used.
Flavors: r-devel-linux-x86_64-fedora-clang, r-devel-linux-x86_64-fedora-gcc, r-patched-solaris-x86, r-release-osx-x86_64, r-oldrel-osx-x86_64

Version: 0.2.7
Check: whether package can be installed
Result: WARN
    Found the following significant warnings:
     Warning: 'rgl_init' failed, running with rgl.useNULL = TRUE
Flavor: r-oldrel-osx-x86_64