CRAN Package Check Results for Package BALCONY

Last updated on 2018-04-27 02:54:24 CEST.

Flavor Version Tinstall Tcheck Ttotal Status Flags
r-devel-linux-x86_64-debian-clang 0.2.0 8.77 127.32 136.09 OK
r-devel-linux-x86_64-debian-gcc 0.2.0 8.81 109.01 117.82 OK
r-devel-linux-x86_64-fedora-clang 0.2.0 184.12 NOTE
r-devel-linux-x86_64-fedora-gcc 0.2.0 176.85 NOTE
r-devel-windows-ix86+x86_64 0.2.0 25.00 199.00 224.00 OK
r-patched-linux-x86_64 0.2.0 8.80 139.40 148.20 OK
r-patched-solaris-x86 0.2.0 260.40 NOTE
r-release-linux-x86_64 0.2.0 9.03 138.13 147.16 OK
r-release-windows-ix86+x86_64 0.2.0 25.00 199.00 224.00 OK
r-release-osx-x86_64 0.2.0 NOTE
r-oldrel-windows-ix86+x86_64 0.2.0 17.00 136.00 153.00 OK
r-oldrel-osx-x86_64 0.2.0 NOTE

Check Details

Version: 0.2.0
Check: dependencies in R code
Result: NOTE
    Namespace in Imports field not imported from: ‘base’
     All declared Imports should be used.
Flavors: r-devel-linux-x86_64-fedora-clang, r-devel-linux-x86_64-fedora-gcc, r-patched-solaris-x86, r-release-osx-x86_64, r-oldrel-osx-x86_64